-- Table structure for table `design_change`
--

CREATE TABLE `design_change` (
  `design_change_id` int NOT NULL COMMENT 'Design Change ID',
  `store_id` smallint unsigned NOT NULL DEFAULT '0' COMMENT 'Store ID',
  `design` varchar(255) DEFAULT NULL COMMENT 'Design',
  `date_from` date DEFAULT NULL COMMENT 'First Date of Design Activity',
  `date_to` date DEFAULT NULL COMMENT 'Last Date of Design Activity'
) ENGINE=InnoDB DEFAULT CHARSET=utf8mb3 COMMENT='Design Changes';

--
-- Dumping data for table `design_change`
--


--
-- Table structure for table `design_config_grid_flat`
--

CREATE TABLE `design_config_grid_flat` (
  `entity_id` int unsigned NOT NULL COMMENT 'Entity ID',
  `store_website_id` int DEFAULT NULL COMMENT 'Store_website_id',
  `store_group_id` int DEFAULT NULL COMMENT 'Store_group_id',
  `store_id` int DEFAULT NULL COMMENT 'Store_id',
  `theme_theme_id` varchar(255) DEFAULT NULL COMMENT 'Theme_theme_id'
) ENGINE=InnoDB DEFAULT CHARSET=utf8mb3 COMMENT='design_config_grid_flat';

--
-- Dumping data for table `design_config_grid_flat`
--

INSERT INTO `design_config_grid_flat` VALUES (0,NULL,NULL,NULL,''),(1,1,NULL,NULL,''),(2,1,1,1,'4'),(3,2,NULL,NULL,''),(4,2,2,2,'6'),(5,3,NULL,NULL,''),(6,3,3,3,'5'),(7,4,NULL,NULL,''),(8,4,4,4,'7'),(9,5,NULL,NULL,''),(10,5,5,5,'8');

--
-- Table structure for table `directory_country`
--

CREATE TABLE `directory_country` (
  `country_id` varchar(2) NOT NULL COMMENT 'Country ID in ISO-2',
  `iso2_code` varchar(2) DEFAULT NULL COMMENT 'Country ISO-2 format',
  `iso3_code` varchar(3) DEFAULT NULL COMMENT 'Country ISO-3'
) ENGINE=InnoDB DEFAULT CHARSET=utf8mb3 COMMENT='Directory Country';

--
-- Dumping data for table `directory_country`
--

INSERT INTO `directory_country` VALUES ('AD','AD','AND'),('AE','AE','ARE'),('AF','AF','AFG'),('AG','AG','ATG'),('AI','AI','AIA'),('AL','AL','ALB'),('AM','AM','ARM'),('AN','AN','ANT'),('AO','AO','AGO'),('AQ','AQ','ATA'),('AR','AR','ARG'),('AS','AS','ASM'),('AT','AT','AUT'),('AU','AU','AUS'),('AW','AW','ABW'),('AX','AX','ALA'),('AZ','AZ','AZE'),('BA','BA','BIH'),('BB','BB','BRB'),('BD','BD','BGD'),('BE','BE','BEL'),('BF','BF','BFA'),('BG','BG','BGR'),('BH','BH','BHR'),('BI','BI','BDI'),('BJ','BJ','BEN'),('BL','BL','BLM'),('BM','BM','BMU'),('BN','BN','BRN'),('BO','BO','BOL'),('BQ','BQ','BES'),('BR','BR','BRA'),('BS','BS','BHS'),('BT','BT','BTN'),('BV','BV','BVT'),('BW','BW','BWA'),('BY','BY','BLR'),('BZ','BZ','BLZ'),('CA','CA','CAN'),('CC','CC','CCK'),('CD','CD','COD'),('CF','CF','CAF'),('CG','CG','COG'),('CH','CH','CHE'),('CI','CI','CIV'),('CK','CK','COK'),('CL','CL','CHL'),('CM','CM','CMR'),('CN','CN','CHN'),('CO','CO','COL'),('CR','CR','CRI'),('CU','CU','CUB'),('CV','CV','CPV'),('CW','CW','CUW'),('CX','CX','CXR'),('CY','CY','CYP'),('CZ','CZ','CZE'),('DE','DE','DEU'),('DJ','DJ','DJI'),('DK','DK','DNK'),('DM','DM','DMA'),('DO','DO','DOM'),('DZ','DZ','DZA'),('EC','EC','ECU'),('EE','EE','EST'),('EG','EG','EGY'),('EH','EH','ESH'),('ER','ER','ERI'),('ES','ES','ESP'),('ET','ET','ETH'),('FI','FI','FIN'),('FJ','FJ','FJI'),('FK','FK','FLK'),('FM','FM','FSM'),('FO','FO','FRO'),('FR','FR','FRA'),('GA','GA','GAB'),('GB','GB','GBR'),('GD','GD','GRD'),('GE','GE','GEO'),('GF','GF','GUF'),('GG','GG','GGY'),('GH','GH','GHA'),('GI','GI','GIB'),('GL','GL','GRL'),('GM','GM','GMB'),('GN','GN','GIN'),('GP','GP','GLP'),('GQ','GQ','GNQ'),('GR','GR','GRC'),('GS','GS','SGS'),('GT','GT','GTM'),('GU','GU','GUM'),('GW','GW','GNB'),('GY','GY','GUY'),('HK','HK','HKG'),('HM','HM','HMD'),('HN','HN','HND'),('HR','HR','HRV'),('HT','HT','HTI'),('HU','HU','HUN'),('ID','ID','IDN'),('IE','IE','IRL'),('IL','IL','ISR'),('IM','IM','IMN'),('IN','IN','IND'),('IO','IO','IOT'),('IQ','IQ','IRQ'),('IR','IR','IRN'),('IS','IS','ISL'),('IT','IT','ITA'),('JE','JE','JEY'),('JM','JM','JAM'),('JO','JO','JOR'),('JP','JP','JPN'),('KE','KE','KEN'),('KG','KG','KGZ'),('KH','KH','KHM'),('KI','KI','KIR'),('KM','KM','COM'),('KN','KN','KNA'),('KP','KP','PRK'),('KR','KR','KOR'),('KW','KW','KWT'),('KY','KY','CYM'),('KZ','KZ','KAZ'),('LA','LA','LAO'),('LB','LB','LBN'),('LC','LC','LCA'),('LI','LI','LIE'),('LK','LK','LKA'),('LR','LR','LBR'),('LS','LS','LSO'),('LT','LT','LTU'),('LU','LU','LUX'),('LV','LV','LVA'),('LY','LY','LBY'),('MA','MA','MAR'),('MC','MC','MCO'),('MD','MD','MDA'),('ME','ME','MNE'),('MF','MF','MAF'),('MG','MG','MDG'),('MH','MH','MHL'),('MK','MK','MKD'),('ML','ML','MLI'),('MM','MM','MMR'),('MN','MN','MNG'),('MO','MO','MAC'),('MP','MP','MNP'),('MQ','MQ','MTQ'),('MR','MR','MRT'),('MS','MS','MSR'),('MT','MT','MLT'),('MU','MU','MUS'),('MV','MV','MDV'),('MW','MW','MWI'),('MX','MX','MEX'),('MY','MY','MYS'),('MZ','MZ','MOZ'),('NA','NA','NAM'),('NC','NC','NCL'),('NE','NE','NER'),('NF','NF','NFK'),('NG','NG','NGA'),('NI','NI','NIC'),('NL','NL','NLD'),('NO','NO','NOR'),('NP','NP','NPL'),('NR','NR','NRU'),('NU','NU','NIU'),('NZ','NZ','NZL'),('OM','OM','OMN'),('PA','PA','PAN'),('PE','PE','PER'),('PF','PF','PYF'),('PG','PG','PNG'),('PH','PH','PHL'),('PK','PK','PAK'),('PL','PL','POL'),('PM','PM','SPM'),('PN','PN','PCN'),('PS','PS','PSE'),('PT','PT','PRT'),('PW','PW','PLW'),('PY','PY','PRY'),('QA','QA','QAT'),('RE','RE','REU'),('RO','RO','ROU'),('RS','RS','SRB'),('RU','RU','RUS'),('RW','RW','RWA'),('SA','SA','SAU'),('SB','SB','SLB'),('SC','SC','SYC'),('SD','SD','SDN'),('SE','SE','SWE'),('SG','SG','SGP'),('SH','SH','SHN'),('SI','SI','SVN'),('SJ','SJ','SJM'),('SK','SK','SVK'),('SL','SL','SLE'),('SM','SM','SMR'),('SN','SN','SEN'),('SO','SO','SOM'),('SR','SR','SUR'),('ST','ST','STP'),('SV','SV','SLV'),('SX','SX','SXM'),('SY','SY','SYR'),('SZ','SZ','SWZ'),('TC','TC','TCA'),('TD','TD','TCD'),('TF','TF','ATF'),('TG','TG','TGO'),('TH','TH','THA'),('TJ','TJ','TJK'),('TK','TK','TKL'),('TL','TL','TLS'),('TM','TM','TKM'),('TN','TN','TUN'),('TO','TO','TON'),('TR','TR','TUR'),('TT','TT','TTO'),('TV','TV','TUV'),('TW','TW','TWN'),('TZ','TZ','TZA'),('UA','UA','UKR'),('UG','UG','UGA'),('UM','UM','UMI'),('US','US','USA'),('UY','UY','URY'),('UZ','UZ','UZB'),('VA','VA','VAT'),('VC','VC','VCT'),('VE','VE','VEN'),('VG','VG','VGB'),('VI','VI','VIR'),('VN','VN','VNM'),('VU','VU','VUT'),('WF','WF','WLF'),('WS','WS','WSM'),('XK','XK','XKX'),('YE','YE','YEM'),('YT','YT','MYT'),('ZA','ZA','ZAF'),('ZM','ZM','ZMB'),('ZW','ZW','ZWE');

--
-- Table structure for table `directory_country_format`
--

CREATE TABLE `directory_country_format` (
  `country_format_id` int unsigned NOT NULL COMMENT 'Country Format ID',
  `country_id` varchar(2) DEFAULT NULL COMMENT 'Country ID in ISO-2',
  `type` varchar(30) DEFAULT NULL COMMENT 'Country Format Type',
  `format` text NOT NULL COMMENT 'Country Format'
) ENGINE=InnoDB DEFAULT CHARSET=utf8mb3 COMMENT='Directory Country Format';

--
-- Dumping data for table `directory_country_format`
--


--
-- Table structure for table `directory_country_region`
--

CREATE TABLE `directory_country_region` (
  `region_id` int unsigned NOT NULL COMMENT 'Region ID',
  `country_id` varchar(4) NOT NULL DEFAULT '0' COMMENT 'Country ID in ISO-2',
  `code` varchar(32) DEFAULT NULL COMMENT 'Region code',
  `default_name` varchar(255) DEFAULT NULL COMMENT 'Region Name'
) ENGINE=InnoDB DEFAULT CHARSET=utf8mb3 COMMENT='Directory Country Region';

--
-- Dumping data for table `directory_country_region`
--

INSERT INTO `directory_country_region` VALUES (1,'US','AL','Alabama'),(2,'US','AK','Alaska'),(3,'US','AS','American Samoa'),(4,'US','AZ','Arizona'),(5,'US','AR','Arkansas'),(6,'US','AE','Armed Forces Africa'),(7,'US','AA','Armed Forces Americas'),(8,'US','AE','Armed Forces Canada'),(9,'US','AE','Armed Forces Europe'),(10,'US','AE','Armed Forces Middle East'),(11,'US','AP','Armed Forces Pacific'),(12,'US','CA','California'),(13,'US','CO','Colorado'),(14,'US','CT','Connecticut'),(15,'US','DE','Delaware'),(16,'US','DC','District of Columbia'),(17,'US','FM','Federated States Of Micronesia'),(18,'US','FL','Florida'),(19,'US','GA','Georgia'),(20,'US','GU','Guam'),(21,'US','HI','Hawaii'),(22,'US','ID','Idaho'),(23,'US','IL','Illinois'),(24,'US','IN','Indiana'),(25,'US','IA','Iowa'),(26,'US','KS','Kansas'),(27,'US','KY','Kentucky'),(28,'US','LA','Louisiana'),(29,'US','ME','Maine'),(30,'US','MH','Marshall Islands'),(31,'US','MD','Maryland'),(32,'US','MA','Massachusetts'),(33,'US','MI','Michigan'),(34,'US','MN','Minnesota'),(35,'US','MS','Mississippi'),(36,'US','MO','Missouri'),(37,'US','MT','Montana'),(38,'US','NE','Nebraska'),(39,'US','NV','Nevada'),(40,'US','NH','New Hampshire'),(41,'US','NJ','New Jersey'),(42,'US','NM','New Mexico'),(43,'US','NY','New York'),(44,'US','NC','North Carolina'),(45,'US','ND','North Dakota'),(46,'US','MP','Northern Mariana Islands'),(47,'US','OH','Ohio'),(48,'US','OK','Oklahoma'),(49,'US','OR','Oregon'),(50,'US','PW','Palau'),(51,'US','PA','Pennsylvania'),(52,'US','PR','Puerto Rico'),(53,'US','RI','Rhode Island'),(54,'US','SC','South Carolina'),(55,'US','SD','South Dakota'),(56,'US','TN','Tennessee'),(57,'US','TX','Texas'),(58,'US','UT','Utah'),(59,'US','VT','Vermont'),(60,'US','VI','Virgin Islands'),(61,'US','VA','Virginia'),(62,'US','WA','Washington'),(63,'US','WV','West Virginia'),(64,'US','WI','Wisconsin'),(65,'US','WY','Wyoming'),(66,'CA','AB','Alberta'),(67,'CA','BC','British Columbia'),(68,'CA','MB','Manitoba'),(69,'CA','NL','Newfoundland and Labrador'),(70,'CA','NB','New Brunswick'),(71,'CA','NS','Nova Scotia'),(72,'CA','NT','Northwest Territories'),(73,'CA','NU','Nunavut'),(74,'CA','ON','Ontario'),(75,'CA','PE','Prince Edward Island'),(76,'CA','QC','Quebec'),(77,'CA','SK','Saskatchewan'),(78,'CA','YT','Yukon Territory'),(79,'DE','NDS','Niedersachsen'),(80,'DE','BAW','Baden-Württemberg'),(81,'DE','BAY','Bayern'),(82,'DE','BER','Berlin'),(83,'DE','BRG','Brandenburg'),(84,'DE','BRE','Bremen'),(85,'DE','HAM','Hamburg'),(86,'DE','HES','Hessen'),(87,'DE','MEC','Mecklenburg-Vorpommern'),(88,'DE','NRW','Nordrhein-Westfalen'),(89,'DE','RHE','Rheinland-Pfalz'),(90,'DE','SAR','Saarland'),(91,'DE','SAS','Sachsen'),(92,'DE','SAC','Sachsen-Anhalt'),(93,'DE','SCN','Schleswig-Holstein'),(94,'DE','THE','Thüringen'),(95,'AT','WI','Wien'),(96,'AT','NO','Niederösterreich'),(97,'AT','OO','Oberösterreich'),(98,'AT','SB','Salzburg'),(99,'AT','KN','Kärnten'),(100,'AT','ST','Steiermark'),(101,'AT','TI','Tirol'),(102,'AT','BL','Burgenland'),(103,'AT','VB','Vorarlberg'),(104,'CH','AG','Aargau'),(105,'CH','AI','Appenzell Innerrhoden'),(106,'CH','AR','Appenzell Ausserrhoden'),(107,'CH','BE','Bern'),(108,'CH','BL','Basel-Landschaft'),(109,'CH','BS','Basel-Stadt'),(110,'CH','FR','Friburg'),(111,'CH','GE','Geneva'),(112,'CH','GL','Glarus'),(113,'CH','GR','Graubünden'),(114,'CH','JU','Jura'),(115,'CH','LU','Lucerne'),(116,'CH','NE','Neuchâtel'),(117,'CH','NW','Nidwalden'),(118,'CH','OW','Obwalden'),(119,'CH','SG','St. Gallen'),(120,'CH','SH','Schaffhausen'),(121,'CH','SO','Solothurn'),(122,'CH','SZ','Schwyz'),(123,'CH','TG','Thurgau'),(124,'CH','TI','Ticino'),(125,'CH','UR','Uri'),(126,'CH','VD','Vaud'),(127,'CH','VS','Wallis'),(128,'CH','ZG','Zug'),(129,'CH','ZH','Zürich'),(130,'ES','A Coruсa','A Coruña'),(131,'ES','Alava','Alava'),(132,'ES','Albacete','Albacete'),(133,'ES','Alicante','Alicante'),(134,'ES','Almeria','Almeria'),(135,'ES','Asturias','Asturias'),(136,'ES','Avila','Avila'),(137,'ES','Badajoz','Badajoz'),(138,'ES','Baleares','Baleares'),(139,'ES','Barcelona','Barcelona'),(140,'ES','Burgos','Burgos'),(141,'ES','Caceres','Caceres'),(142,'ES','Cadiz','Cadiz'),(143,'ES','Cantabria','Cantabria'),(144,'ES','Castellon','Castellon'),(145,'ES','Ceuta','Ceuta'),(146,'ES','Ciudad Real','Ciudad Real'),(147,'ES','Cordoba','Cordoba'),(148,'ES','Cuenca','Cuenca'),(149,'ES','Girona','Girona'),(150,'ES','Granada','Granada'),(151,'ES','Guadalajara','Guadalajara'),(152,'ES','Guipuzcoa','Guipuzcoa'),(153,'ES','Huelva','Huelva'),(154,'ES','Huesca','Huesca'),(155,'ES','Jaen','Jaen'),(156,'ES','La Rioja','La Rioja'),(157,'ES','Las Palmas','Las Palmas'),(158,'ES','Leon','Leon'),(159,'ES','Lleida','Lleida'),(160,'ES','Lugo','Lugo'),(161,'ES','Madrid','Madrid'),(162,'ES','Malaga','Malaga'),(163,'ES','Melilla','Melilla'),(164,'ES','Murcia','Murcia'),(165,'ES','Navarra','Navarra'),(166,'ES','Ourense','Ourense'),(167,'ES','Palencia','Palencia'),(168,'ES','Pontevedra','Pontevedra'),(169,'ES','Salamanca','Salamanca'),(170,'ES','Santa Cruz de Tenerife','Santa Cruz de Tenerife'),(171,'ES','Segovia','Segovia'),(172,'ES','Sevilla','Sevilla'),(173,'ES','Soria','Soria'),(174,'ES','Tarragona','Tarragona'),(175,'ES','Teruel','Teruel'),(176,'ES','Toledo','Toledo'),(177,'ES','Valencia','Valencia'),(178,'ES','Valladolid','Valladolid'),(179,'ES','Vizcaya','Vizcaya'),(180,'ES','Zamora','Zamora'),(181,'ES','Zaragoza','Zaragoza'),(182,'FR','1','Ain'),(183,'FR','2','Aisne'),(184,'FR','3','Allier'),(185,'FR','4','Alpes-de-Haute-Provence'),(186,'FR','5','Hautes-Alpes'),(187,'FR','6','Alpes-Maritimes'),(188,'FR','7','Ardèche'),(189,'FR','8','Ardennes'),(190,'FR','9','Ariège'),(191,'FR','10','Aube'),(192,'FR','11','Aude'),(193,'FR','12','Aveyron'),(194,'FR','13','Bouches-du-Rhône'),(195,'FR','14','Calvados'),(196,'FR','15','Cantal'),(197,'FR','16','Charente'),(198,'FR','17','Charente-Maritime'),(199,'FR','18','Cher'),(200,'FR','19','Corrèze'),(201,'FR','2A','Corse-du-Sud'),(202,'FR','2B','Haute-Corse'),(203,'FR','21','Côte-d\'Or'),(204,'FR','22','Côtes-d\'Armor'),(205,'FR','23','Creuse'),(206,'FR','24','Dordogne'),(207,'FR','25','Doubs'),(208,'FR','26','Drôme'),(209,'FR','27','Eure'),(210,'FR','28','Eure-et-Loir'),(211,'FR','29','Finistère'),(212,'FR','30','Gard'),(213,'FR','31','Haute-Garonne'),(214,'FR','32','Gers'),(215,'FR','33','Gironde'),(216,'FR','34','Hérault'),(217,'FR','35','Ille-et-Vilaine'),(218,'FR','36','Indre'),(219,'FR','37','Indre-et-Loire'),(220,'FR','38','Isère'),(221,'FR','39','Jura'),(222,'FR','40','Landes'),(223,'FR','41','Loir-et-Cher'),(224,'FR','42','Loire'),(225,'FR','43','Haute-Loire'),(226,'FR','44','Loire-Atlantique'),(227,'FR','45','Loiret'),(228,'FR','46','Lot'),(229,'FR','47','Lot-et-Garonne'),(230,'FR','48','Lozère'),(231,'FR','49','Maine-et-Loire'),(232,'FR','50','Manche'),(233,'FR','51','Marne'),(234,'FR','52','Haute-Marne'),(235,'FR','53','Mayenne'),(236,'FR','54','Meurthe-et-Moselle'),(237,'FR','55','Meuse'),(238,'FR','56','Morbihan'),(239,'FR','57','Moselle'),(240,'FR','58','Nièvre'),(241,'FR','59','Nord'),(242,'FR','60','Oise'),(243,'FR','61','Orne'),(244,'FR','62','Pas-de-Calais'),(245,'FR','63','Puy-de-Dôme'),(246,'FR','64','Pyrénées-Atlantiques'),(247,'FR','65','Hautes-Pyrénées'),(248,'FR','66','Pyrénées-Orientales'),(249,'FR','67','Bas-Rhin'),(250,'FR','68','Haut-Rhin'),(251,'FR','69','Rhône'),(252,'FR','70','Haute-Saône'),(253,'FR','71','Saône-et-Loire'),(254,'FR','72','Sarthe'),(255,'FR','73','Savoie'),(256,'FR','74','Haute-Savoie'),(257,'FR','75','Paris'),(258,'FR','76','Seine-Maritime'),(259,'FR','77','Seine-et-Marne'),(260,'FR','78','Yvelines'),(261,'FR','79','Deux-Sèvres'),(262,'FR','80','Somme'),(263,'FR','81','Tarn'),(264,'FR','82','Tarn-et-Garonne'),(265,'FR','83','Var'),(266,'FR','84','Vaucluse'),(267,'FR','85','Vendée'),(268,'FR','86','Vienne'),(269,'FR','87','Haute-Vienne'),(270,'FR','88','Vosges'),(271,'FR','89','Yonne'),(272,'FR','90','Territoire-de-Belfort'),(273,'FR','91','Essonne'),(274,'FR','92','Hauts-de-Seine'),(275,'FR','93','Seine-Saint-Denis'),(276,'FR','94','Val-de-Marne'),(277,'FR','95','Val-d\'Oise'),(278,'RO','AB','Alba'),(279,'RO','AR','Arad'),(280,'RO','AG','Argeş'),(281,'RO','BC','Bacău'),(282,'RO','BH','Bihor'),(283,'RO','BN','Bistriţa-Năsăud'),(284,'RO','BT','Botoşani'),(285,'RO','BV','Braşov'),(286,'RO','BR','Brăila'),(287,'RO','B','Bucureşti'),(288,'RO','BZ','Buzău'),(289,'RO','CS','Caraş-Severin'),(290,'RO','CL','Călăraşi'),(291,'RO','CJ','Cluj'),(292,'RO','CT','Constanţa'),(293,'RO','CV','Covasna'),(294,'RO','DB','Dâmboviţa'),(295,'RO','DJ','Dolj'),(296,'RO','GL','Galaţi'),(297,'RO','GR','Giurgiu'),(298,'RO','GJ','Gorj'),(299,'RO','HR','Harghita'),(300,'RO','HD','Hunedoara'),(301,'RO','IL','Ialomiţa'),(302,'RO','IS','Iaşi'),(303,'RO','IF','Ilfov'),(304,'RO','MM','Maramureş'),(305,'RO','MH','Mehedinţi'),(306,'RO','MS','Mureş'),(307,'RO','NT','Neamţ'),(308,'RO','OT','Olt'),(309,'RO','PH','Prahova'),(310,'RO','SM','Satu-Mare'),(311,'RO','SJ','Sălaj'),(312,'RO','SB','Sibiu'),(313,'RO','SV','Suceava'),(314,'RO','TR','Teleorman'),(315,'RO','TM','Timiş'),(316,'RO','TL','Tulcea'),(317,'RO','VS','Vaslui'),(318,'RO','VL','Vâlcea'),(319,'RO','VN','Vrancea'),(320,'FI','Lappi','Lappi'),(321,'FI','Pohjois-Pohjanmaa','Pohjois-Pohjanmaa'),(322,'FI','Kainuu','Kainuu'),(323,'FI','Pohjois-Karjala','Pohjois-Karjala'),(324,'FI','Pohjois-Savo','Pohjois-Savo'),(325,'FI','Etelä-Savo','Etelä-Savo'),(326,'FI','Etelä-Pohjanmaa','Etelä-Pohjanmaa'),(327,'FI','Pohjanmaa','Pohjanmaa'),(328,'FI','Pirkanmaa','Pirkanmaa'),(329,'FI','Satakunta','Satakunta'),(330,'FI','Keski-Pohjanmaa','Keski-Pohjanmaa'),(331,'FI','Keski-Suomi','Keski-Suomi'),(332,'FI','Varsinais-Suomi','Varsinais-Suomi'),(333,'FI','Etelä-Karjala','Etelä-Karjala'),(334,'FI','Päijät-Häme','Päijät-Häme'),(335,'FI','Kanta-Häme','Kanta-Häme'),(336,'FI','Uusimaa','Uusimaa'),(337,'FI','Itä-Uusimaa','Itä-Uusimaa'),(338,'FI','Kymenlaakso','Kymenlaakso'),(339,'FI','Ahvenanmaa','Ahvenanmaa'),(340,'EE','EE-37','Harjumaa'),(341,'EE','EE-39','Hiiumaa'),(342,'EE','EE-44','Ida-Virumaa'),(343,'EE','EE-49','Jõgevamaa'),(344,'EE','EE-51','Järvamaa'),(345,'EE','EE-57','Läänemaa'),(346,'EE','EE-59','Lääne-Virumaa'),(347,'EE','EE-65','Põlvamaa'),(348,'EE','EE-67','Pärnumaa'),(349,'EE','EE-70','Raplamaa'),(350,'EE','EE-74','Saaremaa'),(351,'EE','EE-78','Tartumaa'),(352,'EE','EE-82','Valgamaa'),(353,'EE','EE-84','Viljandimaa'),(354,'EE','EE-86','Võrumaa'),(355,'LV','LV-DGV','Daugavpils'),(356,'LV','LV-JEL','Jelgava'),(357,'LV','Jēkabpils','Jēkabpils'),(358,'LV','LV-JUR','Jūrmala'),(359,'LV','LV-LPX','Liepāja'),(360,'LV','LV-LE','Liepājas novads'),(361,'LV','LV-REZ','Rēzekne'),(362,'LV','LV-RIX','Rīga'),(363,'LV','LV-RI','Rīgas novads'),(364,'LV','Valmiera','Valmiera'),(365,'LV','LV-VEN','Ventspils'),(366,'LV','Aglonas novads','Aglonas novads'),(367,'LV','LV-AI','Aizkraukles novads'),(368,'LV','Aizputes novads','Aizputes novads'),(369,'LV','Aknīstes novads','Aknīstes novads'),(370,'LV','Alojas novads','Alojas novads'),(371,'LV','Alsungas novads','Alsungas novads'),(372,'LV','LV-AL','Alūksnes novads'),(373,'LV','Amatas novads','Amatas novads'),(374,'LV','Apes novads','Apes novads'),(375,'LV','Auces novads','Auces novads'),(376,'LV','Babītes novads','Babītes novads'),(377,'LV','Baldones novads','Baldones novads'),(378,'LV','Baltinavas novads','Baltinavas novads'),(379,'LV','LV-BL','Balvu novads'),(380,'LV','LV-BU','Bauskas novads'),(381,'LV','Beverīnas novads','Beverīnas novads'),(382,'LV','Brocēnu novads','Brocēnu novads'),(383,'LV','Burtnieku novads','Burtnieku novads'),(384,'LV','Carnikavas novads','Carnikavas novads'),(385,'LV','Cesvaines novads','Cesvaines novads'),(386,'LV','Ciblas novads','Ciblas novads'),(387,'LV','LV-CE','Cēsu novads'),(388,'LV','Dagdas novads','Dagdas novads'),(389,'LV','LV-DA','Daugavpils novads'),(390,'LV','LV-DO','Dobeles novads'),(391,'LV','Dundagas novads','Dundagas novads'),(392,'LV','Durbes novads','Durbes novads'),(393,'LV','Engures novads','Engures novads'),(394,'LV','Garkalnes novads','Garkalnes novads'),(395,'LV','Grobiņas novads','Grobiņas novads'),(396,'LV','LV-GU','Gulbenes novads'),(397,'LV','Iecavas novads','Iecavas novads'),(398,'LV','Ikšķiles novads','Ikšķiles novads'),(399,'LV','Ilūkstes novads','Ilūkstes novads'),(400,'LV','Inčukalna novads','Inčukalna novads'),(401,'LV','Jaunjelgavas novads','Jaunjelgavas novads'),(402,'LV','Jaunpiebalgas novads','Jaunpiebalgas novads'),(403,'LV','Jaunpils novads','Jaunpils novads'),(404,'LV','LV-JL','Jelgavas novads'),(405,'LV','LV-JK','Jēkabpils novads'),(406,'LV','Kandavas novads','Kandavas novads'),(407,'LV','Kokneses novads','Kokneses novads'),(408,'LV','Krimuldas novads','Krimuldas novads'),(409,'LV','Krustpils novads','Krustpils novads'),(410,'LV','LV-KR','Krāslavas novads'),(411,'LV','LV-KU','Kuldīgas novads'),(412,'LV','Kārsavas novads','Kārsavas novads'),(413,'LV','Lielvārdes novads','Lielvārdes novads'),(414,'LV','LV-LM','Limbažu novads'),(415,'LV','Lubānas novads','Lubānas novads'),(416,'LV','LV-LU','Ludzas novads'),(417,'LV','Līgatnes novads','Līgatnes novads'),(418,'LV','Līvānu novads','Līvānu novads'),(419,'LV','LV-MA','Madonas novads'),(420,'LV','Mazsalacas novads','Mazsalacas novads'),(421,'LV','Mālpils novads','Mālpils novads'),(422,'LV','Mārupes novads','Mārupes novads'),(423,'LV','Naukšēnu novads','Naukšēnu novads'),(424,'LV','Neretas novads','Neretas novads'),(425,'LV','Nīcas novads','Nīcas novads'),(426,'LV','LV-OG','Ogres novads'),(427,'LV','Olaines novads','Olaines novads'),(428,'LV','Ozolnieku novads','Ozolnieku novads'),(429,'LV','LV-PR','Preiļu novads'),(430,'LV','Priekules novads','Priekules novads'),(431,'LV','Priekuļu novads','Priekuļu novads'),(432,'LV','Pārgaujas novads','Pārgaujas novads'),(433,'LV','Pāvilostas novads','Pāvilostas novads'),(434,'LV','Pļaviņu novads','Pļaviņu novads'),(435,'LV','Raunas novads','Raunas novads'),(436,'LV','Riebiņu novads','Riebiņu novads'),(437,'LV','Rojas novads','Rojas novads'),(438,'LV','Ropažu novads','Ropažu novads'),(439,'LV','Rucavas novads','Rucavas novads'),(440,'LV','Rugāju novads','Rugāju novads'),(441,'LV','Rundāles novads','Rundāles novads'),(442,'LV','LV-RE','Rēzeknes novads'),(443,'LV','Rūjienas novads','Rūjienas novads'),(444,'LV','Salacgrīvas novads','Salacgrīvas novads'),(445,'LV','Salas novads','Salas novads'),(446,'LV','Salaspils novads','Salaspils novads'),(447,'LV','LV-SA','Saldus novads'),(448,'LV','Saulkrastu novads','Saulkrastu novads'),(449,'LV','Siguldas novads','Siguldas novads'),(450,'LV','Skrundas novads','Skrundas novads'),(451,'LV','Skrīveru novads','Skrīveru novads'),(452,'LV','Smiltenes novads','Smiltenes novads'),(453,'LV','Stopiņu novads','Stopiņu novads'),(454,'LV','Strenču novads','Strenču novads'),(455,'LV','Sējas novads','Sējas novads'),(456,'LV','LV-TA','Talsu novads'),(457,'LV','LV-TU','Tukuma novads'),(458,'LV','Tērvetes novads','Tērvetes novads'),(459,'LV','Vaiņodes novads','Vaiņodes novads'),(460,'LV','LV-VK','Valkas novads'),(461,'LV','LV-VM','Valmieras novads'),(462,'LV','Varakļānu novads','Varakļānu novads'),(463,'LV','Vecpiebalgas novads','Vecpiebalgas novads'),(464,'LV','Vecumnieku novads','Vecumnieku novads'),(465,'LV','LV-VE','Ventspils novads'),(466,'LV','Viesītes novads','Viesītes novads'),(467,'LV','Viļakas novads','Viļakas novads'),(468,'LV','Viļānu novads','Viļānu novads'),(469,'LV','Vārkavas novads','Vārkavas novads'),(470,'LV','Zilupes novads','Zilupes novads'),(471,'LV','Ādažu novads','Ādažu novads'),(472,'LV','Ērgļu novads','Ērgļu novads'),(473,'LV','Ķeguma novads','Ķeguma novads'),(474,'LV','Ķekavas novads','Ķekavas novads'),(475,'LT','LT-AL','Alytaus Apskritis'),(476,'LT','LT-KU','Kauno Apskritis'),(477,'LT','LT-KL','Klaipėdos Apskritis'),(478,'LT','LT-MR','Marijampolės Apskritis'),(479,'LT','LT-PN','Panevėžio Apskritis'),(480,'LT','LT-SA','Šiaulių Apskritis'),(481,'LT','LT-TA','Tauragės Apskritis'),(482,'LT','LT-TE','Telšių Apskritis'),(483,'LT','LT-UT','Utenos Apskritis'),(484,'LT','LT-VL','Vilniaus Apskritis'),(485,'BR','AC','Acre'),(486,'BR','AL','Alagoas'),(487,'BR','AP','Amapá'),(488,'BR','AM','Amazonas'),(489,'BR','BA','Bahia'),(490,'BR','CE','Ceará'),(491,'BR','ES','Espírito Santo'),(492,'BR','GO','Goiás'),(493,'BR','MA','Maranhão'),(494,'BR','MT','Mato Grosso'),(495,'BR','MS','Mato Grosso do Sul'),(496,'BR','MG','Minas Gerais'),(497,'BR','PA','Pará'),(498,'BR','PB','Paraíba'),(499,'BR','PR','Paraná'),(500,'BR','PE','Pernambuco'),(501,'BR','PI','Piauí'),(502,'BR','RJ','Rio de Janeiro'),(503,'BR','RN','Rio Grande do Norte'),(504,'BR','RS','Rio Grande do Sul'),(505,'BR','RO','Rondônia'),(506,'BR','RR','Roraima'),(507,'BR','SC','Santa Catarina'),(508,'BR','SP','São Paulo'),(509,'BR','SE','Sergipe'),(510,'BR','TO','Tocantins'),(511,'BR','DF','Distrito Federal'),(512,'HR','HR-01','Zagrebačka županija'),(513,'HR','HR-02','Krapinsko-zagorska županija'),(514,'HR','HR-03','Sisačko-moslavačka županija'),(515,'HR','HR-04','Karlovačka županija'),(516,'HR','HR-05','Varaždinska županija'),(517,'HR','HR-06','Koprivničko-križevačka županija'),(518,'HR','HR-07','Bjelovarsko-bilogorska županija'),(519,'HR','HR-08','Primorsko-goranska županija'),(520,'HR','HR-09','Ličko-senjska županija'),(521,'HR','HR-10','Virovitičko-podravska županija'),(522,'HR','HR-11','Požeško-slavonska županija'),(523,'HR','HR-12','Brodsko-posavska županija'),(524,'HR','HR-13','Zadarska županija'),(525,'HR','HR-14','Osječko-baranjska županija'),(526,'HR','HR-15','Šibensko-kninska županija'),(527,'HR','HR-16','Vukovarsko-srijemska županija'),(528,'HR','HR-17','Splitsko-dalmatinska županija'),(529,'HR','HR-18','Istarska županija'),(530,'HR','HR-19','Dubrovačko-neretvanska županija'),(531,'HR','HR-20','Međimurska županija'),(532,'HR','HR-21','Grad Zagreb'),(533,'IN','AN','Andaman and Nicobar Islands'),(534,'IN','AP','Andhra Pradesh'),(535,'IN','AR','Arunachal Pradesh'),(536,'IN','AS','Assam'),(537,'IN','BR','Bihar'),(538,'IN','CH','Chandigarh'),(539,'IN','CT','Chhattisgarh'),(540,'IN','DN','Dadra and Nagar Haveli'),(541,'IN','DD','Daman and Diu'),(542,'IN','DL','Delhi'),(543,'IN','GA','Goa'),(544,'IN','GJ','Gujarat'),(545,'IN','HR','Haryana'),(546,'IN','HP','Himachal Pradesh'),(547,'IN','JK','Jammu and Kashmir'),(548,'IN','JH','Jharkhand'),(549,'IN','KA','Karnataka'),(550,'IN','KL','Kerala'),(551,'IN','LD','Lakshadweep'),(552,'IN','MP','Madhya Pradesh'),(553,'IN','MH','Maharashtra'),(554,'IN','MN','Manipur'),(555,'IN','ML','Meghalaya'),(556,'IN','MZ','Mizoram'),(557,'IN','NL','Nagaland'),(558,'IN','OR','Odisha'),(559,'IN','PY','Puducherry'),(560,'IN','PB','Punjab'),(561,'IN','RJ','Rajasthan'),(562,'IN','SK','Sikkim'),(563,'IN','TN','Tamil Nadu'),(564,'IN','TG','Telangana'),(565,'IN','TR','Tripura'),(566,'IN','UP','Uttar Pradesh'),(567,'IN','UT','Uttarakhand'),(568,'IN','WB','West Bengal'),(569,'AU','ACT','Australian Capital Territory'),(570,'AU','NSW','New South Wales'),(571,'AU','VIC','Victoria'),(572,'AU','QLD','Queensland'),(573,'AU','SA','South Australia'),(574,'AU','TAS','Tasmania'),(575,'AU','WA','Western Australia'),(576,'AU','NT','Northern Territory'),(577,'BE','VAN','Antwerpen'),(578,'BE','WBR','Brabant wallon'),(579,'BE','BRU','Brussels-Capital Region'),(580,'BE','WHT','Hainaut'),(581,'BE','VLI','Limburg'),(582,'BE','WLG','Liège'),(583,'BE','WLX','Luxembourg'),(584,'BE','WNA','Namur'),(585,'BE','VOV','Oost-Vlaanderen'),(586,'BE','VBR','Vlaams-Brabant'),(587,'BE','VWV','West-Vlaanderen'),(588,'CN','CN-AH','Anhui Sheng'),(589,'CN','CN-BJ','Beijing Shi'),(590,'CN','CN-CQ','Chongqing Shi'),(591,'CN','CN-FJ','Fujian Sheng'),(592,'CN','CN-GS','Gansu Sheng'),(593,'CN','CN-GD','Guangdong Sheng'),(594,'CN','CN-GX','Guangxi Zhuangzu Zizhiqu'),(595,'CN','CN-GZ','Guizhou Sheng'),(596,'CN','CN-HI','Hainan Sheng'),(597,'CN','CN-HE','Hebei Sheng'),(598,'CN','CN-HL','Heilongjiang Sheng'),(599,'CN','CN-HA','Henan Sheng'),(600,'CN','CN-HK','Hong Kong SAR'),(601,'CN','CN-HB','Hubei Sheng'),(602,'CN','CN-HN','Hunan Sheng'),(603,'CN','CN-JS','Jiangsu Sheng'),(604,'CN','CN-JX','Jiangxi Sheng'),(605,'CN','CN-JL','Jilin Sheng'),(606,'CN','CN-LN','Liaoning Sheng'),(607,'CN','CN-MO','Macao SAR'),(608,'CN','CN-NM','Nei Mongol Zizhiqu'),(609,'CN','CN-NX','Ningxia Huizi Zizhiqu'),(610,'CN','CN-QH','Qinghai Sheng'),(611,'CN','CN-SN','Shaanxi Sheng'),(612,'CN','CN-SD','Shandong Sheng'),(613,'CN','CN-SH','Shanghai Shi'),(614,'CN','CN-SX','Shanxi Sheng'),(615,'CN','CN-SC','Sichuan Sheng'),(616,'CN','CN-TW','Taiwan Sheng'),(617,'CN','CN-TJ','Tianjin Shi'),(618,'CN','CN-XJ','Xinjiang Uygur Zizhiqu'),(619,'CN','CN-XZ','Xizang Zizhiqu'),(620,'CN','CN-YN','Yunnan Sheng'),(621,'CN','CN-ZJ','Zhejiang Sheng'),(622,'MX','AGU','Aguascalientes'),(623,'MX','BCN','Baja California'),(624,'MX','BCS','Baja California Sur'),(625,'MX','CAM','Campeche'),(626,'MX','CHP','Chiapas'),(627,'MX','CHH','Chihuahua'),(628,'MX','CMX','Ciudad de México'),(629,'MX','COA','Coahuila'),(630,'MX','COL','Colima'),(631,'MX','DUR','Durango'),(632,'MX','MEX','Estado de México'),(633,'MX','GUA','Guanajuato'),(634,'MX','GRO','Guerrero'),(635,'MX','HID','Hidalgo'),(636,'MX','JAL','Jalisco'),(637,'MX','MIC','Michoacán'),(638,'MX','MOR','Morelos'),(639,'MX','NAY','Nayarit'),(640,'MX','NLE','Nuevo León'),(641,'MX','OAX','Oaxaca'),(642,'MX','PUE','Puebla'),(643,'MX','QUE','Querétaro'),(644,'MX','ROO','Quintana Roo'),(645,'MX','SLP','San Luis Potosí'),(646,'MX','SIN','Sinaloa'),(647,'MX','SON','Sonora'),(648,'MX','TAB','Tabasco'),(649,'MX','TAM','Tamaulipas'),(650,'MX','TLA','Tlaxcala'),(651,'MX','VER','Veracruz'),(652,'MX','YUC','Yucatán'),(653,'MX','ZAC','Zacatecas'),(654,'AL','AL-01','Berat'),(655,'AL','AL-09','Dibër'),(656,'AL','AL-02','Durrës'),(657,'AL','AL-03','Elbasan'),(658,'AL','AL-04','Fier'),(659,'AL','AL-05','Gjirokastër'),(660,'AL','AL-06','Korçë'),(661,'AL','AL-07','Kukës'),(662,'AL','AL-08','Lezhë'),(663,'AL','AL-10','Shkodër'),(664,'AL','AL-11','Tiranë'),(665,'AL','AL-12','Vlorë'),(666,'AR','AR-C','Ciudad Autónoma de Buenos Aires'),(667,'AR','AR-B','Buenos Aires'),(668,'AR','AR-K','Catamarca'),(669,'AR','AR-H','Chaco'),(670,'AR','AR-U','Chubut'),(671,'AR','AR-X','Córdoba'),(672,'AR','AR-W','Corrientes'),(673,'AR','AR-E','Entre Ríos'),(674,'AR','AR-P','Formosa'),(675,'AR','AR-Y','Jujuy'),(676,'AR','AR-L','La Pampa'),(677,'AR','AR-F','La Rioja'),(678,'AR','AR-M','Mendoza'),(679,'AR','AR-N','Misiones'),(680,'AR','AR-Q','Neuquén'),(681,'AR','AR-R','Río Negro'),(682,'AR','AR-A','Salta'),(683,'AR','AR-J','San Juan'),(684,'AR','AR-D','San Luis'),(685,'AR','AR-Z','Santa Cruz'),(686,'AR','AR-S','Santa Fe'),(687,'AR','AR-G','Santiago del Estero'),(688,'AR','AR-V','Tierra del Fuego'),(689,'AR','AR-T','Tucumán'),(690,'BY','BY-BR','Bresckaja voblasć'),(691,'BY','BY-HO','Homieĺskaja voblasć'),(692,'BY','BY-HM','Horad Minsk'),(693,'BY','BY-HR','Hrodzienskaja voblasć'),(694,'BY','BY-MA','Mahilioŭskaja voblasć'),(695,'BY','BY-MI','Minskaja voblasć'),(696,'BY','BY-VI','Viciebskaja voblasć'),(697,'BO','BO-C','Cochabamba'),(698,'BO','BO-H','Chuquisaca'),(699,'BO','BO-B','El Beni'),(700,'BO','BO-L','La Paz'),(701,'BO','BO-O','Oruro'),(702,'BO','BO-N','Pando'),(703,'BO','BO-P','Potosí'),(704,'BO','BO-S','Santa Cruz'),(705,'BO','BO-T','Tarija'),(706,'BG','BG-01','Blagoevgrad'),(707,'BG','BG-02','Burgas'),(708,'BG','BG-03','Varna'),(709,'BG','BG-04','Veliko Tarnovo'),(710,'BG','BG-05','Vidin'),(711,'BG','BG-06','Vratsa'),(712,'BG','BG-07','Gabrovo'),(713,'BG','BG-08','Dobrich'),(714,'BG','BG-09','Kardzhali'),(715,'BG','BG-10','Kyustendil'),(716,'BG','BG-11','Lovech'),(717,'BG','BG-12','Montana'),(718,'BG','BG-13','Pazardzhik'),(719,'BG','BG-14','Pernik'),(720,'BG','BG-15','Pleven'),(721,'BG','BG-16','Plovdiv'),(722,'BG','BG-17','Razgrad'),(723,'BG','BG-18','Ruse'),(724,'BG','BG-19','Silistra'),(725,'BG','BG-20','Sliven'),(726,'BG','BG-21','Smolyan'),(727,'BG','BG-22','Sofia City'),(728,'BG','BG-23','Sofia Province'),(729,'BG','BG-24','Stara Zagora'),(730,'BG','BG-25','Targovishte'),(731,'BG','BG-26','Haskovo'),(732,'BG','BG-27','Shumen'),(733,'BG','BG-28','Yambol'),(734,'CL','CL-AI','Aisén del General Carlos Ibañez del Campo'),(735,'CL','CL-AN','Antofagasta'),(736,'CL','CL-AP','Arica y Parinacota'),(737,'CL','CL-AR','La Araucanía'),(738,'CL','CL-AT','Atacama'),(739,'CL','CL-BI','Biobío'),(740,'CL','CL-CO','Coquimbo'),(741,'CL','CL-LI','Libertador General Bernardo O\'Higgins'),(742,'CL','CL-LL','Los Lagos'),(743,'CL','CL-LR','Los Ríos'),(744,'CL','CL-MA','Magallanes'),(745,'CL','CL-ML','Maule'),(746,'CL','CL-NB','Ñuble'),(747,'CL','CL-RM','Región Metropolitana de Santiago'),(748,'CL','CL-TA','Tarapacá'),(749,'CL','CL-VS','Valparaíso'),(750,'CO','CO-AMA','Amazonas'),(751,'CO','CO-ANT','Antioquia'),(752,'CO','CO-ARA','Arauca'),(753,'CO','CO-ATL','Atlántico'),(754,'CO','CO-BOL','Bolívar'),(755,'CO','CO-BOY','Boyacá'),(756,'CO','CO-CAL','Caldas'),(757,'CO','CO-CAQ','Caquetá'),(758,'CO','CO-CAS','Casanare'),(759,'CO','CO-CAU','Cauca'),(760,'CO','CO-CES','Cesar'),(761,'CO','CO-CHO','Chocó'),(762,'CO','CO-COR','Córdoba'),(763,'CO','CO-CUN','Cundinamarca'),(764,'CO','CO-GUA','Guainía'),(765,'CO','CO-GUV','Guaviare'),(766,'CO','CO-HUL','Huila'),(767,'CO','CO-LAG','La Guajira'),(768,'CO','CO-MAG','Magdalena'),(769,'CO','CO-MET','Meta'),(770,'CO','CO-NAR','Nariño'),(771,'CO','CO-NSA','Norte de Santander'),(772,'CO','CO-PUT','Putumayo'),(773,'CO','CO-QUI','Quindío'),(774,'CO','CO-RIS','Risaralda'),(775,'CO','CO-SAP','San Andrés y Providencia'),(776,'CO','CO-SAN','Santander'),(777,'CO','CO-SUC','Sucre'),(778,'CO','CO-TOL','Tolima'),(779,'CO','CO-VAC','Valle del Cauca'),(780,'CO','CO-VAU','Vaupés'),(781,'CO','CO-VID','Vichada'),(782,'DK','DK-84','Hovedstaden'),(783,'DK','DK-82','Midtjylland'),(784,'DK','DK-81','Nordjylland'),(785,'DK','DK-85','Sjælland'),(786,'DK','DK-83','Syddanmark'),(787,'EC','EC-A','Azuay'),(788,'EC','EC-B','Bolívar'),(789,'EC','EC-F','Cañar'),(790,'EC','EC-C','Carchi'),(791,'EC','EC-H','Chimborazo'),(792,'EC','EC-X','Cotopaxi'),(793,'EC','EC-O','El Oro'),(794,'EC','EC-E','Esmeraldas'),(795,'EC','EC-W','Galápagos'),(796,'EC','EC-G','Guayas'),(797,'EC','EC-I','Imbabura'),(798,'EC','EC-L','Loja'),(799,'EC','EC-R','Los Ríos'),(800,'EC','EC-M','Manabí'),(801,'EC','EC-S','Morona Santiago'),(802,'EC','EC-N','Napo'),(803,'EC','EC-D','Orellana'),(804,'EC','EC-Y','Pastaza'),(805,'EC','EC-P','Pichincha'),(806,'EC','EC-SE','Santa Elena'),(807,'EC','EC-SD','Santo Domingo de los Tsáchilas'),(808,'EC','EC-U','Sucumbíos'),(809,'EC','EC-T','Tungurahua'),(810,'EC','EC-Z','Zamora Chinchipe'),(811,'GR','GR-A','Anatolikí Makedonía kai Thráki'),(812,'GR','GR-I','Attikí'),(813,'GR','GR-G','Dytikí Elláda'),(814,'GR','GR-C','Dytikí Makedonía'),(815,'GR','GR-F','Ionía Nísia'),(816,'GR','GR-D','Ípeiros'),(817,'GR','GR-B','Kentrikí Makedonía'),(818,'GR','GR-M','Kríti'),(819,'GR','GR-L','Nótio Aigaío'),(820,'GR','GR-J','Pelopónnisos'),(821,'GR','GR-H','Stereá Elláda'),(822,'GR','GR-E','Thessalía'),(823,'GR','GR-K','Vóreio Aigaío'),(824,'GR','GR-69','Ágion Óros'),(825,'GY','GY-BA','Barima-Waini'),(826,'GY','GY-CU','Cuyuni-Mazaruni'),(827,'GY','GY-DE','Demerara-Mahaica'),(828,'GY','GY-EB','East Berbice-Corentyne'),(829,'GY','GY-ES','Essequibo Islands-West Demerara'),(830,'GY','GY-MA','Mahaica-Berbice'),(831,'GY','GY-PM','Pomeroon-Supenaam'),(832,'GY','GY-PT','Potaro-Siparuni'),(833,'GY','GY-UD','Upper Demerara-Berbice'),(834,'GY','GY-UT','Upper Takutu-Upper Essequibo'),(835,'IS','IS-01','Höfuðborgarsvæði'),(836,'IS','IS-02','Suðurnes'),(837,'IS','IS-03','Vesturland'),(838,'IS','IS-04','Vestfirðir'),(839,'IS','IS-05','Norðurland vestra'),(840,'IS','IS-06','Norðurland eystra'),(841,'IS','IS-07','Austurland'),(842,'IS','IS-08','Suðurland'),(843,'IT','AG','Agrigento'),(844,'IT','AL','Alessandria'),(845,'IT','AN','Ancona'),(846,'IT','AO','Aosta'),(847,'IT','AQ','L\'Aquila'),(848,'IT','AR','Arezzo'),(849,'IT','AP','Ascoli-Piceno'),(850,'IT','AT','Asti'),(851,'IT','AV','Avellino'),(852,'IT','BA','Bari'),(853,'IT','BT','Barletta-Andria-Trani'),(854,'IT','BL','Belluno'),(855,'IT','BN','Benevento'),(856,'IT','BG','Bergamo'),(857,'IT','BI','Biella'),(858,'IT','BO','Bologna'),(859,'IT','BZ','Bolzano'),(860,'IT','BS','Brescia'),(861,'IT','BR','Brindisi'),(862,'IT','CA','Cagliari'),(863,'IT','CL','Caltanissetta'),(864,'IT','CB','Campobasso'),(865,'IT','CI','Carbonia Iglesias'),(866,'IT','CE','Caserta'),(867,'IT','CT','Catania'),(868,'IT','CZ','Catanzaro'),(869,'IT','CH','Chieti'),(870,'IT','CO','Como'),(871,'IT','CS','Cosenza'),(872,'IT','CR','Cremona'),(873,'IT','KR','Crotone'),(874,'IT','CN','Cuneo'),(875,'IT','EN','Enna'),(876,'IT','FM','Fermo'),(877,'IT','FE','Ferrara'),(878,'IT','FI','Firenze'),(879,'IT','FG','Foggia'),(880,'IT','FC','Forli-Cesena'),(881,'IT','FR','Frosinone'),(882,'IT','GE','Genova'),(883,'IT','GO','Gorizia'),(884,'IT','GR','Grosseto'),(885,'IT','IM','Imperia'),(886,'IT','IS','Isernia'),(887,'IT','SP','La-Spezia'),(888,'IT','LT','Latina'),(889,'IT','LE','Lecce'),(890,'IT','LC','Lecco'),(891,'IT','LI','Livorno'),(892,'IT','LO','Lodi'),(893,'IT','LU','Lucca'),(894,'IT','MC','Macerata'),(895,'IT','MN','Mantova'),(896,'IT','MS','Massa-Carrara'),(897,'IT','MT','Matera'),(898,'IT','VS','Medio Campidano'),(899,'IT','ME','Messina'),(900,'IT','MI','Milano'),(901,'IT','MO','Modena'),(902,'IT','MB','Monza-Brianza'),(903,'IT','NA','Napoli'),(904,'IT','NO','Novara'),(905,'IT','NU','Nuoro'),(906,'IT','OG','Ogliastra'),(907,'IT','OT','Olbia Tempio'),(908,'IT','OR','Oristano'),(909,'IT','PD','Padova'),(910,'IT','PA','Palermo'),(911,'IT','PR','Parma'),(912,'IT','PV','Pavia'),(913,'IT','PG','Perugia'),(914,'IT','PU','Pesaro-Urbino'),(915,'IT','PE','Pescara'),(916,'IT','PC','Piacenza'),(917,'IT','PI','Pisa'),(918,'IT','PT','Pistoia'),(919,'IT','PN','Pordenone'),(920,'IT','PZ','Potenza'),(921,'IT','PO','Prato'),(922,'IT','RG','Ragusa'),(923,'IT','RA','Ravenna'),(924,'IT','RC','Reggio-Calabria'),(925,'IT','RE','Reggio-Emilia'),(926,'IT','RI','Rieti'),(927,'IT','RN','Rimini'),(928,'IT','RM','Roma'),(929,'IT','RO','Rovigo'),(930,'IT','SA','Salerno'),(931,'IT','SS','Sassari'),(932,'IT','SV','Savona'),(933,'IT','SI','Siena'),(934,'IT','SR','Siracusa'),(935,'IT','SO','Sondrio'),(936,'IT','TA','Taranto'),(937,'IT','TE','Teramo'),(938,'IT','TR','Terni'),(939,'IT','TO','Torino'),(940,'IT','TP','Trapani'),(941,'IT','TN','Trento'),(942,'IT','TV','Treviso'),(943,'IT','TS','Trieste'),(944,'IT','UD','Udine'),(945,'IT','VA','Varese'),(946,'IT','VE','Venezia'),(947,'IT','VB','Verbania'),(948,'IT','VC','Vercelli'),(949,'IT','VR','Verona'),(950,'IT','VV','Vibo-Valentia'),(951,'IT','VI','Vicenza'),(952,'IT','VT','Viterbo'),(953,'PY','PY-ASU','Asunción'),(954,'PY','PY-16','Alto Paraguay'),(955,'PY','PY-10','Alto Paraná'),(956,'PY','PY-13','Amambay'),(957,'PY','PY-19','Boquerón'),(958,'PY','PY-5','Caaguazú'),(959,'PY','PY-6','Caazapá'),(960,'PY','PY-14','Canindeyú'),(961,'PY','PY-11','Central'),(962,'PY','PY-1','Concepción'),(963,'PY','PY-3','Cordillera'),(964,'PY','PY-4','Guairá'),(965,'PY','PY-7','Itapúa'),(966,'PY','PY-8','Misiones'),(967,'PY','PY-12','Ñeembucú'),(968,'PY','PY-9','Paraguarí'),(969,'PY','PY-15','Presidente Hayes'),(970,'PY','PY-2','San Pedro'),(971,'PE','PE-LMA','Municipalidad Metropolitana de Lima'),(972,'PE','PE-AMA','Amazonas'),(973,'PE','PE-ANC','Ancash'),(974,'PE','PE-APU','Apurímac'),(975,'PE','PE-ARE','Arequipa'),(976,'PE','PE-AYA','Ayacucho'),(977,'PE','PE-CAJ','Cajamarca'),(978,'PE','PE-CUS','Cusco'),(979,'PE','PE-CAL','El Callao'),(980,'PE','PE-HUV','Huancavelica'),(981,'PE','PE-HUC','Huánuco'),(982,'PE','PE-ICA','Ica'),(983,'PE','PE-JUN','Junín'),(984,'PE','PE-LAL','La Libertad'),(985,'PE','PE-LAM','Lambayeque'),(986,'PE','PE-LIM','Lima'),(987,'PE','PE-LOR','Loreto'),(988,'PE','PE-MDD','Madre de Dios'),(989,'PE','PE-MOQ','Moquegua'),(990,'PE','PE-PAS','Pasco'),(991,'PE','PE-PIU','Piura'),(992,'PE','PE-PUN','Puno'),(993,'PE','PE-SAM','San Martín'),(994,'PE','PE-TAC','Tacna'),(995,'PE','PE-TUM','Tumbes'),(996,'PE','PE-UCA','Ucayali'),(997,'PL','PL-02','dolnośląskie'),(998,'PL','PL-04','kujawsko-pomorskie'),(999,'PL','PL-06','lubelskie'),(1000,'PL','PL-08','lubuskie'),(1001,'PL','PL-10','łódzkie'),(1002,'PL','PL-12','małopolskie'),(1003,'PL','PL-14','mazowieckie'),(1004,'PL','PL-16','opolskie'),(1005,'PL','PL-18','podkarpackie'),(1006,'PL','PL-20','podlaskie'),(1007,'PL','PL-22','pomorskie'),(1008,'PL','PL-24','śląskie'),(1009,'PL','PL-26','świętokrzyskie'),(1010,'PL','PL-28','warmińsko-mazurskie'),(1011,'PL','PL-30','wielkopolskie'),(1012,'PL','PL-32','zachodniopomorskie'),(1013,'PT','PT-01','Aveiro'),(1014,'PT','PT-02','Beja'),(1015,'PT','PT-03','Braga'),(1016,'PT','PT-04','Bragança'),(1017,'PT','PT-05','Castelo Branco'),(1018,'PT','PT-06','Coimbra'),(1019,'PT','PT-07','Évora'),(1020,'PT','PT-08','Faro'),(1021,'PT','PT-09','Guarda'),(1022,'PT','PT-10','Leiria'),(1023,'PT','PT-11','Lisboa'),(1024,'PT','PT-12','Portalegre'),(1025,'PT','PT-13','Porto'),(1026,'PT','PT-14','Santarém'),(1027,'PT','PT-15','Setúbal'),(1028,'PT','PT-16','Viana do Castelo'),(1029,'PT','PT-17','Vila Real'),(1030,'PT','PT-18','Viseu'),(1031,'PT','PT-20','Região Autónoma dos Açores'),(1032,'PT','PT-30','Região Autónoma da Madeira'),(1033,'SR','SR-BR','Brokopondo'),(1034,'SR','SR-CM','Commewijne'),(1035,'SR','SR-CR','Coronie'),(1036,'SR','SR-MA','Marowijne'),(1037,'SR','SR-NI','Nickerie'),(1038,'SR','SR-PR','Para'),(1039,'SR','SR-PM','Paramaribo'),(1040,'SR','SR-SA','Saramacca'),(1041,'SR','SR-SI','Sipaliwini'),(1042,'SR','SR-WA','Wanica'),(1043,'SE','SE-K','Blekinge län'),(1044,'SE','SE-W','Dalarnas län'),(1045,'SE','SE-I','Gotlands län'),(1046,'SE','SE-X','Gävleborgs län'),(1047,'SE','SE-N','Hallands län'),(1048,'SE','SE-Z','Jämtlands län'),(1049,'SE','SE-F','Jönköpings län'),(1050,'SE','SE-H','Kalmar län'),(1051,'SE','SE-G','Kronobergs län'),(1052,'SE','SE-BD','Norrbottens län'),(1053,'SE','SE-M','Skåne län'),(1054,'SE','SE-AB','Stockholms län'),(1055,'SE','SE-D','Södermanlands län'),(1056,'SE','SE-C','Uppsala län'),(1057,'SE','SE-S','Värmlands län'),(1058,'SE','SE-AC','Västerbottens län'),(1059,'SE','SE-Y','Västernorrlands län'),(1060,'SE','SE-U','Västmanlands län'),(1061,'SE','SE-O','Västra Götalands län'),(1062,'SE','SE-T','Örebro län'),(1063,'SE','SE-E','Östergötlands län'),(1064,'UY','UY-AR','Artigas'),(1065,'UY','UY-CA','Canelones'),(1066,'UY','UY-CL','Cerro Largo'),(1067,'UY','UY-CO','Colonia'),(1068,'UY','UY-DU','Durazno'),(1069,'UY','UY-FS','Flores'),(1070,'UY','UY-FD','Florida'),(1071,'UY','UY-LA','Lavalleja'),(1072,'UY','UY-MA','Maldonado'),(1073,'UY','UY-MO','Montevideo'),(1074,'UY','UY-PA','Paysandu'),(1075,'UY','UY-RN','Río Negro'),(1076,'UY','UY-RV','Rivera'),(1077,'UY','UY-RO','Rocha'),(1078,'UY','UY-SA','Salto'),(1079,'UY','UY-SJ','San José'),(1080,'UY','UY-SO','Soriano'),(1081,'UY','UY-TA','Tacuarembó'),(1082,'UY','UY-TT','Treinta y Tres'),(1083,'VE','VE-W','Dependencias Federales'),(1084,'VE','VE-A','Distrito Capital'),(1085,'VE','VE-Z','Amazonas'),(1086,'VE','VE-B','Anzoátegui'),(1087,'VE','VE-C','Apure'),(1088,'VE','VE-D','Aragua'),(1089,'VE','VE-E','Barinas'),(1090,'VE','VE-F','Bolívar'),(1091,'VE','VE-G','Carabobo'),(1092,'VE','VE-H','Cojedes'),(1093,'VE','VE-Y','Delta Amacuro'),(1094,'VE','VE-I','Falcón'),(1095,'VE','VE-J','Guárico'),(1096,'VE','VE-K','Lara'),(1097,'VE','VE-L','Mérida'),(1098,'VE','VE-M','Miranda'),(1099,'VE','VE-N','Monagas'),(1100,'VE','VE-O','Nueva Esparta'),(1101,'VE','VE-P','Portuguesa'),(1102,'VE','VE-R','Sucre'),(1103,'VE','VE-S','Táchira'),(1104,'VE','VE-T','Trujillo'),(1105,'VE','VE-X','Vargas'),(1106,'VE','VE-U','Yaracuy'),(1107,'VE','VE-V','Zulia'),(1108,'CZ','CZ-10','Praha, Hlavní město'),(1109,'CZ','CZ-20','Středočeský kraj'),(1110,'CZ','CZ-31','Jihočeský kraj'),(1111,'CZ','CZ-32','Plzeňský kraj'),(1112,'CZ','CZ-41','Karlovarský kraj'),(1113,'CZ','CZ-42','Ústecký kraj'),(1114,'CZ','CZ-51','Liberecký kraj'),(1115,'CZ','CZ-52','Královéhradecký kraj'),(1116,'CZ','CZ-53','Pardubický kraj'),(1117,'CZ','CZ-63','Kraj Vysočina'),(1118,'CZ','CZ-64','Jihomoravský kraj'),(1119,'CZ','CZ-71','Olomoucký kraj'),(1120,'CZ','CZ-72','Zlínský kraj'),(1121,'CZ','CZ-80','Moravskoslezský kraj');

--
-- Table structure for table `directory_country_region_name`
--

CREATE TABLE `directory_country_region_name` (
  `locale` varchar(16) NOT NULL COMMENT 'Locale',
  `region_id` int unsigned NOT NULL DEFAULT '0' COMMENT 'Region ID',
  `name` varchar(255) DEFAULT NULL COMMENT 'Region Name'
) ENGINE=InnoDB DEFAULT CHARSET=utf8mb3 COMMENT='Directory Country Region Name';

--
-- Dumping data for table `directory_country_region_name`
--

INSERT INTO `directory_country_region_name` VALUES ('en_US',1,'Alabama'),('en_US',2,'Alaska'),('en_US',3,'American Samoa'),('en_US',4,'Arizona'),('en_US',5,'Arkansas'),('en_US',6,'Armed Forces Africa'),('en_US',7,'Armed Forces Americas'),('en_US',8,'Armed Forces Canada'),('en_US',9,'Armed Forces Europe'),('en_US',10,'Armed Forces Middle East'),('en_US',11,'Armed Forces Pacific'),('en_US',12,'California'),('en_US',13,'Colorado'),('en_US',14,'Connecticut'),('en_US',15,'Delaware'),('en_US',16,'District of Columbia'),('en_US',17,'Federated States Of Micronesia'),('en_US',18,'Florida'),('en_US',19,'Georgia'),('en_US',20,'Guam'),('en_US',21,'Hawaii'),('en_US',22,'Idaho'),('en_US',23,'Illinois'),('en_US',24,'Indiana'),('en_US',25,'Iowa'),('en_US',26,'Kansas'),('en_US',27,'Kentucky'),('en_US',28,'Louisiana'),('en_US',29,'Maine'),('en_US',30,'Marshall Islands'),('en_US',31,'Maryland'),('en_US',32,'Massachusetts'),('en_US',33,'Michigan'),('en_US',34,'Minnesota'),('en_US',35,'Mississippi'),('en_US',36,'Missouri'),('en_US',37,'Montana'),('en_US',38,'Nebraska'),('en_US',39,'Nevada'),('en_US',40,'New Hampshire'),('en_US',41,'New Jersey'),('en_US',42,'New Mexico'),('en_US',43,'New York'),('en_US',44,'North Carolina'),('en_US',45,'North Dakota'),('en_US',46,'Northern Mariana Islands'),('en_US',47,'Ohio'),('en_US',48,'Oklahoma'),('en_US',49,'Oregon'),('en_US',50,'Palau'),('en_US',51,'Pennsylvania'),('en_US',52,'Puerto Rico'),('en_US',53,'Rhode Island'),('en_US',54,'South Carolina'),('en_US',55,'South Dakota'),('en_US',56,'Tennessee'),('en_US',57,'Texas'),('en_US',58,'Utah'),('en_US',59,'Vermont'),('en_US',60,'Virgin Islands'),('en_US',61,'Virginia'),('en_US',62,'Washington'),('en_US',63,'West Virginia'),('en_US',64,'Wisconsin'),('en_US',65,'Wyoming'),('en_US',66,'Alberta'),('en_US',67,'British Columbia'),('en_US',68,'Manitoba'),('en_US',69,'Newfoundland and Labrador'),('en_US',70,'New Brunswick'),('en_US',71,'Nova Scotia'),('en_US',72,'Northwest Territories'),('en_US',73,'Nunavut'),('en_US',74,'Ontario'),('en_US',75,'Prince Edward Island'),('en_US',76,'Quebec'),('en_US',77,'Saskatchewan'),('en_US',78,'Yukon Territory'),('en_US',79,'Niedersachsen'),('en_US',80,'Baden-Württemberg'),('en_US',81,'Bayern'),('en_US',82,'Berlin'),('en_US',83,'Brandenburg'),('en_US',84,'Bremen'),('en_US',85,'Hamburg'),('en_US',86,'Hessen'),('en_US',87,'Mecklenburg-Vorpommern'),('en_US',88,'Nordrhein-Westfalen'),('en_US',89,'Rheinland-Pfalz'),('en_US',90,'Saarland'),('en_US',91,'Sachsen'),('en_US',92,'Sachsen-Anhalt'),('en_US',93,'Schleswig-Holstein'),('en_US',94,'Thüringen'),('en_US',95,'Wien'),('en_US',96,'Niederösterreich'),('en_US',97,'Oberösterreich'),('en_US',98,'Salzburg'),('en_US',99,'Kärnten'),('en_US',100,'Steiermark'),('en_US',101,'Tirol'),('en_US',102,'Burgenland'),('en_US',103,'Vorarlberg'),('en_US',104,'Aargau'),('en_US',105,'Appenzell Innerrhoden'),('en_US',106,'Appenzell Ausserrhoden'),('en_US',107,'Bern'),('en_US',108,'Basel-Landschaft'),('en_US',109,'Basel-Stadt'),('en_US',110,'Friburg'),('en_US',111,'Geneva'),('en_US',112,'Glarus'),('en_US',113,'Graubünden'),('en_US',114,'Jura'),('en_US',115,'Lucerne'),('en_US',116,'Neuchâtel'),('en_US',117,'Nidwalden'),('en_US',118,'Obwalden'),('en_US',119,'St. Gallen'),('en_US',120,'Schaffhausen'),('en_US',121,'Solothurn'),('en_US',122,'Schwyz'),('en_US',123,'Thurgau'),('en_US',124,'Ticino'),('en_US',125,'Uri'),('en_US',126,'Vaud'),('en_US',127,'Wallis'),('en_US',128,'Zug'),('en_US',129,'Zürich'),('en_US',130,'A Coruña'),('en_US',131,'Alava'),('en_US',132,'Albacete'),('en_US',133,'Alicante'),('en_US',134,'Almeria'),('en_US',135,'Asturias'),('en_US',136,'Avila'),('en_US',137,'Badajoz'),('en_US',138,'Baleares'),('en_US',139,'Barcelona'),('en_US',140,'Burgos'),('en_US',141,'Caceres'),('en_US',142,'Cadiz'),('en_US',143,'Cantabria'),('en_US',144,'Castellon'),('en_US',145,'Ceuta'),('en_US',146,'Ciudad Real'),('en_US',147,'Cordoba'),('en_US',148,'Cuenca'),('en_US',149,'Girona'),('en_US',150,'Granada'),('en_US',151,'Guadalajara'),('en_US',152,'Guipuzcoa'),('en_US',153,'Huelva'),('en_US',154,'Huesca'),('en_US',155,'Jaen'),('en_US',156,'La Rioja'),('en_US',157,'Las Palmas'),('en_US',158,'Leon'),('en_US',159,'Lleida'),('en_US',160,'Lugo'),('en_US',161,'Madrid'),('en_US',162,'Malaga'),('en_US',163,'Melilla'),('en_US',164,'Murcia'),('en_US',165,'Navarra'),('en_US',166,'Ourense'),('en_US',167,'Palencia'),('en_US',168,'Pontevedra'),('en_US',169,'Salamanca'),('en_US',170,'Santa Cruz de Tenerife'),('en_US',171,'Segovia'),('en_US',172,'Sevilla'),('en_US',173,'Soria'),('en_US',174,'Tarragona'),('en_US',175,'Teruel'),('en_US',176,'Toledo'),('en_US',177,'Valencia'),('en_US',178,'Valladolid'),('en_US',179,'Vizcaya'),('en_US',180,'Zamora'),('en_US',181,'Zaragoza'),('en_US',182,'Ain'),('en_US',183,'Aisne'),('en_US',184,'Allier'),('en_US',185,'Alpes-de-Haute-Provence'),('en_US',186,'Hautes-Alpes'),('en_US',187,'Alpes-Maritimes'),('en_US',188,'Ardèche'),('en_US',189,'Ardennes'),('en_US',190,'Ariège'),('en_US',191,'Aube'),('en_US',192,'Aude'),('en_US',193,'Aveyron'),('en_US',194,'Bouches-du-Rhône'),('en_US',195,'Calvados'),('en_US',196,'Cantal'),('en_US',197,'Charente'),('en_US',198,'Charente-Maritime'),('en_US',199,'Cher'),('en_US',200,'Corrèze'),('en_US',201,'Corse-du-Sud'),('en_US',202,'Haute-Corse'),('en_US',203,'Côte-d\'Or'),('en_US',204,'Côtes-d\'Armor'),('en_US',205,'Creuse'),('en_US',206,'Dordogne'),('en_US',207,'Doubs'),('en_US',208,'Drôme'),('en_US',209,'Eure'),('en_US',210,'Eure-et-Loir'),('en_US',211,'Finistère'),('en_US',212,'Gard'),('en_US',213,'Haute-Garonne'),('en_US',214,'Gers'),('en_US',215,'Gironde'),('en_US',216,'Hérault'),('en_US',217,'Ille-et-Vilaine'),('en_US',218,'Indre'),('en_US',219,'Indre-et-Loire'),('en_US',220,'Isère'),('en_US',221,'Jura'),('en_US',222,'Landes'),('en_US',223,'Loir-et-Cher'),('en_US',224,'Loire'),('en_US',225,'Haute-Loire'),('en_US',226,'Loire-Atlantique'),('en_US',227,'Loiret'),('en_US',228,'Lot'),('en_US',229,'Lot-et-Garonne'),('en_US',230,'Lozère'),('en_US',231,'Maine-et-Loire'),('en_US',232,'Manche'),('en_US',233,'Marne'),('en_US',234,'Haute-Marne'),('en_US',235,'Mayenne'),('en_US',236,'Meurthe-et-Moselle'),('en_US',237,'Meuse'),('en_US',238,'Morbihan'),('en_US',239,'Moselle'),('en_US',240,'Nièvre'),('en_US',241,'Nord'),('en_US',242,'Oise'),('en_US',243,'Orne'),('en_US',244,'Pas-de-Calais'),('en_US',245,'Puy-de-Dôme'),('en_US',246,'Pyrénées-Atlantiques'),('en_US',247,'Hautes-Pyrénées'),('en_US',248,'Pyrénées-Orientales'),('en_US',249,'Bas-Rhin'),('en_US',250,'Haut-Rhin'),('en_US',251,'Rhône'),('en_US',252,'Haute-Saône'),('en_US',253,'Saône-et-Loire'),('en_US',254,'Sarthe'),('en_US',255,'Savoie'),('en_US',256,'Haute-Savoie'),('en_US',257,'Paris'),('en_US',258,'Seine-Maritime'),('en_US',259,'Seine-et-Marne'),('en_US',260,'Yvelines'),('en_US',261,'Deux-Sèvres'),('en_US',262,'Somme'),('en_US',263,'Tarn'),('en_US',264,'Tarn-et-Garonne'),('en_US',265,'Var'),('en_US',266,'Vaucluse'),('en_US',267,'Vendée'),('en_US',268,'Vienne'),('en_US',269,'Haute-Vienne'),('en_US',270,'Vosges'),('en_US',271,'Yonne'),('en_US',272,'Territoire-de-Belfort'),('en_US',273,'Essonne'),('en_US',274,'Hauts-de-Seine'),('en_US',275,'Seine-Saint-Denis'),('en_US',276,'Val-de-Marne'),('en_US',277,'Val-d\'Oise'),('en_US',278,'Alba'),('en_US',279,'Arad'),('en_US',280,'Argeş'),('en_US',281,'Bacău'),('en_US',282,'Bihor'),('en_US',283,'Bistriţa-Năsăud'),('en_US',284,'Botoşani'),('en_US',285,'Braşov'),('en_US',286,'Brăila'),('en_US',287,'Bucureşti'),('en_US',288,'Buzău'),('en_US',289,'Caraş-Severin'),('en_US',290,'Călăraşi'),('en_US',291,'Cluj'),('en_US',292,'Constanţa'),('en_US',293,'Covasna'),('en_US',294,'Dâmboviţa'),('en_US',295,'Dolj'),('en_US',296,'Galaţi'),('en_US',297,'Giurgiu'),('en_US',298,'Gorj'),('en_US',299,'Harghita'),('en_US',300,'Hunedoara'),('en_US',301,'Ialomiţa'),('en_US',302,'Iaşi'),('en_US',303,'Ilfov'),('en_US',304,'Maramureş'),('en_US',305,'Mehedinţi'),('en_US',306,'Mureş'),('en_US',307,'Neamţ'),('en_US',308,'Olt'),('en_US',309,'Prahova'),('en_US',310,'Satu-Mare'),('en_US',311,'Sălaj'),('en_US',312,'Sibiu'),('en_US',313,'Suceava'),('en_US',314,'Teleorman'),('en_US',315,'Timiş'),('en_US',316,'Tulcea'),('en_US',317,'Vaslui'),('en_US',318,'Vâlcea'),('en_US',319,'Vrancea'),('en_US',320,'Lappi'),('en_US',321,'Pohjois-Pohjanmaa'),('en_US',322,'Kainuu'),('en_US',323,'Pohjois-Karjala'),('en_US',324,'Pohjois-Savo'),('en_US',325,'Etelä-Savo'),('en_US',326,'Etelä-Pohjanmaa'),('en_US',327,'Pohjanmaa'),('en_US',328,'Pirkanmaa'),('en_US',329,'Satakunta'),('en_US',330,'Keski-Pohjanmaa'),('en_US',331,'Keski-Suomi'),('en_US',332,'Varsinais-Suomi'),('en_US',333,'Etelä-Karjala'),('en_US',334,'Päijät-Häme'),('en_US',335,'Kanta-Häme'),('en_US',336,'Uusimaa'),('en_US',337,'Itä-Uusimaa'),('en_US',338,'Kymenlaakso'),('en_US',339,'Ahvenanmaa'),('en_US',340,'Harjumaa'),('en_US',341,'Hiiumaa'),('en_US',342,'Ida-Virumaa'),('en_US',343,'Jõgevamaa'),('en_US',344,'Järvamaa'),('en_US',345,'Läänemaa'),('en_US',346,'Lääne-Virumaa'),('en_US',347,'Põlvamaa'),('en_US',348,'Pärnumaa'),('en_US',349,'Raplamaa'),('en_US',350,'Saaremaa'),('en_US',351,'Tartumaa'),('en_US',352,'Valgamaa'),('en_US',353,'Viljandimaa'),('en_US',354,'Võrumaa'),('en_US',355,'Daugavpils'),('en_US',356,'Jelgava'),('en_US',357,'Jēkabpils'),('en_US',358,'Jūrmala'),('en_US',359,'Liepāja'),('en_US',360,'Liepājas novads'),('en_US',361,'Rēzekne'),('en_US',362,'Rīga'),('en_US',363,'Rīgas novads'),('en_US',364,'Valmiera'),('en_US',365,'Ventspils'),('en_US',366,'Aglonas novads'),('en_US',367,'Aizkraukles novads'),('en_US',368,'Aizputes novads'),('en_US',369,'Aknīstes novads'),('en_US',370,'Alojas novads'),('en_US',371,'Alsungas novads'),('en_US',372,'Alūksnes novads'),('en_US',373,'Amatas novads'),('en_US',374,'Apes novads'),('en_US',375,'Auces novads'),('en_US',376,'Babītes novads'),('en_US',377,'Baldones novads'),('en_US',378,'Baltinavas novads'),('en_US',379,'Balvu novads'),('en_US',380,'Bauskas novads'),('en_US',381,'Beverīnas novads'),('en_US',382,'Brocēnu novads'),('en_US',383,'Burtnieku novads'),('en_US',384,'Carnikavas novads'),('en_US',385,'Cesvaines novads'),('en_US',386,'Ciblas novads'),('en_US',387,'Cēsu novads'),('en_US',388,'Dagdas novads'),('en_US',389,'Daugavpils novads'),('en_US',390,'Dobeles novads'),('en_US',391,'Dundagas novads'),('en_US',392,'Durbes novads'),('en_US',393,'Engures novads'),('en_US',394,'Garkalnes novads'),('en_US',395,'Grobiņas novads'),('en_US',396,'Gulbenes novads'),('en_US',397,'Iecavas novads'),('en_US',398,'Ikšķiles novads'),('en_US',399,'Ilūkstes novads'),('en_US',400,'Inčukalna novads'),('en_US',401,'Jaunjelgavas novads'),('en_US',402,'Jaunpiebalgas novads'),('en_US',403,'Jaunpils novads'),('en_US',404,'Jelgavas novads'),('en_US',405,'Jēkabpils novads'),('en_US',406,'Kandavas novads'),('en_US',407,'Kokneses novads'),('en_US',408,'Krimuldas novads'),('en_US',409,'Krustpils novads'),('en_US',410,'Krāslavas novads'),('en_US',411,'Kuldīgas novads'),('en_US',412,'Kārsavas novads'),('en_US',413,'Lielvārdes novads'),('en_US',414,'Limbažu novads'),('en_US',415,'Lubānas novads'),('en_US',416,'Ludzas novads'),('en_US',417,'Līgatnes novads'),('en_US',418,'Līvānu novads'),('en_US',419,'Madonas novads'),('en_US',420,'Mazsalacas novads'),('en_US',421,'Mālpils novads'),('en_US',422,'Mārupes novads'),('en_US',423,'Naukšēnu novads'),('en_US',424,'Neretas novads'),('en_US',425,'Nīcas novads'),('en_US',426,'Ogres novads'),('en_US',427,'Olaines novads'),('en_US',428,'Ozolnieku novads'),('en_US',429,'Preiļu novads'),('en_US',430,'Priekules novads'),('en_US',431,'Priekuļu novads'),('en_US',432,'Pārgaujas novads'),('en_US',433,'Pāvilostas novads'),('en_US',434,'Pļaviņu novads'),('en_US',435,'Raunas novads'),('en_US',436,'Riebiņu novads'),('en_US',437,'Rojas novads'),('en_US',438,'Ropažu novads'),('en_US',439,'Rucavas novads'),('en_US',440,'Rugāju novads'),('en_US',441,'Rundāles novads'),('en_US',442,'Rēzeknes novads'),('en_US',443,'Rūjienas novads'),('en_US',444,'Salacgrīvas novads'),('en_US',445,'Salas novads'),('en_US',446,'Salaspils novads'),('en_US',447,'Saldus novads'),('en_US',448,'Saulkrastu novads'),('en_US',449,'Siguldas novads'),('en_US',450,'Skrundas novads'),('en_US',451,'Skrīveru novads'),('en_US',452,'Smiltenes novads'),('en_US',453,'Stopiņu novads'),('en_US',454,'Strenču novads'),('en_US',455,'Sējas novads'),('en_US',456,'Talsu novads'),('en_US',457,'Tukuma novads'),('en_US',458,'Tērvetes novads'),('en_US',459,'Vaiņodes novads'),('en_US',460,'Valkas novads'),('en_US',461,'Valmieras novads'),('en_US',462,'Varakļānu novads'),('en_US',463,'Vecpiebalgas novads'),('en_US',464,'Vecumnieku novads'),('en_US',465,'Ventspils novads'),('en_US',466,'Viesītes novads'),('en_US',467,'Viļakas novads'),('en_US',468,'Viļānu novads'),('en_US',469,'Vārkavas novads'),('en_US',470,'Zilupes novads'),('en_US',471,'Ādažu novads'),('en_US',472,'Ērgļu novads'),('en_US',473,'Ķeguma novads'),('en_US',474,'Ķekavas novads'),('en_US',475,'Alytaus Apskritis'),('en_US',476,'Kauno Apskritis'),('en_US',477,'Klaipėdos Apskritis'),('en_US',478,'Marijampolės Apskritis'),('en_US',479,'Panevėžio Apskritis'),('en_US',480,'Šiaulių Apskritis'),('en_US',481,'Tauragės Apskritis'),('en_US',482,'Telšių Apskritis'),('en_US',483,'Utenos Apskritis'),('en_US',484,'Vilniaus Apskritis'),('en_US',485,'Acre'),('en_US',486,'Alagoas'),('en_US',487,'Amapá'),('en_US',488,'Amazonas'),('en_US',489,'Bahia'),('en_US',490,'Ceará'),('en_US',491,'Espírito Santo'),('en_US',492,'Goiás'),('en_US',493,'Maranhão'),('en_US',494,'Mato Grosso'),('en_US',495,'Mato Grosso do Sul'),('en_US',496,'Minas Gerais'),('en_US',497,'Pará'),('en_US',498,'Paraíba'),('en_US',499,'Paraná'),('en_US',500,'Pernambuco'),('en_US',501,'Piauí'),('en_US',502,'Rio de Janeiro'),('en_US',503,'Rio Grande do Norte'),('en_US',504,'Rio Grande do Sul'),('en_US',505,'Rondônia'),('en_US',506,'Roraima'),('en_US',507,'Santa Catarina'),('en_US',508,'São Paulo'),('en_US',509,'Sergipe'),('en_US',510,'Tocantins'),('en_US',511,'Distrito Federal'),('en_US',512,'Zagrebačka županija'),('en_US',513,'Krapinsko-zagorska županija'),('en_US',514,'Sisačko-moslavačka županija'),('en_US',515,'Karlovačka županija'),('en_US',516,'Varaždinska županija'),('en_US',517,'Koprivničko-križevačka županija'),('en_US',518,'Bjelovarsko-bilogorska županija'),('en_US',519,'Primorsko-goranska županija'),('en_US',520,'Ličko-senjska županija'),('en_US',521,'Virovitičko-podravska županija'),('en_US',522,'Požeško-slavonska županija'),('en_US',523,'Brodsko-posavska županija'),('en_US',524,'Zadarska županija'),('en_US',525,'Osječko-baranjska županija'),('en_US',526,'Šibensko-kninska županija'),('en_US',527,'Vukovarsko-srijemska županija'),('en_US',528,'Splitsko-dalmatinska županija'),('en_US',529,'Istarska županija'),('en_US',530,'Dubrovačko-neretvanska županija'),('en_US',531,'Međimurska županija'),('en_US',532,'Grad Zagreb'),('en_US',533,'Andaman and Nicobar Islands'),('en_US',534,'Andhra Pradesh'),('en_US',535,'Arunachal Pradesh'),('en_US',536,'Assam'),('en_US',537,'Bihar'),('en_US',538,'Chandigarh'),('en_US',539,'Chhattisgarh'),('en_US',540,'Dadra and Nagar Haveli'),('en_US',541,'Daman and Diu'),('en_US',542,'Delhi'),('en_US',543,'Goa'),('en_US',544,'Gujarat'),('en_US',545,'Haryana'),('en_US',546,'Himachal Pradesh'),('en_US',547,'Jammu and Kashmir'),('en_US',548,'Jharkhand'),('en_US',549,'Karnataka'),('en_US',550,'Kerala'),('en_US',551,'Lakshadweep'),('en_US',552,'Madhya Pradesh'),('en_US',553,'Maharashtra'),('en_US',554,'Manipur'),('en_US',555,'Meghalaya'),('en_US',556,'Mizoram'),('en_US',557,'Nagaland'),('en_US',558,'Odisha'),('en_US',559,'Puducherry'),('en_US',560,'Punjab'),('en_US',561,'Rajasthan'),('en_US',562,'Sikkim'),('en_US',563,'Tamil Nadu'),('en_US',564,'Telangana'),('en_US',565,'Tripura'),('en_US',566,'Uttar Pradesh'),('en_US',567,'Uttarakhand'),('en_US',568,'West Bengal'),('en_US',569,'Australian Capital Territory'),('en_US',570,'New South Wales'),('en_US',571,'Victoria'),('en_US',572,'Queensland'),('en_US',573,'South Australia'),('en_US',574,'Tasmania'),('en_US',575,'Western Australia'),('en_US',576,'Northern Territory'),('en_US',577,'Antwerpen'),('en_US',578,'Brabant wallon'),('en_US',579,'Brussels-Capital Region'),('en_US',580,'Hainaut'),('en_US',581,'Limburg'),('en_US',582,'Liège'),('en_US',583,'Luxembourg'),('en_US',584,'Namur'),('en_US',585,'Oost-Vlaanderen'),('en_US',586,'Vlaams-Brabant'),('en_US',587,'West-Vlaanderen'),('en_US',588,'Anhui Sheng'),('en_US',589,'Beijing Shi'),('en_US',590,'Chongqing Shi'),('en_US',591,'Fujian Sheng'),('en_US',592,'Gansu Sheng'),('en_US',593,'Guangdong Sheng'),('en_US',594,'Guangxi Zhuangzu Zizhiqu'),('en_US',595,'Guizhou Sheng'),('en_US',596,'Hainan Sheng'),('en_US',597,'Hebei Sheng'),('en_US',598,'Heilongjiang Sheng'),('en_US',599,'Henan Sheng'),('en_US',600,'Hong Kong SAR'),('en_US',601,'Hubei Sheng'),('en_US',602,'Hunan Sheng'),('en_US',603,'Jiangsu Sheng'),('en_US',604,'Jiangxi Sheng'),('en_US',605,'Jilin Sheng'),('en_US',606,'Liaoning Sheng'),('en_US',607,'Macao SAR'),('en_US',608,'Nei Mongol Zizhiqu'),('en_US',609,'Ningxia Huizi Zizhiqu'),('en_US',610,'Qinghai Sheng'),('en_US',611,'Shaanxi Sheng'),('en_US',612,'Shandong Sheng'),('en_US',613,'Shanghai Shi'),('en_US',614,'Shanxi Sheng'),('en_US',615,'Sichuan Sheng'),('en_US',616,'Taiwan Sheng'),('en_US',617,'Tianjin Shi'),('en_US',618,'Xinjiang Uygur Zizhiqu'),('en_US',619,'Xizang Zizhiqu'),('en_US',620,'Yunnan Sheng'),('en_US',621,'Zhejiang Sheng'),('en_US',622,'Aguascalientes'),('en_US',623,'Baja California'),('en_US',624,'Baja California Sur'),('en_US',625,'Campeche'),('en_US',626,'Chiapas'),('en_US',627,'Chihuahua'),('en_US',628,'Ciudad de México'),('en_US',629,'Coahuila'),('en_US',630,'Colima'),('en_US',631,'Durango'),('en_US',632,'Estado de México'),('en_US',633,'Guanajuato'),('en_US',634,'Guerrero'),('en_US',635,'Hidalgo'),('en_US',636,'Jalisco'),('en_US',637,'Michoacán'),('en_US',638,'Morelos'),('en_US',639,'Nayarit'),('en_US',640,'Nuevo León'),('en_US',641,'Oaxaca'),('en_US',642,'Puebla'),('en_US',643,'Querétaro'),('en_US',644,'Quintana Roo'),('en_US',645,'San Luis Potosí'),('en_US',646,'Sinaloa'),('en_US',647,'Sonora'),('en_US',648,'Tabasco'),('en_US',649,'Tamaulipas'),('en_US',650,'Tlaxcala'),('en_US',651,'Veracruz'),('en_US',652,'Yucatán'),('en_US',653,'Zacatecas'),('en_US',654,'Berat'),('en_US',655,'Dibër'),('en_US',656,'Durrës'),('en_US',657,'Elbasan'),('en_US',658,'Fier'),('en_US',659,'Gjirokastër'),('en_US',660,'Korçë'),('en_US',661,'Kukës'),('en_US',662,'Lezhë'),('en_US',663,'Shkodër'),('en_US',664,'Tiranë'),('en_US',665,'Vlorë'),('en_US',666,'Ciudad Autónoma de Buenos Aires'),('en_US',667,'Buenos Aires'),('en_US',668,'Catamarca'),('en_US',669,'Chaco'),('en_US',670,'Chubut'),('en_US',671,'Córdoba'),('en_US',672,'Corrientes'),('en_US',673,'Entre Ríos'),('en_US',674,'Formosa'),('en_US',675,'Jujuy'),('en_US',676,'La Pampa'),('en_US',677,'La Rioja'),('en_US',678,'Mendoza'),('en_US',679,'Misiones'),('en_US',680,'Neuquén'),('en_US',681,'Río Negro'),('en_US',682,'Salta'),('en_US',683,'San Juan'),('en_US',684,'San Luis'),('en_US',685,'Santa Cruz'),('en_US',686,'Santa Fe'),('en_US',687,'Santiago del Estero'),('en_US',688,'Tierra del Fuego'),('en_US',689,'Tucumán'),('en_US',690,'Bresckaja voblasć'),('en_US',691,'Homieĺskaja voblasć'),('en_US',692,'Horad Minsk'),('en_US',693,'Hrodzienskaja voblasć'),('en_US',694,'Mahilioŭskaja voblasć'),('en_US',695,'Minskaja voblasć'),('en_US',696,'Viciebskaja voblasć'),('en_US',697,'Cochabamba'),('en_US',698,'Chuquisaca'),('en_US',699,'El Beni'),('en_US',700,'La Paz'),('en_US',701,'Oruro'),('en_US',702,'Pando'),('en_US',703,'Potosí'),('en_US',704,'Santa Cruz'),('en_US',705,'Tarija'),('en_US',706,'Blagoevgrad'),('en_US',707,'Burgas'),('en_US',708,'Varna'),('en_US',709,'Veliko Tarnovo'),('en_US',710,'Vidin'),('en_US',711,'Vratsa'),('en_US',712,'Gabrovo'),('en_US',713,'Dobrich'),('en_US',714,'Kardzhali'),('en_US',715,'Kyustendil'),('en_US',716,'Lovech'),('en_US',717,'Montana'),('en_US',718,'Pazardzhik'),('en_US',719,'Pernik'),('en_US',720,'Pleven'),('en_US',721,'Plovdiv'),('en_US',722,'Razgrad'),('en_US',723,'Ruse'),('en_US',724,'Silistra'),('en_US',725,'Sliven'),('en_US',726,'Smolyan'),('en_US',727,'Sofia City'),('en_US',728,'Sofia Province'),('en_US',729,'Stara Zagora'),('en_US',730,'Targovishte'),('en_US',731,'Haskovo'),('en_US',732,'Shumen'),('en_US',733,'Yambol'),('en_US',734,'Aisén del General Carlos Ibañez del Campo'),('en_US',735,'Antofagasta'),('en_US',736,'Arica y Parinacota'),('en_US',737,'La Araucanía'),('en_US',738,'Atacama'),('en_US',739,'Biobío'),('en_US',740,'Coquimbo'),('en_US',741,'Libertador General Bernardo O\'Higgins'),('en_US',742,'Los Lagos'),('en_US',743,'Los Ríos'),('en_US',744,'Magallanes'),('en_US',745,'Maule'),('en_US',746,'Ñuble'),('en_US',747,'Región Metropolitana de Santiago'),('en_US',748,'Tarapacá'),('en_US',749,'Valparaíso'),('en_US',750,'Amazonas'),('en_US',751,'Antioquia'),('en_US',752,'Arauca'),('en_US',753,'Atlántico'),('en_US',754,'Bolívar'),('en_US',755,'Boyacá'),('en_US',756,'Caldas'),('en_US',757,'Caquetá'),('en_US',758,'Casanare'),('en_US',759,'Cauca'),('en_US',760,'Cesar'),('en_US',761,'Chocó'),('en_US',762,'Córdoba'),('en_US',763,'Cundinamarca'),('en_US',764,'Guainía'),('en_US',765,'Guaviare'),('en_US',766,'Huila'),('en_US',767,'La Guajira'),('en_US',768,'Magdalena'),('en_US',769,'Meta'),('en_US',770,'Nariño'),('en_US',771,'Norte de Santander'),('en_US',772,'Putumayo'),('en_US',773,'Quindío'),('en_US',774,'Risaralda'),('en_US',775,'San Andrés y Providencia'),('en_US',776,'Santander'),('en_US',777,'Sucre'),('en_US',778,'Tolima'),('en_US',779,'Valle del Cauca'),('en_US',780,'Vaupés'),('en_US',781,'Vichada'),('en_US',782,'Hovedstaden'),('en_US',783,'Midtjylland'),('en_US',784,'Nordjylland'),('en_US',785,'Sjælland'),('en_US',786,'Syddanmark'),('en_US',787,'Azuay'),('en_US',788,'Bolívar'),('en_US',789,'Cañar'),('en_US',790,'Carchi'),('en_US',791,'Chimborazo'),('en_US',792,'Cotopaxi'),('en_US',793,'El Oro'),('en_US',794,'Esmeraldas'),('en_US',795,'Galápagos'),('en_US',796,'Guayas'),('en_US',797,'Imbabura'),('en_US',798,'Loja'),('en_US',799,'Los Ríos'),('en_US',800,'Manabí'),('en_US',801,'Morona Santiago'),('en_US',802,'Napo'),('en_US',803,'Orellana'),('en_US',804,'Pastaza'),('en_US',805,'Pichincha'),('en_US',806,'Santa Elena'),('en_US',807,'Santo Domingo de los Tsáchilas'),('en_US',808,'Sucumbíos'),('en_US',809,'Tungurahua'),('en_US',810,'Zamora Chinchipe'),('en_US',811,'Anatolikí Makedonía kai Thráki'),('en_US',812,'Attikí'),('en_US',813,'Dytikí Elláda'),('en_US',814,'Dytikí Makedonía'),('en_US',815,'Ionía Nísia'),('en_US',816,'Ípeiros'),('en_US',817,'Kentrikí Makedonía'),('en_US',818,'Kríti'),('en_US',819,'Nótio Aigaío'),('en_US',820,'Pelopónnisos'),('en_US',821,'Stereá Elláda'),('en_US',822,'Thessalía'),('en_US',823,'Vóreio Aigaío'),('en_US',824,'Ágion Óros'),('en_US',825,'Barima-Waini'),('en_US',826,'Cuyuni-Mazaruni'),('en_US',827,'Demerara-Mahaica'),('en_US',828,'East Berbice-Corentyne'),('en_US',829,'Essequibo Islands-West Demerara'),('en_US',830,'Mahaica-Berbice'),('en_US',831,'Pomeroon-Supenaam'),('en_US',832,'Potaro-Siparuni'),('en_US',833,'Upper Demerara-Berbice'),('en_US',834,'Upper Takutu-Upper Essequibo'),('en_US',835,'Höfuðborgarsvæði'),('en_US',836,'Suðurnes'),('en_US',837,'Vesturland'),('en_US',838,'Vestfirðir'),('en_US',839,'Norðurland vestra'),('en_US',840,'Norðurland eystra'),('en_US',841,'Austurland'),('en_US',842,'Suðurland'),('en_US',843,'Agrigento'),('en_US',844,'Alessandria'),('en_US',845,'Ancona'),('en_US',846,'Aosta'),('en_US',847,'L\'Aquila'),('en_US',848,'Arezzo'),('en_US',849,'Ascoli-Piceno'),('en_US',850,'Asti'),('en_US',851,'Avellino'),('en_US',852,'Bari'),('en_US',853,'Barletta-Andria-Trani'),('en_US',854,'Belluno'),('en_US',855,'Benevento'),('en_US',856,'Bergamo'),('en_US',857,'Biella'),('en_US',858,'Bologna'),('en_US',859,'Bolzano'),('en_US',860,'Brescia'),('en_US',861,'Brindisi'),('en_US',862,'Cagliari'),('en_US',863,'Caltanissetta'),('en_US',864,'Campobasso'),('en_US',865,'Carbonia Iglesias'),('en_US',866,'Caserta'),('en_US',867,'Catania'),('en_US',868,'Catanzaro'),('en_US',869,'Chieti'),('en_US',870,'Como'),('en_US',871,'Cosenza'),('en_US',872,'Cremona'),('en_US',873,'Crotone'),('en_US',874,'Cuneo'),('en_US',875,'Enna'),('en_US',876,'Fermo'),('en_US',877,'Ferrara'),('en_US',878,'Firenze'),('en_US',879,'Foggia'),('en_US',880,'Forli-Cesena'),('en_US',881,'Frosinone'),('en_US',882,'Genova'),('en_US',883,'Gorizia'),('en_US',884,'Grosseto'),('en_US',885,'Imperia'),('en_US',886,'Isernia'),('en_US',887,'La-Spezia'),('en_US',888,'Latina'),('en_US',889,'Lecce'),('en_US',890,'Lecco'),('en_US',891,'Livorno'),('en_US',892,'Lodi'),('en_US',893,'Lucca'),('en_US',894,'Macerata'),('en_US',895,'Mantova'),('en_US',896,'Massa-Carrara'),('en_US',897,'Matera'),('en_US',898,'Medio Campidano'),('en_US',899,'Messina'),('en_US',900,'Milano'),('en_US',901,'Modena'),('en_US',902,'Monza-Brianza'),('en_US',903,'Napoli'),('en_US',904,'Novara'),('en_US',905,'Nuoro'),('en_US',906,'Ogliastra'),('en_US',907,'Olbia Tempio'),('en_US',908,'Oristano'),('en_US',909,'Padova'),('en_US',910,'Palermo'),('en_US',911,'Parma'),('en_US',912,'Pavia'),('en_US',913,'Perugia'),('en_US',914,'Pesaro-Urbino'),('en_US',915,'Pescara'),('en_US',916,'Piacenza'),('en_US',917,'Pisa'),('en_US',918,'Pistoia'),('en_US',919,'Pordenone'),('en_US',920,'Potenza'),('en_US',921,'Prato'),('en_US',922,'Ragusa'),('en_US',923,'Ravenna'),('en_US',924,'Reggio-Calabria'),('en_US',925,'Reggio-Emilia'),('en_US',926,'Rieti'),('en_US',927,'Rimini'),('en_US',928,'Roma'),('en_US',929,'Rovigo'),('en_US',930,'Salerno'),('en_US',931,'Sassari'),('en_US',932,'Savona'),('en_US',933,'Siena'),('en_US',934,'Siracusa'),('en_US',935,'Sondrio'),('en_US',936,'Taranto'),('en_US',937,'Teramo'),('en_US',938,'Terni'),('en_US',939,'Torino'),('en_US',940,'Trapani'),('en_US',941,'Trento'),('en_US',942,'Treviso'),('en_US',943,'Trieste'),('en_US',944,'Udine'),('en_US',945,'Varese'),('en_US',946,'Venezia'),('en_US',947,'Verbania'),('en_US',948,'Vercelli'),('en_US',949,'Verona'),('en_US',950,'Vibo-Valentia'),('en_US',951,'Vicenza'),('en_US',952,'Viterbo'),('en_US',953,'Asunción'),('en_US',954,'Alto Paraguay'),('en_US',955,'Alto Paraná'),('en_US',956,'Amambay'),('en_US',957,'Boquerón'),('en_US',958,'Caaguazú'),('en_US',959,'Caazapá'),('en_US',960,'Canindeyú'),('en_US',961,'Central'),('en_US',962,'Concepción'),('en_US',963,'Cordillera'),('en_US',964,'Guairá'),('en_US',965,'Itapúa'),('en_US',966,'Misiones'),('en_US',967,'Ñeembucú'),('en_US',968,'Paraguarí'),('en_US',969,'Presidente Hayes'),('en_US',970,'San Pedro'),('en_US',971,'Municipalidad Metropolitana de Lima'),('en_US',972,'Amazonas'),('en_US',973,'Ancash'),('en_US',974,'Apurímac'),('en_US',975,'Arequipa'),('en_US',976,'Ayacucho'),('en_US',977,'Cajamarca'),('en_US',978,'Cusco'),('en_US',979,'El Callao'),('en_US',980,'Huancavelica'),('en_US',981,'Huánuco'),('en_US',982,'Ica'),('en_US',983,'Junín'),('en_US',984,'La Libertad'),('en_US',985,'Lambayeque'),('en_US',986,'Lima'),('en_US',987,'Loreto'),('en_US',988,'Madre de Dios'),('en_US',989,'Moquegua'),('en_US',990,'Pasco'),('en_US',991,'Piura'),('en_US',992,'Puno'),('en_US',993,'San Martín'),('en_US',994,'Tacna'),('en_US',995,'Tumbes'),('en_US',996,'Ucayali'),('en_US',997,'dolnośląskie'),('en_US',998,'kujawsko-pomorskie'),('en_US',999,'lubelskie'),('en_US',1000,'lubuskie'),('en_US',1001,'łódzkie'),('en_US',1002,'małopolskie'),('en_US',1003,'mazowieckie'),('en_US',1004,'opolskie'),('en_US',1005,'podkarpackie'),('en_US',1006,'podlaskie'),('en_US',1007,'pomorskie'),('en_US',1008,'śląskie'),('en_US',1009,'świętokrzyskie'),('en_US',1010,'warmińsko-mazurskie'),('en_US',1011,'wielkopolskie'),('en_US',1012,'zachodniopomorskie'),('en_US',1013,'Aveiro'),('en_US',1014,'Beja'),('en_US',1015,'Braga'),('en_US',1016,'Bragança'),('en_US',1017,'Castelo Branco'),('en_US',1018,'Coimbra'),('en_US',1019,'Évora'),('en_US',1020,'Faro'),('en_US',1021,'Guarda'),('en_US',1022,'Leiria'),('en_US',1023,'Lisboa'),('en_US',1024,'Portalegre'),('en_US',1025,'Porto'),('en_US',1026,'Santarém'),('en_US',1027,'Setúbal'),('en_US',1028,'Viana do Castelo'),('en_US',1029,'Vila Real'),('en_US',1030,'Viseu'),('en_US',1031,'Região Autónoma dos Açores'),('en_US',1032,'Região Autónoma da Madeira'),('en_US',1033,'Brokopondo'),('en_US',1034,'Commewijne'),('en_US',1035,'Coronie'),('en_US',1036,'Marowijne'),('en_US',1037,'Nickerie'),('en_US',1038,'Para'),('en_US',1039,'Paramaribo'),('en_US',1040,'Saramacca'),('en_US',1041,'Sipaliwini'),('en_US',1042,'Wanica'),('en_US',1043,'Blekinge län'),('en_US',1044,'Dalarnas län'),('en_US',1045,'Gotlands län'),('en_US',1046,'Gävleborgs län'),('en_US',1047,'Hallands län'),('en_US',1048,'Jämtlands län'),('en_US',1049,'Jönköpings län'),('en_US',1050,'Kalmar län'),('en_US',1051,'Kronobergs län'),('en_US',1052,'Norrbottens län'),('en_US',1053,'Skåne län'),('en_US',1054,'Stockholms län'),('en_US',1055,'Södermanlands län'),('en_US',1056,'Uppsala län'),('en_US',1057,'Värmlands län'),('en_US',1058,'Västerbottens län'),('en_US',1059,'Västernorrlands län'),('en_US',1060,'Västmanlands län'),('en_US',1061,'Västra Götalands län'),('en_US',1062,'Örebro län'),('en_US',1063,'Östergötlands län'),('en_US',1064,'Artigas'),('en_US',1065,'Canelones'),('en_US',1066,'Cerro Largo'),('en_US',1067,'Colonia'),('en_US',1068,'Durazno'),('en_US',1069,'Flores'),('en_US',1070,'Florida'),('en_US',1071,'Lavalleja'),('en_US',1072,'Maldonado'),('en_US',1073,'Montevideo'),('en_US',1074,'Paysandu'),('en_US',1075,'Río Negro'),('en_US',1076,'Rivera'),('en_US',1077,'Rocha'),('en_US',1078,'Salto'),('en_US',1079,'San José'),('en_US',1080,'Soriano'),('en_US',1081,'Tacuarembó'),('en_US',1082,'Treinta y Tres'),('en_US',1083,'Dependencias Federales'),('en_US',1084,'Distrito Capital'),('en_US',1085,'Amazonas'),('en_US',1086,'Anzoátegui'),('en_US',1087,'Apure'),('en_US',1088,'Aragua'),('en_US',1089,'Barinas'),('en_US',1090,'Bolívar'),('en_US',1091,'Carabobo'),('en_US',1092,'Cojedes'),('en_US',1093,'Delta Amacuro'),('en_US',1094,'Falcón'),('en_US',1095,'Guárico'),('en_US',1096,'Lara'),('en_US',1097,'Mérida'),('en_US',1098,'Miranda'),('en_US',1099,'Monagas'),('en_US',1100,'Nueva Esparta'),('en_US',1101,'Portuguesa'),('en_US',1102,'Sucre'),('en_US',1103,'Táchira'),('en_US',1104,'Trujillo'),('en_US',1105,'Vargas'),('en_US',1106,'Yaracuy'),('en_US',1107,'Zulia'),('en_US',1108,'Praha, Hlavní město'),('en_US',1109,'Středočeský kraj'),('en_US',1110,'Jihočeský kraj'),('en_US',1111,'Plzeňský kraj'),('en_US',1112,'Karlovarský kraj'),('en_US',1113,'Ústecký kraj'),('en_US',1114,'Liberecký kraj'),('en_US',1115,'Královéhradecký kraj'),('en_US',1116,'Pardubický kraj'),('en_US',1117,'Kraj Vysočina'),('en_US',1118,'Jihomoravský kraj'),('en_US',1119,'Olomoucký kraj'),('en_US',1120,'Zlínský kraj'),('en_US',1121,'Moravskoslezský kraj');

--
-- Table structure for table `directory_currency_rate`
--

CREATE TABLE `directory_currency_rate` (
  `currency_from` varchar(3) NOT NULL COMMENT 'Currency Code Convert From',
  `currency_to` varchar(3) NOT NULL COMMENT 'Currency Code Convert To',
  `rate` decimal(24,12) NOT NULL DEFAULT '0.000000000000' COMMENT 'Currency Conversion Rate'
) ENGINE=InnoDB DEFAULT CHARSET=utf8mb3 COMMENT='Directory Currency Rate';

--
-- Dumping data for table `directory_currency_rate`
--

INSERT INTO `directory_currency_rate` VALUES ('EUR','EUR',1.000000000000),('EUR','USD',1.415000000000),('USD','EUR',0.706700000000),('USD','USD',1.000000000000);

--
-- Table structure for table `downloadable_link`
--

CREATE TABLE `downloadable_link` (
  `link_id` int unsigned NOT NULL COMMENT 'Link ID',
  `product_id` int unsigned NOT NULL DEFAULT '0' COMMENT 'Product ID',
  `sort_order` int unsigned NOT NULL DEFAULT '0' COMMENT 'Sort order',
  `number_of_downloads` int DEFAULT NULL COMMENT 'Number of downloads',
  `is_shareable` smallint unsigned NOT NULL DEFAULT '0' COMMENT 'Shareable flag',
  `link_url` varchar(255) DEFAULT NULL COMMENT 'Link Url',
  `link_file` varchar(255) DEFAULT NULL COMMENT 'Link File',
  `link_type` varchar(20) DEFAULT NULL COMMENT 'Link Type',
  `sample_url` varchar(255) DEFAULT NULL COMMENT 'Sample Url',
  `sample_file` varchar(255) DEFAULT NULL COMMENT 'Sample File',
  `sample_type` varchar(20) DEFAULT NULL COMMENT 'Sample Type'
) ENGINE=InnoDB DEFAULT CHARSET=utf8mb3 COMMENT='Downloadable Link Table';

--
-- Dumping data for table `downloadable_link`
--


--
-- Table structure for table `downloadable_link_price`
--

CREATE TABLE `downloadable_link_price` (
  `price_id` int unsigned NOT NULL COMMENT 'Price ID',
  `link_id` int unsigned NOT NULL DEFAULT '0' COMMENT 'Link ID',
  `website_id` smallint unsigned NOT NULL DEFAULT '0' COMMENT 'Website ID',
  `price` decimal(20,6) NOT NULL DEFAULT '0.000000' COMMENT 'Price'
) ENGINE=InnoDB DEFAULT CHARSET=utf8mb3 COMMENT='Downloadable Link Price Table';

--
-- Dumping data for table `downloadable_link_price`
--


--
-- Table structure for table `downloadable_link_purchased`
--

CREATE TABLE `downloadable_link_purchased` (
  `purchased_id` int unsigned NOT NULL COMMENT 'Purchased ID',
  `order_id` int unsigned DEFAULT '0' COMMENT 'Order ID',
  `order_increment_id` varchar(50) DEFAULT NULL COMMENT 'Order Increment ID',
  `order_item_id` int unsigned NOT NULL DEFAULT '0' COMMENT 'Order Item ID',
  `created_at` timestamp NOT NULL DEFAULT CURRENT_TIMESTAMP COMMENT 'Date of creation',
  `updated_at` timestamp NOT NULL DEFAULT CURRENT_TIMESTAMP ON UPDATE CURRENT_TIMESTAMP COMMENT 'Date of modification',
  `customer_id` int unsigned DEFAULT '0' COMMENT 'Customer ID',
  `product_name` varchar(255) DEFAULT NULL COMMENT 'Product name',
  `product_sku` varchar(255) DEFAULT NULL COMMENT 'Product sku',
  `link_section_title` varchar(255) DEFAULT NULL COMMENT 'Link_section_title'
) ENGINE=InnoDB DEFAULT CHARSET=utf8mb3 COMMENT='Downloadable Link Purchased Table';

--
-- Dumping data for table `downloadable_link_purchased`
--


--
-- Table structure for table `downloadable_link_purchased_item`
--

CREATE TABLE `downloadable_link_purchased_item` (
  `item_id` int unsigned NOT NULL COMMENT 'Item ID',
  `purchased_id` int unsigned NOT NULL DEFAULT '0' COMMENT 'Purchased ID',
  `order_item_id` int unsigned DEFAULT '0' COMMENT 'Order Item ID',
  `product_id` int unsigned DEFAULT '0' COMMENT 'Product ID',
  `link_hash` varchar(255) DEFAULT NULL COMMENT 'Link hash',
  `number_of_downloads_bought` int unsigned NOT NULL DEFAULT '0' COMMENT 'Number of downloads bought',
  `number_of_downloads_used` int unsigned NOT NULL DEFAULT '0' COMMENT 'Number of downloads used',
  `link_id` int unsigned NOT NULL DEFAULT '0' COMMENT 'Link ID',
  `link_title` varchar(255) DEFAULT NULL COMMENT 'Link Title',
  `is_shareable` smallint unsigned NOT NULL DEFAULT '0' COMMENT 'Shareable Flag',
  `link_url` varchar(255) DEFAULT NULL COMMENT 'Link Url',
  `link_file` varchar(255) DEFAULT NULL COMMENT 'Link File',
  `link_type` varchar(255) DEFAULT NULL COMMENT 'Link Type',
  `status` varchar(50) DEFAULT NULL COMMENT 'Status',
  `created_at` timestamp NOT NULL DEFAULT CURRENT_TIMESTAMP COMMENT 'Creation Time',
  `updated_at` timestamp NOT NULL DEFAULT CURRENT_TIMESTAMP ON UPDATE CURRENT_TIMESTAMP COMMENT 'Update Time'
) ENGINE=InnoDB DEFAULT CHARSET=utf8mb3 COMMENT='Downloadable Link Purchased Item Table';

--
-- Dumping data for table `downloadable_link_purchased_item`
--


--
-- Table structure for table `downloadable_link_title`
--

CREATE TABLE `downloadable_link_title` (
  `title_id` int unsigned NOT NULL COMMENT 'Title ID',
  `link_id` int unsigned NOT NULL DEFAULT '0' COMMENT 'Link ID',
  `store_id` smallint unsigned NOT NULL DEFAULT '0' COMMENT 'Store ID',
  `title` varchar(255) DEFAULT NULL COMMENT 'Title'
) ENGINE=InnoDB DEFAULT CHARSET=utf8mb3 COMMENT='Link Title Table';

--
-- Dumping data for table `downloadable_link_title`
--


--
-- Table structure for table `downloadable_sample`
--

CREATE TABLE `downloadable_sample` (
  `sample_id` int unsigned NOT NULL COMMENT 'Sample ID',
  `product_id` int unsigned NOT NULL DEFAULT '0' COMMENT 'Product ID',
  `sample_url` varchar(255) DEFAULT NULL COMMENT 'Sample URL',
  `sample_file` varchar(255) DEFAULT NULL COMMENT 'Sample file',
  `sample_type` varchar(20) DEFAULT NULL COMMENT 'Sample Type',
  `sort_order` int unsigned NOT NULL DEFAULT '0' COMMENT 'Sort Order'
) ENGINE=InnoDB DEFAULT CHARSET=utf8mb3 COMMENT='Downloadable Sample Table';

--
-- Dumping data for table `downloadable_sample`
--


--
-- Table structure for table `downloadable_sample_title`
--

CREATE TABLE `downloadable_sample_title` (
  `title_id` int unsigned NOT NULL COMMENT 'Title ID',
  `sample_id` int unsigned NOT NULL DEFAULT '0' COMMENT 'Sample ID',
  `store_id` smallint unsigned NOT NULL DEFAULT '0' COMMENT 'Store ID',
  `title` varchar(255) DEFAULT NULL COMMENT 'Title'
) ENGINE=InnoDB DEFAULT CHARSET=utf8mb3 COMMENT='Downloadable Sample Title Table';

--
-- Dumping data for table `downloadable_sample_title`
--


--
-- Table structure for table `eav_attribute`
--

CREATE TABLE `eav_attribute` (
  `attribute_id` smallint unsigned NOT NULL COMMENT 'Attribute ID',
  `entity_type_id` smallint unsigned NOT NULL DEFAULT '0' COMMENT 'Entity Type ID',
  `attribute_code` varchar(255) NOT NULL COMMENT 'Attribute Code',
  `attribute_model` varchar(255) DEFAULT NULL COMMENT 'Attribute Model',
  `backend_model` varchar(255) DEFAULT NULL COMMENT 'Backend Model',
  `backend_type` varchar(8) NOT NULL DEFAULT 'static' COMMENT 'Backend Type',
  `backend_table` varchar(255) DEFAULT NULL COMMENT 'Backend Table',
  `frontend_model` varchar(255) DEFAULT NULL COMMENT 'Frontend Model',
  `frontend_input` varchar(50) DEFAULT NULL COMMENT 'Frontend Input',
  `frontend_label` varchar(255) DEFAULT NULL COMMENT 'Frontend Label',
  `frontend_class` varchar(255) DEFAULT NULL COMMENT 'Frontend Class',
  `source_model` varchar(255) DEFAULT NULL COMMENT 'Source Model',
  `is_required` smallint unsigned NOT NULL DEFAULT '0' COMMENT 'Defines Is Required',
  `is_user_defined` smallint unsigned NOT NULL DEFAULT '0' COMMENT 'Defines Is User Defined',
  `default_value` text COMMENT 'Default Value',
  `is_unique` smallint unsigned NOT NULL DEFAULT '0' COMMENT 'Defines Is Unique',
  `note` varchar(255) DEFAULT NULL COMMENT 'Note'
) ENGINE=InnoDB DEFAULT CHARSET=utf8mb3 COMMENT='Eav Attribute';

--
-- Dumping data for table `eav_attribute`
--

INSERT INTO `eav_attribute` VALUES (1,1,'website_id',NULL,'Magento\\Customer\\Model\\Customer\\Attribute\\Backend\\Website','static',NULL,NULL,'select','Associate to Website',NULL,'Magento\\Customer\\Model\\Customer\\Attribute\\Source\\Website',1,0,NULL,0,NULL),(2,1,'store_id',NULL,'Magento\\Customer\\Model\\Customer\\Attribute\\Backend\\Store','static',NULL,NULL,'select','Create In',NULL,'Magento\\Customer\\Model\\Customer\\Attribute\\Source\\Store',1,0,NULL,0,NULL),(3,1,'created_in',NULL,NULL,'static',NULL,NULL,'text','Created From',NULL,NULL,0,0,NULL,0,NULL),(4,1,'prefix','Magento\\Customer\\Model\\Attribute',NULL,'static',NULL,NULL,'text','Name Prefix',NULL,NULL,0,0,NULL,0,NULL),(5,1,'firstname',NULL,NULL,'static',NULL,NULL,'text','First Name',NULL,NULL,1,0,NULL,0,NULL),(6,1,'middlename',NULL,NULL,'static',NULL,NULL,'text','Middle Name/Initial',NULL,NULL,0,0,NULL,0,NULL),(7,1,'lastname',NULL,NULL,'static',NULL,NULL,'text','Last Name',NULL,NULL,1,0,NULL,0,NULL),(8,1,'suffix',NULL,NULL,'static',NULL,NULL,'text','Name Suffix',NULL,NULL,0,0,NULL,0,NULL),(9,1,'email',NULL,NULL,'static',NULL,NULL,'text','Email',NULL,NULL,1,0,NULL,0,NULL),(10,1,'group_id',NULL,NULL,'static',NULL,NULL,'select','Group',NULL,'Magento\\Customer\\Model\\Customer\\Attribute\\Source\\Group',1,0,NULL,0,NULL),(11,1,'dob',NULL,'Magento\\Eav\\Model\\Entity\\Attribute\\Backend\\Datetime','static',NULL,'Magento\\Eav\\Model\\Entity\\Attribute\\Frontend\\Datetime','date','Date of Birth',NULL,NULL,0,0,NULL,0,NULL),(12,1,'password_hash',NULL,'Magento\\Customer\\Model\\Customer\\Attribute\\Backend\\Password','static',NULL,NULL,'hidden',NULL,NULL,NULL,0,0,NULL,0,NULL),(13,1,'rp_token',NULL,NULL,'static',NULL,NULL,'hidden',NULL,NULL,NULL,0,0,NULL,0,NULL),(14,1,'rp_token_created_at',NULL,NULL,'static',NULL,NULL,'date',NULL,NULL,NULL,0,0,NULL,0,NULL),(15,1,'default_billing',NULL,'Magento\\Customer\\Model\\Customer\\Attribute\\Backend\\Billing','static',NULL,NULL,'text','Default Billing Address',NULL,NULL,0,0,NULL,0,NULL),(16,1,'default_shipping',NULL,'Magento\\Customer\\Model\\Customer\\Attribute\\Backend\\Shipping','static',NULL,NULL,'text','Default Shipping Address',NULL,NULL,0,0,NULL,0,NULL),(17,1,'taxvat',NULL,NULL,'static',NULL,NULL,'text','Tax/VAT Number',NULL,NULL,0,0,NULL,0,NULL),(18,1,'confirmation',NULL,NULL,'static',NULL,NULL,'text','Is Confirmed',NULL,NULL,0,0,NULL,0,NULL),(19,1,'created_at',NULL,NULL,'static',NULL,NULL,'date','Created At',NULL,NULL,0,0,NULL,0,NULL),(20,1,'gender',NULL,NULL,'static',NULL,NULL,'select','Gender',NULL,'Magento\\Eav\\Model\\Entity\\Attribute\\Source\\Table',0,0,NULL,0,NULL),(21,1,'disable_auto_group_change','Magento\\Customer\\Model\\Attribute','Magento\\Customer\\Model\\Attribute\\Backend\\Data\\Boolean','static',NULL,NULL,'boolean','Disable Automatic Group Change Based on VAT ID',NULL,NULL,0,0,'0',0,NULL),(22,2,'prefix','Magento\\Customer\\Model\\Attribute',NULL,'static',NULL,NULL,'text','Name Prefix',NULL,NULL,0,0,NULL,0,NULL),(23,2,'firstname',NULL,NULL,'static',NULL,NULL,'text','First Name',NULL,NULL,1,0,NULL,0,NULL),(24,2,'middlename',NULL,NULL,'static',NULL,NULL,'text','Middle Name/Initial',NULL,NULL,0,0,NULL,0,NULL),(25,2,'lastname',NULL,NULL,'static',NULL,NULL,'text','Last Name',NULL,NULL,1,0,NULL,0,NULL),(26,2,'suffix',NULL,NULL,'static',NULL,NULL,'text','Name Suffix',NULL,NULL,0,0,NULL,0,NULL),(27,2,'company',NULL,NULL,'static',NULL,NULL,'text','Company',NULL,NULL,0,0,NULL,0,NULL),(28,2,'street',NULL,'Magento\\Eav\\Model\\Entity\\Attribute\\Backend\\DefaultBackend','static',NULL,NULL,'multiline','Street Address',NULL,NULL,1,0,NULL,0,NULL),(29,2,'city',NULL,NULL,'static',NULL,NULL,'text','City',NULL,NULL,1,0,NULL,0,NULL),(30,2,'country_id','Magento\\Customer\\Model\\Attribute',NULL,'static',NULL,NULL,'select','Country',NULL,'Magento\\Customer\\Model\\ResourceModel\\Address\\Attribute\\Source\\Country',1,0,NULL,0,NULL),(31,2,'region',NULL,'Magento\\Customer\\Model\\ResourceModel\\Address\\Attribute\\Backend\\Region','static',NULL,NULL,'text','State/Province',NULL,NULL,0,0,NULL,0,NULL),(32,2,'region_id',NULL,NULL,'static',NULL,NULL,'hidden','State/Province',NULL,'Magento\\Customer\\Model\\ResourceModel\\Address\\Attribute\\Source\\Region',0,0,NULL,0,NULL),(33,2,'postcode',NULL,NULL,'static',NULL,NULL,'text','Zip/Postal Code',NULL,NULL,0,0,NULL,0,NULL),(34,2,'telephone',NULL,NULL,'static',NULL,NULL,'text','Phone Number',NULL,NULL,1,0,NULL,0,NULL),(35,2,'fax',NULL,NULL,'static',NULL,NULL,'text','Fax',NULL,NULL,0,0,NULL,0,NULL),(36,2,'vat_id','Magento\\Customer\\Model\\Attribute',NULL,'static',NULL,NULL,'text','VAT Number',NULL,NULL,0,0,NULL,0,NULL),(37,2,'vat_is_valid',NULL,NULL,'static',NULL,NULL,'text','VAT number validity',NULL,NULL,0,0,NULL,0,NULL),(38,2,'vat_request_id',NULL,NULL,'static',NULL,NULL,'text','VAT number validation request ID',NULL,NULL,0,0,NULL,0,NULL),(39,2,'vat_request_date',NULL,NULL,'static',NULL,NULL,'text','VAT number validation request date',NULL,NULL,0,0,NULL,0,NULL),(40,2,'vat_request_success',NULL,NULL,'static',NULL,NULL,'text','VAT number validation request success',NULL,NULL,0,0,NULL,0,NULL),(41,1,'updated_at',NULL,NULL,'static',NULL,NULL,'date','Updated At',NULL,NULL,0,0,NULL,0,NULL),(42,1,'failures_num',NULL,NULL,'static',NULL,NULL,'hidden','Failures Number',NULL,NULL,0,0,NULL,0,NULL),(43,1,'first_failure',NULL,NULL,'static',NULL,NULL,'date','First Failure Date',NULL,NULL,0,0,NULL,0,NULL),(44,1,'lock_expires',NULL,NULL,'static',NULL,NULL,'date','Failures Number',NULL,NULL,0,0,NULL,0,NULL),(45,3,'name',NULL,NULL,'varchar',NULL,NULL,'text','Name',NULL,NULL,1,0,NULL,0,NULL),(46,3,'is_active',NULL,NULL,'int',NULL,NULL,'select','Is Active',NULL,'Magento\\Eav\\Model\\Entity\\Attribute\\Source\\Boolean',1,0,NULL,0,NULL),(47,3,'description',NULL,NULL,'text',NULL,NULL,'textarea','Description',NULL,NULL,0,0,NULL,0,NULL),(48,3,'image',NULL,'Magento\\Catalog\\Model\\Category\\Attribute\\Backend\\Image','varchar',NULL,NULL,'image','Image',NULL,NULL,0,0,NULL,0,NULL),(49,3,'meta_title',NULL,NULL,'varchar',NULL,NULL,'text','Page Title',NULL,NULL,0,0,NULL,0,NULL),(50,3,'meta_keywords',NULL,NULL,'text',NULL,NULL,'textarea','Meta Keywords',NULL,NULL,0,0,NULL,0,NULL),(51,3,'meta_description',NULL,NULL,'text',NULL,NULL,'textarea','Meta Description',NULL,NULL,0,0,NULL,0,NULL),(52,3,'display_mode',NULL,NULL,'varchar',NULL,NULL,'select','Display Mode',NULL,'Magento\\Catalog\\Model\\Category\\Attribute\\Source\\Mode',0,0,NULL,0,NULL),(53,3,'landing_page',NULL,NULL,'int',NULL,NULL,'select','CMS Block',NULL,'Magento\\Catalog\\Model\\Category\\Attribute\\Source\\Page',0,0,NULL,0,NULL),(54,3,'is_anchor',NULL,NULL,'int',NULL,NULL,'select','Is Anchor',NULL,'Magento\\Eav\\Model\\Entity\\Attribute\\Source\\Boolean',0,0,'1',0,NULL),(55,3,'path',NULL,NULL,'static',NULL,NULL,'text','Path',NULL,NULL,0,0,NULL,0,NULL),(56,3,'position',NULL,NULL,'static',NULL,NULL,'text','Position',NULL,NULL,0,0,NULL,0,NULL),(57,3,'all_children',NULL,NULL,'text',NULL,NULL,'text',NULL,NULL,NULL,0,0,NULL,0,NULL),(58,3,'path_in_store',NULL,NULL,'text',NULL,NULL,'text',NULL,NULL,NULL,0,0,NULL,0,NULL),(59,3,'children',NULL,NULL,'text',NULL,NULL,'text',NULL,NULL,NULL,0,0,NULL,0,NULL),(60,3,'custom_design',NULL,NULL,'varchar',NULL,NULL,'select','Custom Design',NULL,'Magento\\Theme\\Model\\Theme\\Source\\Theme',0,0,NULL,0,NULL),(61,3,'custom_design_from','Magento\\Catalog\\Model\\ResourceModel\\Eav\\Attribute','Magento\\Catalog\\Model\\Attribute\\Backend\\Startdate','datetime',NULL,'Magento\\Eav\\Model\\Entity\\Attribute\\Frontend\\Datetime','date','Active From',NULL,NULL,0,0,NULL,0,NULL),(62,3,'custom_design_to',NULL,'Magento\\Eav\\Model\\Entity\\Attribute\\Backend\\Datetime','datetime',NULL,NULL,'date','Active To',NULL,NULL,0,0,NULL,0,NULL),(63,3,'page_layout',NULL,NULL,'varchar',NULL,NULL,'select','Page Layout',NULL,'Magento\\Catalog\\Model\\Category\\Attribute\\Source\\Layout',0,0,NULL,0,NULL),(64,3,'custom_layout_update',NULL,'Magento\\Catalog\\Model\\Attribute\\Backend\\Customlayoutupdate','text',NULL,NULL,'textarea','Custom Layout Update',NULL,NULL,0,0,NULL,0,NULL),(65,3,'level',NULL,NULL,'static',NULL,NULL,'text','Level',NULL,NULL,0,0,NULL,0,NULL),(66,3,'children_count',NULL,NULL,'static',NULL,NULL,'text','Children Count',NULL,NULL,0,0,NULL,0,NULL),(67,3,'available_sort_by',NULL,'Magento\\Catalog\\Model\\Category\\Attribute\\Backend\\Sortby','text',NULL,NULL,'multiselect','Available Product Listing Sort By',NULL,'Magento\\Catalog\\Model\\Category\\Attribute\\Source\\Sortby',1,0,NULL,0,NULL),(68,3,'default_sort_by',NULL,'Magento\\Catalog\\Model\\Category\\Attribute\\Backend\\Sortby','varchar',NULL,NULL,'select','Default Product Listing Sort By',NULL,'Magento\\Catalog\\Model\\Category\\Attribute\\Source\\Sortby',1,0,NULL,0,NULL),(69,3,'include_in_menu',NULL,NULL,'int',NULL,NULL,'select','Include in Navigation Menu',NULL,'Magento\\Eav\\Model\\Entity\\Attribute\\Source\\Boolean',1,0,'1',0,NULL),(70,3,'custom_use_parent_settings',NULL,NULL,'int',NULL,NULL,'select','Use Parent Category Settings',NULL,'Magento\\Eav\\Model\\Entity\\Attribute\\Source\\Boolean',0,0,NULL,0,NULL),(71,3,'custom_apply_to_products',NULL,NULL,'int',NULL,NULL,'select','Apply To Products',NULL,'Magento\\Eav\\Model\\Entity\\Attribute\\Source\\Boolean',0,0,NULL,0,NULL),(72,3,'filter_price_range',NULL,NULL,'decimal',NULL,NULL,'text','Layered Navigation Price Step',NULL,NULL,0,0,NULL,0,NULL),(73,4,'name','Magento\\Catalog\\Model\\ResourceModel\\Eav\\Attribute',NULL,'varchar',NULL,NULL,'text','Product Name','validate-length maximum-length-255',NULL,1,0,NULL,0,NULL),(74,4,'sku','Magento\\Catalog\\Model\\ResourceModel\\Eav\\Attribute','Magento\\Catalog\\Model\\Product\\Attribute\\Backend\\Sku','static',NULL,NULL,'text','SKU','validate-length maximum-length-64',NULL,1,0,NULL,1,NULL),(75,4,'description',NULL,NULL,'text',NULL,NULL,'textarea','Description',NULL,NULL,0,0,NULL,0,NULL),(76,4,'short_description',NULL,NULL,'text',NULL,NULL,'textarea','Short Description',NULL,NULL,0,0,NULL,0,NULL),(77,4,'price','Magento\\Catalog\\Model\\ResourceModel\\Eav\\Attribute','Magento\\Catalog\\Model\\Product\\Attribute\\Backend\\Price','decimal',NULL,NULL,'price','Price',NULL,NULL,1,0,NULL,0,NULL),(78,4,'special_price','Magento\\Catalog\\Model\\ResourceModel\\Eav\\Attribute','Magento\\Catalog\\Model\\Product\\Attribute\\Backend\\Price','decimal',NULL,NULL,'price','Special Price',NULL,NULL,0,0,NULL,0,NULL),(79,4,'special_from_date',NULL,'Magento\\Catalog\\Model\\Attribute\\Backend\\Startdate','datetime',NULL,NULL,'date','Special Price From Date',NULL,NULL,0,0,NULL,0,NULL),(80,4,'special_to_date',NULL,'Magento\\Eav\\Model\\Entity\\Attribute\\Backend\\Datetime','datetime',NULL,NULL,'date','Special Price To Date',NULL,NULL,0,0,NULL,0,NULL),(81,4,'cost',NULL,'Magento\\Catalog\\Model\\Product\\Attribute\\Backend\\Price','decimal',NULL,NULL,'price','Cost',NULL,NULL,0,1,NULL,0,NULL),(82,4,'weight',NULL,'Magento\\Catalog\\Model\\Product\\Attribute\\Backend\\Weight','decimal',NULL,NULL,'weight','Weight',NULL,NULL,0,0,NULL,0,NULL),(83,4,'manufacturer',NULL,NULL,'int',NULL,NULL,'select','Manufacturer',NULL,NULL,0,1,NULL,0,NULL),(84,4,'meta_title',NULL,NULL,'varchar',NULL,NULL,'text','Meta Title',NULL,NULL,0,0,NULL,0,NULL),(85,4,'meta_keyword',NULL,NULL,'text',NULL,NULL,'textarea','Meta Keywords',NULL,NULL,0,0,NULL,0,NULL),(86,4,'meta_description',NULL,NULL,'varchar',NULL,NULL,'textarea','Meta Description',NULL,NULL,0,0,NULL,0,'Maximum 255 chars. Meta Description should optimally be between 150-160 characters'),(87,4,'image',NULL,NULL,'varchar',NULL,'Magento\\Catalog\\Model\\Product\\Attribute\\Frontend\\Image','media_image','Base',NULL,NULL,0,0,NULL,0,NULL),(88,4,'small_image',NULL,NULL,'varchar',NULL,'Magento\\Catalog\\Model\\Product\\Attribute\\Frontend\\Image','media_image','Small',NULL,NULL,0,0,NULL,0,NULL),(89,4,'thumbnail',NULL,NULL,'varchar',NULL,'Magento\\Catalog\\Model\\Product\\Attribute\\Frontend\\Image','media_image','Thumbnail',NULL,NULL,0,0,NULL,0,NULL),(90,4,'media_gallery',NULL,NULL,'static',NULL,NULL,'gallery','Media Gallery',NULL,NULL,0,0,NULL,0,NULL),(91,4,'old_id',NULL,NULL,'int',NULL,NULL,'text',NULL,NULL,NULL,0,0,NULL,0,NULL),(92,4,'tier_price',NULL,'Magento\\Catalog\\Model\\Product\\Attribute\\Backend\\Tierprice','decimal',NULL,NULL,'text','Tier Price',NULL,NULL,0,0,NULL,0,NULL),(93,4,'color',NULL,NULL,'int',NULL,NULL,'select','Color',NULL,NULL,0,1,NULL,0,NULL),(94,4,'news_from_date',NULL,'Magento\\Catalog\\Model\\Attribute\\Backend\\Startdate','datetime',NULL,NULL,'date','Set Product as New from Date',NULL,NULL,0,0,NULL,0,NULL),(95,4,'news_to_date',NULL,'Magento\\Eav\\Model\\Entity\\Attribute\\Backend\\Datetime','datetime',NULL,NULL,'date','Set Product as New to Date',NULL,NULL,0,0,NULL,0,NULL),(96,4,'gallery',NULL,NULL,'varchar',NULL,NULL,'gallery','Image Gallery',NULL,NULL,0,0,NULL,0,NULL),(97,4,'status',NULL,NULL,'int',NULL,NULL,'select','Enable Product',NULL,'Magento\\Catalog\\Model\\Product\\Attribute\\Source\\Status',0,0,'1',0,NULL),(98,4,'minimal_price','Magento\\Catalog\\Model\\ResourceModel\\Eav\\Attribute','Magento\\Catalog\\Model\\Product\\Attribute\\Backend\\Price','decimal',NULL,NULL,'price','Minimal Price',NULL,NULL,0,0,NULL,0,NULL),(99,4,'visibility',NULL,NULL,'int',NULL,NULL,'select','Visibility',NULL,'Magento\\Catalog\\Model\\Product\\Visibility',0,0,'4',0,NULL),(100,4,'custom_design',NULL,NULL,'varchar',NULL,NULL,'select','New Theme',NULL,'Magento\\Theme\\Model\\Theme\\Source\\Theme',0,0,NULL,0,NULL),(101,4,'custom_design_from',NULL,'Magento\\Catalog\\Model\\Attribute\\Backend\\Startdate','datetime',NULL,NULL,'date','Active From',NULL,NULL,0,0,NULL,0,NULL),(102,4,'custom_design_to',NULL,'Magento\\Eav\\Model\\Entity\\Attribute\\Backend\\Datetime','datetime',NULL,NULL,'date','Active To',NULL,NULL,0,0,NULL,0,NULL),(103,4,'custom_layout_update',NULL,'Magento\\Catalog\\Model\\Attribute\\Backend\\Customlayoutupdate','text',NULL,NULL,'textarea','Layout Update XML',NULL,NULL,0,0,NULL,0,NULL),(104,4,'page_layout',NULL,NULL,'varchar',NULL,NULL,'select','Layout',NULL,'Magento\\Catalog\\Model\\Product\\Attribute\\Source\\Layout',0,0,NULL,0,NULL),(105,4,'category_ids',NULL,'Magento\\Catalog\\Model\\Product\\Attribute\\Backend\\Category','static',NULL,NULL,'text','Categories',NULL,NULL,0,0,NULL,0,NULL),(106,4,'options_container',NULL,NULL,'varchar',NULL,NULL,'select','Display Product Options In',NULL,'Magento\\Catalog\\Model\\Entity\\Product\\Attribute\\Design\\Options\\Container',0,0,'container2',0,NULL),(107,4,'required_options',NULL,NULL,'static',NULL,NULL,'text',NULL,NULL,NULL,0,0,NULL,0,NULL),(108,4,'has_options',NULL,NULL,'static',NULL,NULL,'text',NULL,NULL,NULL,0,0,NULL,0,NULL),(109,4,'image_label',NULL,NULL,'varchar',NULL,NULL,'text','Image Label',NULL,NULL,0,0,NULL,0,NULL),(110,4,'small_image_label',NULL,NULL,'varchar',NULL,NULL,'text','Small Image Label',NULL,NULL,0,0,NULL,0,NULL),(111,4,'thumbnail_label',NULL,NULL,'varchar',NULL,NULL,'text','Thumbnail Label',NULL,NULL,0,0,NULL,0,NULL),(112,4,'created_at',NULL,NULL,'static',NULL,NULL,'date',NULL,NULL,NULL,1,0,NULL,0,NULL),(113,4,'updated_at',NULL,NULL,'static',NULL,NULL,'date',NULL,NULL,NULL,1,0,NULL,0,NULL),(114,4,'country_of_manufacture',NULL,NULL,'varchar',NULL,NULL,'select','Country of Manufacture',NULL,'Magento\\Catalog\\Model\\Product\\Attribute\\Source\\Countryofmanufacture',0,0,NULL,0,NULL),(115,4,'quantity_and_stock_status',NULL,'Magento\\Catalog\\Model\\Product\\Attribute\\Backend\\Stock','int',NULL,NULL,'select','Quantity',NULL,'Magento\\CatalogInventory\\Model\\Source\\Stock',0,0,'1',0,NULL),(116,4,'custom_layout',NULL,NULL,'varchar',NULL,NULL,'select','New Layout',NULL,'Magento\\Catalog\\Model\\Product\\Attribute\\Source\\Layout',0,0,NULL,0,NULL),(117,4,'custom_layout_update_file',NULL,'Magento\\Catalog\\Model\\Product\\Attribute\\Backend\\LayoutUpdate','varchar',NULL,NULL,'select','Custom Layout Update',NULL,'Magento\\Catalog\\Model\\Product\\Attribute\\Source\\LayoutUpdate',0,0,NULL,0,NULL),(118,3,'custom_layout_update_file',NULL,'Magento\\Catalog\\Model\\Category\\Attribute\\Backend\\LayoutUpdate','varchar',NULL,NULL,'select','Custom Layout Update',NULL,'Magento\\Catalog\\Model\\Category\\Attribute\\Source\\LayoutUpdate',0,0,NULL,0,NULL),(119,4,'msrp','Magento\\Catalog\\Model\\ResourceModel\\Eav\\Attribute','Magento\\Catalog\\Model\\Product\\Attribute\\Backend\\Price','decimal',NULL,NULL,'price','Minimum Advertised Price',NULL,NULL,0,0,NULL,0,NULL),(120,4,'msrp_display_actual_price_type',NULL,'Magento\\Catalog\\Model\\Product\\Attribute\\Backend\\Boolean','varchar',NULL,NULL,'select','Display Actual Price',NULL,'Magento\\Msrp\\Model\\Product\\Attribute\\Source\\Type\\Price',0,0,'0',0,NULL),(121,3,'url_key',NULL,NULL,'varchar',NULL,NULL,'text','URL Key',NULL,NULL,0,0,NULL,0,NULL),(122,3,'url_path',NULL,NULL,'varchar',NULL,NULL,'text',NULL,NULL,NULL,0,0,NULL,0,NULL),(123,4,'url_key',NULL,NULL,'varchar',NULL,NULL,'text','URL Key','validate-trailing-hyphen',NULL,0,0,NULL,0,NULL),(124,4,'url_path',NULL,NULL,'varchar',NULL,NULL,'text',NULL,NULL,NULL,0,0,NULL,0,NULL),(125,4,'links_purchased_separately',NULL,NULL,'int',NULL,NULL,NULL,'Links can be purchased separately',NULL,NULL,1,0,NULL,0,NULL),(126,4,'samples_title',NULL,NULL,'varchar',NULL,NULL,NULL,'Samples title',NULL,NULL,1,0,NULL,0,NULL),(127,4,'links_title',NULL,NULL,'varchar',NULL,NULL,NULL,'Links title',NULL,NULL,1,0,NULL,0,NULL),(128,4,'links_exist',NULL,NULL,'int',NULL,NULL,NULL,NULL,NULL,NULL,0,0,NULL,0,NULL),(129,4,'gift_message_available',NULL,'Magento\\Catalog\\Model\\Product\\Attribute\\Backend\\Boolean','varchar',NULL,NULL,'select','Allow Gift Message',NULL,'Magento\\Catalog\\Model\\Product\\Attribute\\Source\\Boolean',0,0,NULL,0,NULL),(131,4,'price_type',NULL,NULL,'int',NULL,NULL,'boolean','Dynamic Price',NULL,NULL,1,0,'0',0,NULL),(132,4,'sku_type',NULL,NULL,'int',NULL,NULL,'boolean','Dynamic SKU',NULL,NULL,1,0,'0',0,NULL),(133,4,'weight_type',NULL,NULL,'int',NULL,NULL,'boolean','Dynamic Weight',NULL,NULL,1,0,'0',0,NULL),(134,4,'price_view',NULL,NULL,'int',NULL,NULL,'select','Price View',NULL,'Magento\\Bundle\\Model\\Product\\Attribute\\Source\\Price\\View',1,0,NULL,0,NULL),(135,4,'shipment_type',NULL,NULL,'int',NULL,NULL,'select','Ship Bundle Items',NULL,'Magento\\Bundle\\Model\\Product\\Attribute\\Source\\Shipment\\Type',1,0,'0',0,NULL),(136,4,'swatch_image',NULL,NULL,'varchar',NULL,'Magento\\Catalog\\Model\\Product\\Attribute\\Frontend\\Image','media_image','Swatch',NULL,NULL,0,0,NULL,0,NULL),(137,4,'tax_class_id',NULL,NULL,'int',NULL,NULL,'select','Tax Class',NULL,'Magento\\Tax\\Model\\TaxClass\\Source\\Product',0,0,'2',0,NULL),(145,4,'ingredients',NULL,NULL,'text',NULL,NULL,'textarea','Ingredients Used',NULL,NULL,0,1,NULL,0,NULL),(146,4,'facebook_product',NULL,NULL,'text',NULL,NULL,'boolean','Show Product On Facebook',NULL,'Magento\\Eav\\Model\\Entity\\Attribute\\Source\\Boolean',0,0,NULL,0,'Select yes to display product on facebook shop'),(147,4,'fb_product_condition',NULL,NULL,'varchar',NULL,NULL,'select','Facebook Product Condition',NULL,'Sparsh\\FacebookShopIntegration\\Model\\Attribute\\Source\\FbProductCondition',0,0,NULL,0,'Product condition for product in facebook shop'),(148,4,'google_product_category',NULL,NULL,'varchar',NULL,NULL,'text','Google Product Category',NULL,NULL,0,0,NULL,0,'Set product item category based on standard taxonomy defined by Google: https://support.google.com/merchants/answer/6324436. You can specify either the string representation or the numeric representation of your category.'),(149,3,'google_category',NULL,NULL,'varchar',NULL,NULL,'text','Google Product Category',NULL,NULL,0,0,NULL,0,'Set category based on standard taxonomy defined by Google: https://support.google.com/merchants/answer/6324436. You can specify either the string representation or the numeric representation of your category.'),(150,1,'squareup_customer_id',NULL,NULL,'text',NULL,NULL,'text','Squareup Customer Id',NULL,NULL,0,0,NULL,0,NULL),(151,1,'squareup_just_imported',NULL,NULL,'int',NULL,NULL,'text','Squareup Just Imported',NULL,NULL,0,0,'0',0,NULL),(152,4,'square_id',NULL,NULL,'varchar',NULL,NULL,'text','Square Id',NULL,NULL,0,1,NULL,1,NULL),(153,4,'square_variation_id',NULL,NULL,'varchar',NULL,NULL,'text','Square Variation Id',NULL,NULL,0,1,NULL,1,NULL),(154,1,'square_updated_at',NULL,NULL,'text',NULL,NULL,'text','Square Updated At',NULL,NULL,0,0,'0',0,NULL),(155,1,'square_saved_cards',NULL,NULL,'text',NULL,NULL,'text','Square Saved Cards',NULL,NULL,0,0,NULL,0,NULL),(156,4,'square_variation',NULL,'Magento\\Eav\\Model\\Entity\\Attribute\\Backend\\DefaultBackend','int',NULL,'Magento\\Eav\\Model\\Entity\\Attribute\\Frontend\\DefaultFrontend','select','Square Variation',NULL,NULL,0,1,'',0,NULL),(157,4,'square_updated_at',NULL,NULL,'text',NULL,NULL,'text','Square Updated At',NULL,NULL,0,0,'0',0,NULL),(158,4,'square_product_image',NULL,NULL,'text',NULL,NULL,'text','Square Product Image',NULL,NULL,0,1,'0',0,NULL),(159,1,'mp_smtp_is_synced',NULL,NULL,'int',NULL,NULL,'hidden','Mp SMTP is synced',NULL,NULL,0,0,NULL,0,NULL),(160,4,'coderkube_brand',NULL,'Magento\\Eav\\Model\\Entity\\Attribute\\Backend\\ArrayBackend','text',NULL,NULL,'multiselect','Product Brand',NULL,'Coderkube\\Brand\\Model\\Brandlist',0,1,NULL,0,NULL),(161,4,'how_to_use',NULL,NULL,'text',NULL,NULL,'textarea','How To Use',NULL,NULL,0,1,NULL,0,NULL),(162,4,'mp_exclude_sitemap',NULL,NULL,'varchar',NULL,NULL,'select','Exclude Sitemap',NULL,'Magento\\Eav\\Model\\Entity\\Attribute\\Source\\Boolean',0,0,NULL,0,'Added by Mageplaza Sitemap'),(163,3,'mp_exclude_sitemap',NULL,NULL,'int',NULL,NULL,'select',NULL,NULL,'Magento\\Eav\\Model\\Entity\\Attribute\\Source\\Boolean',0,0,NULL,0,NULL),(164,4,'mgs_brand',NULL,NULL,'int',NULL,NULL,'select','Ingredients',NULL,NULL,0,1,'',0,NULL),(166,4,'stripe_sub_enabled',NULL,NULL,'int',NULL,NULL,'boolean','Subscription Enabled',NULL,'Magento\\Eav\\Model\\Entity\\Attribute\\Source\\Boolean',0,0,NULL,0,NULL),(168,4,'stripe_sub_interval_count',NULL,NULL,'varchar',NULL,NULL,'text','Repeat Every',NULL,NULL,0,0,NULL,0,NULL),(169,4,'stripe_sub_trial',NULL,NULL,'int',NULL,NULL,'text','Trial Days',NULL,NULL,0,0,NULL,0,NULL),(170,4,'stripe_sub_initial_fee',NULL,NULL,'decimal',NULL,NULL,'text','Initial Fee',NULL,NULL,0,0,NULL,0,NULL),(171,1,'stripe_id',NULL,NULL,'varchar',NULL,NULL,'text','Stripe Id',NULL,NULL,0,1,NULL,0,NULL);

--
-- Table structure for table `eav_attribute_group`
--

CREATE TABLE `eav_attribute_group` (
  `attribute_group_id` smallint unsigned NOT NULL COMMENT 'Attribute Group ID',
  `attribute_set_id` smallint unsigned NOT NULL DEFAULT '0' COMMENT 'Attribute Set ID',
  `attribute_group_name` varchar(255) DEFAULT NULL COMMENT 'Attribute Group Name',
  `sort_order` smallint NOT NULL DEFAULT '0' COMMENT 'Sort Order',
  `default_id` smallint unsigned DEFAULT '0' COMMENT 'Default ID',
  `attribute_group_code` varchar(255) NOT NULL COMMENT 'Attribute Group Code',
  `tab_group_code` varchar(255) DEFAULT NULL COMMENT 'Tab Group Code'
) ENGINE=InnoDB DEFAULT CHARSET=utf8mb3 COMMENT='Eav Attribute Group';

--
-- Dumping data for table `eav_attribute_group`
--

INSERT INTO `eav_attribute_group` VALUES (1,1,'General',1,1,'general',NULL),(2,2,'General',1,1,'general',NULL),(3,3,'General',10,1,'general',NULL),(4,3,'General Information',2,0,'general-information',NULL),(5,3,'Display Settings',20,0,'display-settings',NULL),(6,3,'Custom Design',30,0,'custom-design',NULL),(7,4,'General',1,1,'product-details','basic'),(8,4,'Advanced Pricing',6,0,'advanced-pricing','advanced'),(9,4,'Search Engine Optimization',5,0,'search-engine-optimization','basic'),(10,4,'Images',4,0,'image-management','basic'),(11,4,'Design',7,0,'design','advanced'),(12,4,'Autosettings',9,0,'autosettings','advanced'),(13,4,'Content',2,0,'content','basic'),(14,4,'Schedule Design Update',8,0,'schedule-design-update','advanced'),(15,5,'General',1,1,'general',NULL),(16,6,'General',1,1,'general',NULL),(17,7,'General',1,1,'general',NULL),(18,8,'General',1,1,'general',NULL),(19,4,'Gift Options',10,0,'gift-options',NULL),(20,4,'Bundle Items',3,0,'bundle-items',NULL),(21,4,'Facebook Shop Integration',11,0,'facebook-shop-integration',NULL),(22,3,'Facebook Shop Integration',31,0,'facebook-shop-integration',NULL),(23,3,'Search Engine Optimization',32,0,'search-engine-optimization',NULL),(24,4,'Subscriptions by Stripe',18,0,'subscriptions-by-stripe',NULL);

--
-- Table structure for table `eav_attribute_label`
--

CREATE TABLE `eav_attribute_label` (
  `attribute_label_id` int unsigned NOT NULL COMMENT 'Attribute Label ID',
  `attribute_id` smallint unsigned NOT NULL DEFAULT '0' COMMENT 'Attribute ID',
  `store_id` smallint unsigned NOT NULL DEFAULT '0' COMMENT 'Store ID',
  `value` varchar(255) DEFAULT NULL COMMENT 'Value'
) ENGINE=InnoDB DEFAULT CHARSET=utf8mb3 COMMENT='Eav Attribute Label';

--
-- Dumping data for table `eav_attribute_label`
--

INSERT INTO `eav_attribute_label` VALUES (2,145,1,'Ingredients');

--
-- Table structure for table `eav_attribute_option`
--

CREATE TABLE `eav_attribute_option` (
  `option_id` int unsigned NOT NULL COMMENT 'Option ID',
  `attribute_id` smallint unsigned NOT NULL DEFAULT '0' COMMENT 'Attribute ID',
  `sort_order` smallint unsigned NOT NULL DEFAULT '0' COMMENT 'Sort Order'
) ENGINE=InnoDB DEFAULT CHARSET=utf8mb3 COMMENT='Eav Attribute Option';

--
-- Dumping data for table `eav_attribute_option`
--

INSERT INTO `eav_attribute_option` VALUES (1,20,0),(2,20,1),(3,20,3),(5431,164,0),(5433,164,0),(5434,164,0),(5435,164,0),(5436,164,0),(5437,164,0),(5438,164,0),(5439,164,0),(5440,164,0),(5441,164,0),(5442,164,0),(5443,164,0),(5444,164,0),(5445,164,0),(5446,164,0),(5447,164,0),(5448,164,0);

--
-- Table structure for table `eav_attribute_option_swatch`
--

CREATE TABLE `eav_attribute_option_swatch` (
  `swatch_id` int unsigned NOT NULL COMMENT 'Swatch ID',
  `option_id` int unsigned NOT NULL COMMENT 'Option ID',
  `store_id` smallint unsigned NOT NULL COMMENT 'Store ID',
  `type` smallint unsigned NOT NULL COMMENT 'Swatch type: 0 - text, 1 - visual color, 2 - visual image',
  `value` varchar(255) DEFAULT NULL COMMENT 'Swatch Value'
) ENGINE=InnoDB DEFAULT CHARSET=utf8mb3 COMMENT='Magento Swatches table';

--
-- Dumping data for table `eav_attribute_option_swatch`
--


--
-- Table structure for table `eav_attribute_option_value`
--

CREATE TABLE `eav_attribute_option_value` (
  `value_id` int unsigned NOT NULL COMMENT 'Value ID',
  `option_id` int unsigned NOT NULL DEFAULT '0' COMMENT 'Option ID',
  `store_id` smallint unsigned NOT NULL DEFAULT '0' COMMENT 'Store ID',
  `value` varchar(255) DEFAULT NULL COMMENT 'Value'
) ENGINE=InnoDB DEFAULT CHARSET=utf8mb3 COMMENT='Eav Attribute Option Value';

--
-- Dumping data for table `eav_attribute_option_value`
--

INSERT INTO `eav_attribute_option_value` VALUES (1,1,0,'Male'),(2,2,0,'Female'),(3,3,0,'Not Specified'),(5456,5431,0,'Adenosine'),(5457,5438,0,'Aloe Vera'),(5458,5434,0,'Basil'),(5459,5433,0,'Bentonite Clay'),(5460,5443,0,'Camphor'),(5461,5442,0,'Citric Acid'),(5462,5440,0,'Cucumber'),(5463,5439,0,'Hops'),(5464,5446,0,'Isopropyl Alcohol'),(5465,5441,0,'Lime Extract'),(5466,5437,0,'Menthol'),(5467,5447,0,'Panthenol (Vitamin B5)'),(5468,5444,0,'Purified Water'),(5469,5436,0,'Salicylic Acid'),(5470,5435,0,'Shea Butter'),(5471,5445,0,'Tea Tree Oil'),(5472,5448,0,'Acetylsalicylic Acid');

--
-- Table structure for table `eav_attribute_set`
--

CREATE TABLE `eav_attribute_set` (
  `attribute_set_id` smallint unsigned NOT NULL COMMENT 'Attribute Set ID',
  `entity_type_id` smallint unsigned NOT NULL DEFAULT '0' COMMENT 'Entity Type ID',
  `attribute_set_name` varchar(255) DEFAULT NULL COMMENT 'Attribute Set Name',
  `sort_order` smallint NOT NULL DEFAULT '0' COMMENT 'Sort Order'
) ENGINE=InnoDB DEFAULT CHARSET=utf8mb3 COMMENT='Eav Attribute Set';

--
-- Dumping data for table `eav_attribute_set`
--

INSERT INTO `eav_attribute_set` VALUES (1,1,'Default',2),(2,2,'Default',2),(3,3,'Default',1),(4,4,'Default',1),(5,5,'Default',1),(6,6,'Default',1),(7,7,'Default',1),(8,8,'Default',1);

--
-- Table structure for table `eav_entity`
--

CREATE TABLE `eav_entity` (
  `entity_id` int unsigned NOT NULL COMMENT 'Entity ID',
  `entity_type_id` smallint unsigned NOT NULL DEFAULT '0' COMMENT 'Entity Type ID',
  `attribute_set_id` smallint unsigned NOT NULL DEFAULT '0' COMMENT 'Attribute Set ID',
  `increment_id` varchar(50) DEFAULT NULL COMMENT 'Increment ID',
  `parent_id` int unsigned NOT NULL DEFAULT '0' COMMENT 'Parent ID',
  `store_id` smallint unsigned NOT NULL DEFAULT '0' COMMENT 'Store ID',
  `created_at` timestamp NOT NULL DEFAULT CURRENT_TIMESTAMP COMMENT 'Created At',
  `updated_at` timestamp NOT NULL DEFAULT CURRENT_TIMESTAMP ON UPDATE CURRENT_TIMESTAMP COMMENT 'Updated At',
  `is_active` smallint unsigned NOT NULL DEFAULT '1' COMMENT 'Defines Is Entity Active'
) ENGINE=InnoDB DEFAULT CHARSET=utf8mb3 COMMENT='Eav Entity';

--
-- Dumping data for table `eav_entity`
--


--
-- Table structure for table `eav_entity_attribute`
--

CREATE TABLE `eav_entity_attribute` (
  `entity_attribute_id` int unsigned NOT NULL COMMENT 'Entity Attribute ID',
  `entity_type_id` smallint unsigned NOT NULL DEFAULT '0' COMMENT 'Entity Type ID',
  `attribute_set_id` smallint unsigned NOT NULL DEFAULT '0' COMMENT 'Attribute Set ID',
  `attribute_group_id` smallint unsigned NOT NULL DEFAULT '0' COMMENT 'Attribute Group ID',
  `attribute_id` smallint unsigned NOT NULL DEFAULT '0' COMMENT 'Attribute ID',
  `sort_order` smallint NOT NULL DEFAULT '0' COMMENT 'Sort Order'
) ENGINE=InnoDB DEFAULT CHARSET=utf8mb3 COMMENT='Eav Entity Attributes';

--
-- Dumping data for table `eav_entity_attribute`
--

INSERT INTO `eav_entity_attribute` VALUES (1,1,1,1,1,10),(2,1,1,1,2,20),(3,1,1,1,3,20),(4,1,1,1,4,30),(5,1,1,1,5,40),(6,1,1,1,6,50),(7,1,1,1,7,60),(8,1,1,1,8,70),(9,1,1,1,9,80),(10,1,1,1,10,25),(11,1,1,1,11,90),(12,1,1,1,12,81),(13,1,1,1,13,115),(14,1,1,1,14,120),(15,1,1,1,15,82),(16,1,1,1,16,83),(17,1,1,1,17,100),(18,1,1,1,18,0),(19,1,1,1,19,0),(20,1,1,1,20,110),(21,1,1,1,21,28),(22,2,2,2,22,10),(23,2,2,2,23,20),(24,2,2,2,24,30),(25,2,2,2,25,40),(26,2,2,2,26,50),(27,2,2,2,27,60),(28,2,2,2,28,70),(29,2,2,2,29,100),(30,2,2,2,30,80),(31,2,2,2,31,90),(32,2,2,2,32,90),(33,2,2,2,33,110),(34,2,2,2,34,120),(35,2,2,2,35,130),(36,2,2,2,36,140),(37,2,2,2,37,132),(38,2,2,2,38,133),(39,2,2,2,39,134),(40,2,2,2,40,135),(41,1,1,1,41,87),(42,1,1,1,42,100),(43,1,1,1,43,110),(44,1,1,1,44,120),(45,3,3,4,45,1),(46,3,3,4,46,2),(47,3,3,4,47,4),(48,3,3,4,48,5),(49,3,3,4,49,6),(50,3,3,4,50,7),(51,3,3,4,51,8),(52,3,3,5,52,10),(53,3,3,5,53,20),(54,3,3,5,54,30),(55,3,3,4,55,12),(56,3,3,4,56,13),(57,3,3,4,57,14),(58,3,3,4,58,15),(59,3,3,4,59,16),(60,3,3,6,60,10),(61,3,3,6,61,30),(62,3,3,6,62,40),(63,3,3,6,63,50),(64,3,3,6,64,60),(65,3,3,4,65,24),(66,3,3,4,66,25),(67,3,3,5,67,40),(68,3,3,5,68,50),(69,3,3,4,69,10),(70,3,3,6,70,5),(71,3,3,6,71,6),(72,3,3,5,72,51),(90,4,4,7,91,6),(96,4,4,8,98,8),(101,4,4,11,103,10),(105,4,4,7,107,14),(106,4,4,7,108,15),(107,4,4,7,109,16),(108,4,4,7,110,17),(109,4,4,7,111,18),(110,4,4,7,112,19),(111,4,4,7,113,20),(116,3,3,6,118,51),(119,3,3,4,121,3),(120,3,3,4,122,17),(122,4,4,7,124,11),(123,4,4,7,125,111),(124,4,4,7,126,112),(125,4,4,7,127,113),(126,4,4,7,128,114),(198,3,3,22,149,10),(199,1,1,1,150,121),(200,1,1,1,151,122),(203,1,1,1,154,123),(204,1,1,1,155,124),(206,4,4,7,157,119),(207,4,4,7,158,120),(210,1,1,1,159,90),(212,4,4,7,73,2),(213,4,4,7,74,3),(214,4,4,7,77,5),(215,4,4,7,82,12),(216,4,4,7,94,18),(217,4,4,7,95,20),(218,4,4,7,97,1),(219,4,4,7,99,16),(220,4,4,7,105,17),(221,4,4,7,114,22),(222,4,4,7,115,8),(223,4,4,7,131,6),(224,4,4,7,132,4),(225,4,4,7,133,15),(226,4,4,7,137,7),(234,4,4,7,152,24),(235,4,4,7,153,25),(236,4,4,7,156,26),(237,4,4,7,160,23),(238,4,4,13,75,110),(239,4,4,13,76,100),(240,4,4,13,145,3),(241,4,4,13,161,4),(242,4,4,20,135,1),(243,4,4,10,87,1),(244,4,4,10,88,2),(245,4,4,10,89,3),(246,4,4,10,90,5),(247,4,4,10,96,6),(248,4,4,10,136,4),(249,4,4,9,84,2),(250,4,4,9,85,3),(251,4,4,9,86,4),(252,4,4,9,123,1),(253,4,4,8,78,1),(254,4,4,8,79,2),(255,4,4,8,80,3),(256,4,4,8,81,4),(257,4,4,8,92,5),(258,4,4,8,119,6),(259,4,4,8,120,7),(260,4,4,8,134,8),(261,4,4,11,104,1),(262,4,4,11,106,2),(263,4,4,11,117,3),(264,4,4,14,100,3),(265,4,4,14,101,1),(266,4,4,14,102,2),(267,4,4,14,116,4),(268,4,4,19,129,1),(269,4,4,21,146,1),(270,4,4,21,147,2),(271,4,4,21,148,3),(272,4,4,9,162,100),(273,3,3,23,163,100),(274,4,4,7,164,100),(275,1,1,1,165,120),(276,4,4,24,166,100),(278,4,4,24,168,120),(279,4,4,24,169,130),(280,4,4,24,170,140),(282,1,1,1,171,1000);

--
-- Table structure for table `eav_entity_datetime`
--

CREATE TABLE `eav_entity_datetime` (
  `value_id` int NOT NULL COMMENT 'Value ID',
  `entity_type_id` smallint unsigned NOT NULL DEFAULT '0' COMMENT 'Entity Type ID',
  `attribute_id` smallint unsigned NOT NULL DEFAULT '0' COMMENT 'Attribute ID',
  `store_id` smallint unsigned NOT NULL DEFAULT '0' COMMENT 'Store ID',
  `entity_id` int unsigned NOT NULL DEFAULT '0' COMMENT 'Entity ID',
  `value` datetime DEFAULT NULL COMMENT 'Attribute Value'
) ENGINE=InnoDB DEFAULT CHARSET=utf8mb3 COMMENT='Eav Entity Value Prefix';

--
-- Dumping data for table `eav_entity_datetime`
--


--
-- Table structure for table `eav_entity_decimal`
--

CREATE TABLE `eav_entity_decimal` (
  `value_id` int NOT NULL COMMENT 'Value ID',
  `entity_type_id` smallint unsigned NOT NULL DEFAULT '0' COMMENT 'Entity Type ID',
  `attribute_id` smallint unsigned NOT NULL DEFAULT '0' COMMENT 'Attribute ID',
  `store_id` smallint unsigned NOT NULL DEFAULT '0' COMMENT 'Store ID',
  `entity_id` int unsigned NOT NULL DEFAULT '0' COMMENT 'Entity ID',
  `value` decimal(12,4) NOT NULL DEFAULT '0.0000' COMMENT 'Attribute Value'
) ENGINE=InnoDB DEFAULT CHARSET=utf8mb3 COMMENT='Eav Entity Value Prefix';

--
-- Dumping data for table `eav_entity_decimal`
--


--
-- Table structure for table `eav_entity_int`
--

CREATE TABLE `eav_entity_int` (
  `value_id` int NOT NULL COMMENT 'Value ID',
  `entity_type_id` smallint unsigned NOT NULL DEFAULT '0' COMMENT 'Entity Type ID',
  `attribute_id` smallint unsigned NOT NULL DEFAULT '0' COMMENT 'Attribute ID',
  `store_id` smallint unsigned NOT NULL DEFAULT '0' COMMENT 'Store ID',
  `entity_id` int unsigned NOT NULL DEFAULT '0' COMMENT 'Entity ID',
  `value` int NOT NULL DEFAULT '0' COMMENT 'Attribute Value'
) ENGINE=InnoDB DEFAULT CHARSET=utf8mb3 COMMENT='Eav Entity Value Prefix';

--
-- Dumping data for table `eav_entity_int`
--


--
-- Table structure for table `eav_entity_store`
--

CREATE TABLE `eav_entity_store` (
  `entity_store_id` int unsigned NOT NULL COMMENT 'Entity Store ID',
  `entity_type_id` smallint unsigned NOT NULL DEFAULT '0' COMMENT 'Entity Type ID',
  `store_id` smallint unsigned NOT NULL DEFAULT '0' COMMENT 'Store ID',
  `increment_prefix` varchar(20) DEFAULT NULL COMMENT 'Increment Prefix',
  `increment_last_id` varchar(50) DEFAULT NULL COMMENT 'Last Incremented ID'
) ENGINE=InnoDB DEFAULT CHARSET=utf8mb3 COMMENT='Eav Entity Store';

--
-- Dumping data for table `eav_entity_store`
--


--
-- Table structure for table `eav_entity_text`
--

CREATE TABLE `eav_entity_text` (
  `value_id` int NOT NULL COMMENT 'Value ID',
  `entity_type_id` smallint unsigned NOT NULL DEFAULT '0' COMMENT 'Entity Type ID',
  `attribute_id` smallint unsigned NOT NULL DEFAULT '0' COMMENT 'Attribute ID',
  `store_id` smallint unsigned NOT NULL DEFAULT '0' COMMENT 'Store ID',
  `entity_id` int unsigned NOT NULL DEFAULT '0' COMMENT 'Entity ID',
  `value` text NOT NULL COMMENT 'Attribute Value'
) ENGINE=InnoDB DEFAULT CHARSET=utf8mb3 COMMENT='Eav Entity Value Prefix';

--
-- Dumping data for table `eav_entity_text`
--


--
-- Table structure for table `eav_entity_type`
--

CREATE TABLE `eav_entity_type` (
  `entity_type_id` smallint unsigned NOT NULL COMMENT 'Entity Type ID',
  `entity_type_code` varchar(50) NOT NULL COMMENT 'Entity Type Code',
  `entity_model` varchar(255) NOT NULL COMMENT 'Entity Model',
  `attribute_model` varchar(255) DEFAULT NULL COMMENT 'Attribute Model',
  `entity_table` varchar(255) DEFAULT NULL COMMENT 'Entity Table',
  `value_table_prefix` varchar(255) DEFAULT NULL COMMENT 'Value Table Prefix',
  `entity_id_field` varchar(255) DEFAULT NULL COMMENT 'Entity ID Field',
  `is_data_sharing` smallint unsigned NOT NULL DEFAULT '1' COMMENT 'Defines Is Data Sharing',
  `data_sharing_key` varchar(100) DEFAULT 'default' COMMENT 'Data Sharing Key',
  `default_attribute_set_id` smallint unsigned NOT NULL DEFAULT '0' COMMENT 'Default Attribute Set ID',
  `increment_model` varchar(255) DEFAULT NULL COMMENT 'Increment Model',
  `increment_per_store` smallint unsigned NOT NULL DEFAULT '0' COMMENT 'Increment Per Store',
  `increment_pad_length` smallint unsigned NOT NULL DEFAULT '8' COMMENT 'Increment Pad Length',
  `increment_pad_char` varchar(1) NOT NULL DEFAULT '0' COMMENT 'Increment Pad Char',
  `additional_attribute_table` varchar(255) DEFAULT NULL COMMENT 'Additional Attribute Table',
  `entity_attribute_collection` varchar(255) DEFAULT NULL COMMENT 'Entity Attribute Collection'
) ENGINE=InnoDB DEFAULT CHARSET=utf8mb3 COMMENT='Eav Entity Type';

--
-- Dumping data for table `eav_entity_type`
--

INSERT INTO `eav_entity_type` VALUES (1,'customer','Magento\\Customer\\Model\\ResourceModel\\Customer','Magento\\Customer\\Model\\Attribute','customer_entity',NULL,NULL,1,'default',1,'Magento\\Eav\\Model\\Entity\\Increment\\NumericValue',0,8,'0','customer_eav_attribute','Magento\\Customer\\Model\\ResourceModel\\Attribute\\Collection'),(2,'customer_address','Magento\\Customer\\Model\\ResourceModel\\Address','Magento\\Customer\\Model\\Attribute','customer_address_entity',NULL,NULL,1,'default',2,NULL,0,8,'0','customer_eav_attribute','Magento\\Customer\\Model\\ResourceModel\\Address\\Attribute\\Collection'),(3,'catalog_category','Magento\\Catalog\\Model\\ResourceModel\\Category','Magento\\Catalog\\Model\\ResourceModel\\Eav\\Attribute','catalog_category_entity',NULL,NULL,1,'default',3,NULL,0,8,'0','catalog_eav_attribute','Magento\\Catalog\\Model\\ResourceModel\\Category\\Attribute\\Collection'),(4,'catalog_product','Magento\\Catalog\\Model\\ResourceModel\\Product','Magento\\Catalog\\Model\\ResourceModel\\Eav\\Attribute','catalog_product_entity',NULL,NULL,1,'default',4,NULL,0,8,'0','catalog_eav_attribute','Magento\\Catalog\\Model\\ResourceModel\\Product\\Attribute\\Collection'),(5,'order','Magento\\Sales\\Model\\ResourceModel\\Order',NULL,'sales_order',NULL,NULL,1,'default',5,'Magento\\Eav\\Model\\Entity\\Increment\\NumericValue',1,8,'0',NULL,NULL),(6,'invoice','Magento\\Sales\\Model\\ResourceModel\\Order\\Invoice',NULL,'sales_invoice',NULL,NULL,1,'default',6,'Magento\\Eav\\Model\\Entity\\Increment\\NumericValue',1,8,'0',NULL,NULL),(7,'creditmemo','Magento\\Sales\\Model\\ResourceModel\\Order\\Creditmemo',NULL,'sales_creditmemo',NULL,NULL,1,'default',7,'Magento\\Eav\\Model\\Entity\\Increment\\NumericValue',1,8,'0',NULL,NULL),(8,'shipment','Magento\\Sales\\Model\\ResourceModel\\Order\\Shipment',NULL,'sales_shipment',NULL,NULL,1,'default',8,'Magento\\Eav\\Model\\Entity\\Increment\\NumericValue',1,8,'0',NULL,NULL);

--
-- Table structure for table `eav_entity_varchar`
--

CREATE TABLE `eav_entity_varchar` (
  `value_id` int NOT NULL COMMENT 'Value ID',
  `entity_type_id` smallint unsigned NOT NULL DEFAULT '0' COMMENT 'Entity Type ID',
  `attribute_id` smallint unsigned NOT NULL DEFAULT '0' COMMENT 'Attribute ID',
  `store_id` smallint unsigned NOT NULL DEFAULT '0' COMMENT 'Store ID',
  `entity_id` int unsigned NOT NULL DEFAULT '0' COMMENT 'Entity ID',
  `value` varchar(255) DEFAULT NULL COMMENT 'Attribute Value'
) ENGINE=InnoDB DEFAULT CHARSET=utf8mb3 COMMENT='Eav Entity Value Prefix';

--
-- Dumping data for table `eav_entity_varchar`
--


--
-- Table structure for table `eav_form_element`
--

CREATE TABLE `eav_form_element` (
  `element_id` int unsigned NOT NULL COMMENT 'Element ID',
  `type_id` smallint unsigned NOT NULL COMMENT 'Type ID',
  `fieldset_id` smallint unsigned DEFAULT NULL COMMENT 'Fieldset ID',
  `attribute_id` smallint unsigned NOT NULL COMMENT 'Attribute ID',
  `sort_order` int NOT NULL DEFAULT '0' COMMENT 'Sort Order'
) ENGINE=InnoDB DEFAULT CHARSET=utf8mb3 COMMENT='Eav Form Element';

--
-- Dumping data for table `eav_form_element`
--

INSERT INTO `eav_form_element` VALUES (1,1,NULL,23,0),(2,1,NULL,25,1),(3,1,NULL,27,2),(4,1,NULL,9,3),(5,1,NULL,28,4),(6,1,NULL,29,5),(7,1,NULL,31,6),(8,1,NULL,33,7),(9,1,NULL,30,8),(10,1,NULL,34,9),(11,1,NULL,35,10),(12,2,NULL,23,0),(13,2,NULL,25,1),(14,2,NULL,27,2),(15,2,NULL,9,3),(16,2,NULL,28,4),(17,2,NULL,29,5),(18,2,NULL,31,6),(19,2,NULL,33,7),(20,2,NULL,30,8),(21,2,NULL,34,9),(22,2,NULL,35,10),(23,3,NULL,23,0),(24,3,NULL,25,1),(25,3,NULL,27,2),(26,3,NULL,28,3),(27,3,NULL,29,4),(28,3,NULL,31,5),(29,3,NULL,33,6),(30,3,NULL,30,7),(31,3,NULL,34,8),(32,3,NULL,35,9),(33,4,NULL,23,0),(34,4,NULL,25,1),(35,4,NULL,27,2),(36,4,NULL,28,3),(37,4,NULL,29,4),(38,4,NULL,31,5),(39,4,NULL,33,6),(40,4,NULL,30,7),(41,4,NULL,34,8),(42,4,NULL,35,9);

--
-- Table structure for table `eav_form_fieldset`
--

CREATE TABLE `eav_form_fieldset` (
  `fieldset_id` smallint unsigned NOT NULL COMMENT 'Fieldset ID',
  `type_id` smallint unsigned NOT NULL COMMENT 'Type ID',
  `code` varchar(64) NOT NULL COMMENT 'Code',
  `sort_order` int NOT NULL DEFAULT '0' COMMENT 'Sort Order'
) ENGINE=InnoDB DEFAULT CHARSET=utf8mb3 COMMENT='Eav Form Fieldset';

--
-- Dumping data for table `eav_form_fieldset`
--


--
-- Table structure for table `eav_form_fieldset_label`
--

CREATE TABLE `eav_form_fieldset_label` (
  `fieldset_id` smallint unsigned NOT NULL COMMENT 'Fieldset ID',
  `store_id` smallint unsigned NOT NULL COMMENT 'Store ID',
  `label` varchar(255) NOT NULL COMMENT 'Label'
) ENGINE=InnoDB DEFAULT CHARSET=utf8mb3 COMMENT='Eav Form Fieldset Label';

--
-- Dumping data for table `eav_form_fieldset_label`
--


--
-- Table structure for table `eav_form_type`
--

CREATE TABLE `eav_form_type` (
  `type_id` smallint unsigned NOT NULL COMMENT 'Type ID',
  `code` varchar(64) NOT NULL COMMENT 'Code',
  `label` varchar(255) NOT NULL COMMENT 'Label',
  `is_system` smallint unsigned NOT NULL DEFAULT '0' COMMENT 'Is System',
  `theme` varchar(64) DEFAULT NULL COMMENT 'Theme',
  `store_id` smallint unsigned NOT NULL COMMENT 'Store ID'
) ENGINE=InnoDB DEFAULT CHARSET=utf8mb3 COMMENT='Eav Form Type';

--
-- Dumping data for table `eav_form_type`
--

INSERT INTO `eav_form_type` VALUES (1,'checkout_onepage_register','checkout_onepage_register',1,'',0),(2,'checkout_onepage_register_guest','checkout_onepage_register_guest',1,'',0),(3,'checkout_onepage_billing_address','checkout_onepage_billing_address',1,'',0),(4,'checkout_onepage_shipping_address','checkout_onepage_shipping_address',1,'',0);

--
-- Table structure for table `eav_form_type_entity`
--

CREATE TABLE `eav_form_type_entity` (
  `type_id` smallint unsigned NOT NULL COMMENT 'Type ID',
  `entity_type_id` smallint unsigned NOT NULL COMMENT 'Entity Type ID'
) ENGINE=InnoDB DEFAULT CHARSET=utf8mb3 COMMENT='Eav Form Type Entity';

--
-- Dumping data for table `eav_form_type_entity`
--

INSERT INTO `eav_form_type_entity` VALUES (1,1),(1,2),(2,1),(2,2),(3,2),(4,2);

--
-- Table structure for table `email_abandoned_cart`
--

CREATE TABLE `email_abandoned_cart` (
  `id` int unsigned NOT NULL COMMENT 'Primary Key',
  `quote_id` int unsigned DEFAULT NULL COMMENT 'Quote Id',
  `store_id` smallint unsigned DEFAULT NULL COMMENT 'Store Id',
  `customer_id` int unsigned DEFAULT NULL COMMENT 'Customer ID',
  `email` varchar(255) NOT NULL DEFAULT '' COMMENT 'Email',
  `status` varchar(255) NOT NULL DEFAULT '' COMMENT 'Contact Status',
  `is_active` smallint unsigned NOT NULL DEFAULT '1' COMMENT 'Quote Active',
  `quote_updated_at` timestamp NULL DEFAULT NULL COMMENT 'Quote updated at',
  `abandoned_cart_number` smallint unsigned NOT NULL DEFAULT '0' COMMENT 'Abandoned Cart number',
  `items_count` smallint unsigned DEFAULT '0' COMMENT 'Quote items count',
  `items_ids` varchar(255) DEFAULT NULL COMMENT 'Quote item ids',
  `created_at` timestamp NULL DEFAULT NULL COMMENT 'Created At',
  `updated_at` timestamp NULL DEFAULT NULL COMMENT 'Updated at'
) ENGINE=InnoDB DEFAULT CHARSET=utf8mb3 COMMENT='Abandoned Carts Table';

--
-- Dumping data for table `email_abandoned_cart`
--


--
-- Table structure for table `email_automation`
--

CREATE TABLE `email_automation` (
  `id` int unsigned NOT NULL COMMENT 'Primary Key',
  `automation_type` varchar(255) DEFAULT NULL COMMENT 'Automation Type',
  `store_name` varchar(255) DEFAULT NULL COMMENT 'Automation Type',
  `enrolment_status` varchar(255) NOT NULL COMMENT 'Enrolment Status',
  `email` varchar(255) DEFAULT NULL COMMENT 'Email',
  `type_id` varchar(255) DEFAULT NULL COMMENT 'Type ID',
  `program_id` varchar(255) DEFAULT NULL COMMENT 'Program ID',
  `website_id` smallint unsigned NOT NULL COMMENT 'Website Id',
  `message` varchar(255) NOT NULL COMMENT 'Message',
  `created_at` timestamp NULL DEFAULT NULL COMMENT 'Creation Time',
  `updated_at` timestamp NULL DEFAULT NULL COMMENT 'Update Time'
) ENGINE=InnoDB DEFAULT CHARSET=utf8mb3 COMMENT='Automation Status';

--
-- Dumping data for table `email_automation`
--


--
-- Table structure for table `email_campaign`
--

CREATE TABLE `email_campaign` (
  `id` int unsigned NOT NULL COMMENT 'Primary Key',
  `campaign_id` int unsigned NOT NULL COMMENT 'Campaign ID',
  `email` varchar(255) NOT NULL DEFAULT '' COMMENT 'Contact Email',
  `customer_id` int unsigned NOT NULL COMMENT 'Customer ID',
  `sent_at` timestamp NULL DEFAULT NULL COMMENT 'Send Date',
  `order_increment_id` varchar(50) NOT NULL COMMENT 'Order Increment ID',
  `quote_id` int unsigned NOT NULL COMMENT 'Sales Quote ID',
  `message` varchar(255) NOT NULL DEFAULT '' COMMENT 'Error Message',
  `checkout_method` varchar(255) NOT NULL DEFAULT '' COMMENT 'Checkout Method Used',
  `store_id` smallint unsigned NOT NULL DEFAULT '0' COMMENT 'Store ID',
  `event_name` varchar(255) NOT NULL DEFAULT '' COMMENT 'Event Name',
  `send_id` varchar(255) NOT NULL DEFAULT '' COMMENT 'Send Id',
  `send_status` smallint NOT NULL DEFAULT '0' COMMENT 'Campaign send status',
  `created_at` timestamp NULL DEFAULT NULL COMMENT 'Creation Time',
  `updated_at` timestamp NULL DEFAULT NULL COMMENT 'Update Time'
) ENGINE=InnoDB DEFAULT CHARSET=utf8mb3 COMMENT='Connector Campaigns';

--
-- Dumping data for table `email_campaign`
--


--
-- Table structure for table `email_catalog`
--

CREATE TABLE `email_catalog` (
  `id` int unsigned NOT NULL COMMENT 'Primary Key',
  `product_id` int unsigned NOT NULL COMMENT 'Product Id',
  `imported` smallint unsigned DEFAULT NULL COMMENT 'Product imported [deprecated]',
  `modified` smallint unsigned DEFAULT NULL COMMENT 'Product modified [deprecated]',
  `processed` smallint unsigned NOT NULL COMMENT 'Product processed',
  `created_at` timestamp NULL DEFAULT NULL COMMENT 'Creation Time',
  `updated_at` timestamp NULL DEFAULT NULL COMMENT 'Update Time',
  `last_imported_at` timestamp NULL DEFAULT NULL COMMENT 'Last imported date'
) ENGINE=InnoDB DEFAULT CHARSET=utf8mb3 COMMENT='Connector Catalog';

--
-- Dumping data for table `email_catalog`
--

INSERT INTO `email_catalog` VALUES (1,1,NULL,NULL,0,'2020-08-19 20:28:28','2020-08-19 20:28:28',NULL),(8,10,NULL,NULL,0,'2020-08-20 20:43:50','2020-08-20 20:43:50',NULL),(12,14,NULL,NULL,0,'2020-09-16 02:01:18','2020-09-16 02:01:18',NULL),(15,17,NULL,NULL,0,'2020-09-26 01:10:22','2020-09-26 01:10:22',NULL),(16,18,NULL,NULL,0,'2020-09-26 01:20:07','2020-09-26 01:20:07',NULL),(17,19,NULL,NULL,0,'2020-10-14 15:07:31','2020-10-14 15:07:31',NULL),(21,23,NULL,NULL,0,'2020-10-15 01:28:37','2020-10-15 01:28:37',NULL),(22,24,NULL,NULL,0,'2020-10-15 01:31:09','2020-10-15 01:31:09',NULL),(24,26,NULL,NULL,0,'2020-10-15 06:01:38','2020-10-15 06:01:38',NULL),(26,28,NULL,NULL,0,'2020-10-15 06:09:00','2020-10-15 06:09:00',NULL),(28,30,NULL,NULL,0,'2020-10-15 06:33:15','2020-10-15 06:33:15',NULL),(29,31,NULL,NULL,0,'2020-10-15 16:44:07','2020-10-15 16:44:07',NULL),(30,32,NULL,NULL,0,'2020-10-15 16:46:56','2020-10-15 16:46:56',NULL),(31,33,NULL,NULL,0,'2020-10-15 16:49:26','2020-10-15 16:49:26',NULL),(32,34,NULL,NULL,0,'2020-10-15 16:55:41','2020-10-15 16:55:41',NULL),(33,35,NULL,NULL,0,'2020-10-15 16:58:11','2020-10-15 16:58:11',NULL),(34,36,NULL,NULL,0,'2020-10-15 17:00:08','2020-10-15 17:00:08',NULL),(35,37,NULL,NULL,0,'2020-10-15 17:03:37','2020-10-15 17:03:37',NULL),(36,38,NULL,NULL,0,'2020-10-15 17:09:43','2020-10-15 17:09:43',NULL),(37,39,NULL,NULL,0,'2020-10-15 17:13:38','2020-10-15 17:13:38',NULL),(38,40,NULL,NULL,0,'2020-10-15 17:31:51','2020-10-15 17:31:51',NULL),(39,41,NULL,NULL,0,'2020-10-15 17:33:33','2020-10-15 17:33:33',NULL),(40,42,NULL,NULL,0,'2020-10-15 23:37:08','2020-10-15 23:37:08',NULL),(41,43,NULL,NULL,0,'2020-10-15 23:38:30','2020-10-15 23:38:30',NULL),(42,44,NULL,NULL,0,'2020-10-15 23:43:58','2020-10-15 23:43:58',NULL),(43,45,NULL,NULL,0,'2020-10-16 00:02:58','2020-10-16 00:02:58',NULL),(44,46,NULL,NULL,0,'2020-10-16 00:47:39','2020-10-16 00:47:39',NULL),(45,47,NULL,NULL,0,'2020-10-16 00:55:24','2020-10-16 00:55:24',NULL),(46,48,NULL,NULL,0,'2020-10-16 00:57:15','2020-10-16 00:57:15',NULL),(47,49,NULL,NULL,0,'2020-10-16 00:58:45','2020-10-16 00:58:45',NULL),(49,51,NULL,NULL,0,'2020-10-16 01:05:23','2020-10-16 01:05:23',NULL),(50,52,NULL,NULL,0,'2020-10-16 01:16:02','2020-10-16 01:16:02',NULL),(51,53,NULL,NULL,0,'2020-10-16 01:17:36','2020-10-16 01:17:36',NULL),(52,54,NULL,NULL,0,'2020-10-16 01:19:49','2020-10-16 01:19:49',NULL),(53,55,NULL,NULL,0,'2020-10-16 01:21:20','2020-10-16 01:21:20',NULL),(54,56,NULL,NULL,0,'2020-10-16 01:23:02','2020-10-16 01:23:02',NULL),(55,57,NULL,NULL,0,'2020-10-16 01:24:24','2020-10-16 01:24:24',NULL),(56,58,NULL,NULL,0,'2020-10-16 01:26:02','2020-10-16 01:26:02',NULL),(58,60,NULL,NULL,0,'2020-10-16 01:47:16','2020-10-16 01:47:16',NULL),(61,63,NULL,NULL,0,'2020-10-16 06:20:42','2020-10-16 06:20:42',NULL),(62,64,NULL,NULL,0,'2020-10-16 06:22:19','2020-10-16 06:22:19',NULL),(63,65,NULL,NULL,0,'2020-10-16 06:27:43','2020-10-16 06:27:43',NULL),(64,66,NULL,NULL,0,'2020-10-16 06:30:53','2020-10-16 06:30:53',NULL),(65,67,NULL,NULL,0,'2020-10-16 06:33:59','2020-10-16 06:33:59',NULL),(66,68,NULL,NULL,0,'2020-10-16 06:37:53','2020-10-16 06:37:53',NULL),(68,70,NULL,NULL,0,'2020-10-16 06:46:44','2020-10-16 06:46:44',NULL),(71,73,NULL,NULL,0,'2020-10-16 06:57:24','2020-10-16 06:57:24',NULL),(73,75,NULL,NULL,0,'2020-10-16 07:10:44','2020-10-16 07:10:44',NULL),(74,76,NULL,NULL,0,'2020-10-16 07:15:03','2020-10-16 07:15:03',NULL),(77,79,NULL,NULL,0,'2020-10-17 03:27:22','2020-10-17 03:27:22',NULL),(78,80,NULL,NULL,0,'2020-10-17 03:29:17','2020-10-17 03:29:17',NULL),(79,81,NULL,NULL,0,'2020-10-17 06:22:13','2020-10-17 06:22:13',NULL),(81,83,NULL,NULL,0,'2020-10-18 12:54:51','2020-10-18 12:54:51',NULL),(83,85,NULL,NULL,0,'2020-10-18 13:04:33','2020-10-18 13:04:33',NULL),(84,86,NULL,NULL,0,'2020-10-18 14:28:25','2020-10-18 14:28:25',NULL),(85,87,NULL,NULL,0,'2020-10-18 14:30:06','2020-10-18 14:30:06',NULL),(86,88,NULL,NULL,0,'2020-10-18 14:32:42','2020-10-18 14:32:42',NULL),(87,89,NULL,NULL,0,'2020-10-30 06:35:48','2020-10-30 06:35:48',NULL),(88,90,NULL,NULL,0,'2020-12-13 13:04:58','2020-12-13 13:04:58',NULL),(89,91,NULL,NULL,0,'2020-12-13 13:10:44','2020-12-13 13:10:44',NULL),(90,92,NULL,NULL,0,'2020-12-13 13:14:57','2020-12-13 13:14:57',NULL),(91,93,NULL,NULL,0,'2020-12-13 13:37:40','2020-12-13 13:37:40',NULL),(120,122,NULL,NULL,0,'2020-12-15 08:23:24','2020-12-15 08:23:24',NULL),(123,125,NULL,NULL,0,'2020-12-15 08:23:25','2020-12-15 08:23:25',NULL),(486,488,NULL,NULL,0,'2020-12-27 18:29:15','2020-12-27 18:29:15',NULL),(491,493,NULL,NULL,0,'2020-12-27 18:29:18','2020-12-27 18:29:18',NULL),(492,494,NULL,NULL,0,'2020-12-27 18:29:18','2020-12-27 18:29:18',NULL),(493,495,NULL,NULL,0,'2020-12-27 18:29:19','2020-12-27 18:29:19',NULL),(494,496,NULL,NULL,0,'2020-12-27 18:29:19','2020-12-27 18:29:19',NULL),(496,498,NULL,NULL,0,'2020-12-27 18:29:20','2020-12-27 18:29:20',NULL),(497,499,NULL,NULL,0,'2020-12-27 18:29:21','2020-12-27 18:29:21',NULL),(499,501,NULL,NULL,0,'2020-12-27 18:29:22','2020-12-27 18:29:22',NULL),(500,502,NULL,NULL,0,'2020-12-27 18:29:22','2020-12-27 18:29:22',NULL),(502,504,NULL,NULL,0,'2020-12-27 18:29:23','2020-12-27 18:29:23',NULL),(503,505,NULL,NULL,0,'2020-12-27 18:29:23','2020-12-27 18:29:23',NULL),(504,506,NULL,NULL,0,'2020-12-27 18:29:24','2020-12-27 18:29:24',NULL),(505,507,NULL,NULL,0,'2020-12-27 18:29:25','2020-12-27 18:29:25',NULL),(510,512,NULL,NULL,0,'2020-12-27 18:29:28','2020-12-27 18:29:28',NULL),(512,514,NULL,NULL,0,'2020-12-27 18:29:29','2020-12-27 18:29:29',NULL),(514,516,NULL,NULL,0,'2020-12-27 18:29:30','2020-12-27 18:29:30',NULL),(517,519,NULL,NULL,0,'2020-12-27 18:29:32','2020-12-27 18:29:32',NULL),(518,520,NULL,NULL,0,'2020-12-27 18:29:33','2020-12-27 18:29:33',NULL),(526,528,NULL,NULL,0,'2020-12-27 18:29:39','2020-12-27 18:29:39',NULL),(530,532,NULL,NULL,0,'2020-12-27 18:29:42','2020-12-27 18:29:42',NULL),(534,536,NULL,NULL,0,'2020-12-27 18:29:46','2020-12-27 18:29:46',NULL),(536,538,NULL,NULL,0,'2020-12-27 18:29:48','2020-12-27 18:29:48',NULL),(566,568,NULL,NULL,0,'2020-12-27 18:30:42','2020-12-27 18:30:42',NULL),(569,571,NULL,NULL,0,'2020-12-27 18:30:46','2020-12-27 18:30:46',NULL),(571,573,NULL,NULL,0,'2020-12-27 18:30:48','2020-12-27 18:30:48',NULL),(574,576,NULL,NULL,0,'2020-12-27 18:30:52','2020-12-27 18:30:52',NULL),(575,577,NULL,NULL,0,'2020-12-27 18:30:54','2020-12-27 18:30:54',NULL),(576,578,NULL,NULL,0,'2020-12-27 18:30:55','2020-12-27 18:30:55',NULL),(581,583,NULL,NULL,0,'2021-02-25 23:12:44','2021-02-25 23:12:44',NULL),(669,671,NULL,NULL,0,'2021-02-25 23:17:58','2021-02-25 23:17:58',NULL),(670,672,NULL,NULL,0,'2021-02-27 15:01:41','2021-02-27 15:01:41',NULL),(671,673,NULL,NULL,0,'2021-09-19 08:24:18','2021-09-19 08:24:18',NULL),(672,674,NULL,NULL,0,'2021-09-21 09:48:50','2021-09-21 09:48:50',NULL),(673,675,NULL,NULL,0,'2022-09-20 02:32:37','2022-09-20 02:32:37',NULL),(674,676,NULL,NULL,0,'2022-09-20 05:02:04','2022-09-20 05:02:04',NULL),(675,677,NULL,NULL,0,'2022-09-20 05:24:58','2022-09-20 05:24:58',NULL),(676,678,NULL,NULL,0,'2022-09-20 05:30:05','2022-09-20 05:30:05',NULL),(677,679,NULL,NULL,0,'2022-09-20 05:33:31','2022-09-20 05:33:31',NULL),(678,680,NULL,NULL,0,'2022-09-20 05:39:28','2022-09-20 05:39:28',NULL),(679,681,NULL,NULL,0,'2022-09-20 05:43:09','2022-09-20 05:43:09',NULL),(680,682,NULL,NULL,0,'2022-09-20 06:02:20','2022-09-20 06:02:20',NULL);

--
-- Table structure for table `email_contact`
--

CREATE TABLE `email_contact` (
  `email_contact_id` int unsigned NOT NULL COMMENT 'Primary Key',
  `is_guest` smallint unsigned DEFAULT NULL COMMENT 'Is Guest',
  `contact_id` varchar(15) DEFAULT NULL COMMENT 'Connector Contact ID',
  `customer_id` int unsigned NOT NULL COMMENT 'Customer ID',
  `website_id` smallint unsigned NOT NULL DEFAULT '0' COMMENT 'Website ID',
  `store_id` smallint unsigned NOT NULL DEFAULT '0' COMMENT 'Store ID',
  `email` varchar(255) NOT NULL DEFAULT '' COMMENT 'Customer Email',
  `is_subscriber` smallint unsigned DEFAULT NULL COMMENT 'Is Subscriber',
  `subscriber_status` smallint unsigned DEFAULT NULL COMMENT 'Subscriber status',
  `email_imported` smallint unsigned DEFAULT NULL COMMENT 'Is Imported',
  `subscriber_imported` smallint unsigned DEFAULT NULL COMMENT 'Subscriber Imported',
  `suppressed` smallint unsigned DEFAULT NULL COMMENT 'Is Suppressed',
  `last_subscribed_at` timestamp NULL DEFAULT NULL COMMENT 'Last time user subscribed'
) ENGINE=InnoDB DEFAULT CHARSET=utf8mb3 COMMENT='Connector Contacts';

--
-- Dumping data for table `email_contact`
--


--
-- Table structure for table `email_contact_consent`
--

CREATE TABLE `email_contact_consent` (
  `id` int unsigned NOT NULL COMMENT 'Primary Key',
  `email_contact_id` int unsigned DEFAULT NULL COMMENT 'Email Contact Id',
  `consent_url` varchar(255) DEFAULT NULL COMMENT 'Contact consent url',
  `consent_datetime` datetime DEFAULT NULL COMMENT 'Contact consent datetime',
  `consent_ip` varchar(255) DEFAULT NULL COMMENT 'Contact consent ip',
  `consent_user_agent` varchar(255) DEFAULT NULL COMMENT 'Contact consent user agent'
) ENGINE=InnoDB DEFAULT CHARSET=utf8mb3 COMMENT='Email contact consent table.';

--
-- Dumping data for table `email_contact_consent`
--


--
-- Table structure for table `email_failed_auth`
--

CREATE TABLE `email_failed_auth` (
  `id` int unsigned NOT NULL COMMENT 'Primary Key',
  `failures_num` int unsigned DEFAULT NULL COMMENT 'Number of fails',
  `first_attempt_date` datetime DEFAULT NULL COMMENT 'First attempt date',
  `last_attempt_date` datetime DEFAULT NULL COMMENT 'Last attempt date',
  `url` varchar(255) DEFAULT NULL COMMENT 'URL',
  `store_id` int unsigned DEFAULT NULL COMMENT 'Store Id'
) ENGINE=InnoDB DEFAULT CHARSET=utf8mb3 COMMENT='Email Failed Auth Table.';

--
-- Dumping data for table `email_failed_auth`
--


--
-- Table structure for table `email_importer`
--

CREATE TABLE `email_importer` (
  `id` int unsigned NOT NULL COMMENT 'Primary Key',
  `import_type` varchar(255) NOT NULL DEFAULT '' COMMENT 'Import Type',
  `website_id` smallint NOT NULL DEFAULT '0' COMMENT 'Website Id',
  `import_status` smallint NOT NULL DEFAULT '0' COMMENT 'Import Status',
  `import_id` varchar(255) NOT NULL DEFAULT '' COMMENT 'Import Id',
  `import_data` mediumblob NOT NULL COMMENT 'Import Data',
  `import_mode` varchar(255) NOT NULL DEFAULT '' COMMENT 'Import Mode',
  `import_file` text NOT NULL COMMENT 'Import File',
  `message` varchar(255) NOT NULL DEFAULT '' COMMENT 'Error Message',
  `created_at` timestamp NULL DEFAULT NULL COMMENT 'Creation Time',
  `updated_at` timestamp NULL DEFAULT NULL COMMENT 'Update Time',
  `import_started` timestamp NULL DEFAULT NULL COMMENT 'Import Started',
  `import_finished` timestamp NULL DEFAULT NULL COMMENT 'Import Finished'
) ENGINE=InnoDB DEFAULT CHARSET=utf8mb3 COMMENT='Email Importer';

--
-- Dumping data for table `email_importer`
--


--
-- Table structure for table `email_order`
--

CREATE TABLE `email_order` (
  `email_order_id` int unsigned NOT NULL COMMENT 'Primary Key',
  `order_id` int unsigned NOT NULL COMMENT 'Order ID',
  `order_status` varchar(255) NOT NULL COMMENT 'Order Status',
  `quote_id` int unsigned NOT NULL COMMENT 'Sales Quote ID',
  `store_id` smallint unsigned NOT NULL DEFAULT '0' COMMENT 'Store ID',
  `email_imported` smallint unsigned DEFAULT NULL COMMENT 'Is Order Imported',
  `modified` smallint unsigned DEFAULT NULL COMMENT 'Is Order Modified',
  `created_at` timestamp NULL DEFAULT NULL COMMENT 'Creation Time',
  `updated_at` timestamp NULL DEFAULT NULL COMMENT 'Update Time'
) ENGINE=InnoDB DEFAULT CHARSET=utf8mb3 COMMENT='Transactional Order Data';

--
-- Dumping data for table `email_order`
--


--
-- Table structure for table `email_review`
--

CREATE TABLE `email_review` (
  `id` int unsigned NOT NULL COMMENT 'Primary Key',
  `review_id` int unsigned NOT NULL COMMENT 'Review Id',
  `customer_id` int unsigned NOT NULL COMMENT 'Customer ID',
  `store_id` smallint unsigned NOT NULL COMMENT 'Store Id',
  `review_imported` smallint unsigned DEFAULT NULL COMMENT 'Review Imported',
  `created_at` timestamp NULL DEFAULT NULL COMMENT 'Creation Time',
  `updated_at` timestamp NULL DEFAULT NULL COMMENT 'Update Time'
) ENGINE=InnoDB DEFAULT CHARSET=utf8mb3 COMMENT='Connector Reviews';

--
-- Dumping data for table `email_review`
--


--
-- Table structure for table `email_rules`
--

CREATE TABLE `email_rules` (
  `id` int unsigned NOT NULL COMMENT 'Primary Key',
  `name` varchar(255) NOT NULL DEFAULT '' COMMENT 'Rule Name',
  `website_ids` varchar(255) NOT NULL DEFAULT '0' COMMENT 'Website Id',
  `type` smallint NOT NULL DEFAULT '0' COMMENT 'Rule Type',
  `status` smallint NOT NULL DEFAULT '0' COMMENT 'Status',
  `combination` smallint NOT NULL DEFAULT '1' COMMENT 'Rule Condition',
  `conditions` blob NOT NULL COMMENT 'Rule Conditions',
  `created_at` timestamp NULL DEFAULT NULL COMMENT 'Creation Time',
  `updated_at` timestamp NULL DEFAULT NULL COMMENT 'Update Time'
) ENGINE=InnoDB DEFAULT CHARSET=utf8mb3 COMMENT='Connector Rules';

--
-- Dumping data for table `email_rules`
--


--
-- Table structure for table `email_template`
--

CREATE TABLE `email_template` (
  `template_id` int unsigned NOT NULL COMMENT 'Template ID',
  `template_code` varchar(150) NOT NULL COMMENT 'Template Name',
  `template_text` text NOT NULL COMMENT 'Template Content',
  `template_styles` text COMMENT 'Templste Styles',
  `template_type` int unsigned DEFAULT NULL COMMENT 'Template Type',
  `template_subject` varchar(200) NOT NULL COMMENT 'Template Subject',
  `template_sender_name` varchar(200) DEFAULT NULL COMMENT 'Template Sender Name',
  `template_sender_email` varchar(200) DEFAULT NULL COMMENT 'Template Sender Email',
  `added_at` timestamp NOT NULL DEFAULT CURRENT_TIMESTAMP COMMENT 'Date of Template Creation',
  `modified_at` timestamp NOT NULL DEFAULT CURRENT_TIMESTAMP ON UPDATE CURRENT_TIMESTAMP COMMENT 'Date of Template Modification',
  `orig_template_code` varchar(200) DEFAULT NULL COMMENT 'Original Template Code',
  `orig_template_variables` text COMMENT 'Original Template Variables',
  `is_legacy` tinyint(1) NOT NULL DEFAULT '0' COMMENT 'Should the template render in legacy mode'
) ENGINE=InnoDB DEFAULT CHARSET=utf8mb3 COMMENT='Email Templates';

--
-- Dumping data for table `email_template`
--

INSERT INTO `email_template` VALUES (1,'New Pickup Order','<!--@subject {{trans \"Your %store_name order confirmation\" store_name=$store.getFrontendName()}} @-->\r\n<!--@vars {\r\n\"var order.getCustomerName()\":\"Customer Name\",\r\n\"var store.getFrontendName()\":\"Customer Name\",\r\n\"var is_pickup_order\":\"Check if order is a pickup order\",\r\n\"var $this.getUrl($store,\'customer/account/\',[_nosid:1]) |raw\":\"Gets the link to the Customer Account\",\r\n\"var store_email |raw\":\"Defined Email Address for this type of mails\",\r\n\"var store_phone |raw\":\"Defined Phone Number in the Store Information\",\r\n\"var store_hours |raw\":\"Defined Opening Hours Phone Number in the Store Information\",\r\n\"var order.increment_id |raw\":\"Order Id\",\r\n\"var order.getCreatedAtFormatted(2) |raw\":\"Get the date of order creation\",\r\n\"var order.getEmailCustomerNote()\":\"Email Order Note\",\r\n\"var formattedBillingAddress|raw\":\"Billing Address\",\r\n\"var order.getIsNotVirtual()\":\"Check if shipment exists\",\r\n\"var pickupAddress|raw\":\"Pickup Location Address\",\r\n\"var formattedShippingAddress|raw\":\"Customer Shipping Address\",\r\n\"var payment_html|raw\":\"Payment Details\",\r\n\"var order.getShippingDescription()\":\"Shipping Description\",\r\n\"var shipping_msg\":\"Shipping message\",\r\n\"layout handle=\\\"sales_email_order_items\\\" order=$order area=\\\"frontend\\\"\":\"Order Items Grid\"\r\n} @-->\r\n\r\n{{template config_path=\"design/email/header_template\"}}\r\n\r\n\r\n    \r\n        \r\n            {{trans \"%customer_name,\" customer_name=$order.getCustomerName()}}\r\n            \r\n                {{trans \"Thank you for shopping at %store_name.\" store_name=$store.getFrontendName()}}\r\n                {{if is_pickup_order}}\r\n                    {{trans \"We will send you a notification once your items are ready for pickup.\"}}\r\n                {{else}}\r\n                    {{trans \"Once your package ships we will send you a tracking number.\"}}\r\n                {{/if}}\r\n                {{trans \'You can check the status of your order by logging into your account.\' account_url=$this.getUrl($store,\'customer/account/\',[_nosid:1]) |raw}}\r\n            \r\n            \r\n                {{trans \'If you have questions about your order, you can email us at %store_email\' store_email=$store_email |raw}}{{depend store_phone}} {{trans \' or call us at %store_phone\' store_phone=$store_phone |raw}}{{/depend}}.\r\n                {{depend store_hours}}\r\n                {{trans \'Our hours are %store_hours.\' store_hours=$store_hours |raw}}\r\n                {{/depend}}\r\n            \r\n        \r\n    \r\n    \r\n        \r\n            {{trans \'Your Order #%increment_id\' increment_id=$order.increment_id |raw}}\r\n            {{trans \'Placed on %created_at\' created_at=$order.getCreatedAtFormatted(2) |raw}}\r\n        \r\n    \r\n    \r\n        \r\n            {{depend order.getEmailCustomerNote()}}\r\n            \r\n                \r\n                    \r\n                        {{var order.getEmailCustomerNote()|escape|nl2br}}\r\n                    \r\n                \r\n            \r\n            {{/depend}}\r\n            \r\n                \r\n                    \r\n                        {{trans \"Billing Info\"}}\r\n                        {{var formattedBillingAddress|raw}}\r\n                    \r\n                    {{depend order.getIsNotVirtual()}}\r\n                    \r\n                        {{trans \"Shipping Info\"}}\r\n                        {{if is_pickup_order}}\r\n                            {{trans \"Pickup Location\"}}\r\n                            {{var pickupAddress|raw}}\r\n                            {{trans \"Recipient Address\"}}\r\n                        {{/if}}\r\n                        {{var formattedShippingAddress|raw}}\r\n                    \r\n                    {{/depend}}\r\n                \r\n                \r\n                    \r\n                        {{trans \"Payment Method\"}}\r\n                        {{var payment_html|raw}}\r\n                    \r\n                    {{depend order.getIsNotVirtual()}}\r\n                    \r\n                        {{trans \"Shipping Method\"}}\r\n                        {{var order.getShippingDescription()}}\r\n                        {{if shipping_msg}}\r\n                        {{var shipping_msg}}\r\n                        {{/if}}\r\n                    \r\n                    {{/depend}}\r\n                \r\n            \r\n            {{layout handle=\"sales_email_order_items\" order=$order area=\"frontend\"}}\r\n        \r\n    \r\n\r\n\r\n{{template config_path=\"design/email/footer_template\"}}',NULL,2,'{{trans \"Your %store_name order confirmation\" store_name=$store.getFrontendName()}}',NULL,NULL,'2020-07-27 09:27:55','2021-01-17 08:00:39','sales_email_order_template','{\"var formattedBillingAddress|raw\":\"Billing Address\",\"var order.getEmailCustomerNote()\":\"Email Order Note\",\"var order.increment_id\":\"Order Id\",\"layout handle=\\\"sales_email_order_items\\\" order=$order area=\\\"frontend\\\"\":\"Order Items Grid\",\"var payment_html|raw\":\"Payment Details\",\"var formattedShippingAddress|raw\":\"Shipping Address\",\"var order.getShippingDescription()\":\"Shipping Description\",\"var shipping_msg\":\"Shipping message\"}',0),(2,'New Pickup Order For Guest','<!--@subject {{trans \"Your %store_name order confirmation\" store_name=$store.getFrontendName()}} @-->\n<!--@vars {\n\"var order.getBillingAddress().getName()\":\"Guest Customer Name\",\n\"var store.getFrontendName()\":\"Customer Name\",\n\"var is_pickup_order\":\"Check if order is a pickup order\",\n\"var store_email |raw\":\"Defined Email Address for this type of mails\",\n\"var store_phone |raw\":\"Defined Phone Number in the Store Information\",\n\"var store_hours |raw\":\"Defined Opening Hours Phone Number in the Store Information\",\n\"var order.increment_id |raw\":\"Order Id\",\n\"var order.getCreatedAtFormatted(2) |raw\":\"Get the date of order creation\",\n\"var order.getEmailCustomerNote()\":\"Email Order Note\",\n\"var formattedBillingAddress|raw\":\"Billing Address\",\n\"var order.getIsNotVirtual()\":\"Check if shipment exists\",\n\"var pickupAddress|raw\":\"Pickup Location Address\",\n\"var formattedShippingAddress|raw\":\"Customer Shipping Address\",\n\"var payment_html|raw\":\"Payment Details\",\n\"var order.getShippingDescription()\":\"Shipping Description\",\n\"var shipping_msg\":\"Shipping message\",\n\"layout handle=\\\"sales_email_order_items\\\" order=$order area=\\\"frontend\\\"\":\"Order Items Grid\"\n} @-->\n\n{{template config_path=\"design/email/header_template\"}}\n\n<table>\n    <tr class=\"email-intro\">\n        <td>\n            <p class=\"greeting\">{{trans \"%name,\" name=$order.getBillingAddress().getName()}}</p>\n            <p>\n                {{trans \"Thank you for your order from %store_name.\" store_name=$store.getFrontendName()}}\n                {{if is_pickup_order}}\n                    {{trans \"We will send you a notification once your items are ready for pickup.\"}}\n                {{else}}\n                    {{trans \"Once your package ships we will send an email with a link to track your order.\"}}\n                {{/if}}\n                {{trans \'If you have questions about your order, you can email us at <a href=\"mailto:%store_email\">%store_email</a>\' store_email=$store_email |raw}}{{depend store_phone}} {{trans \' or call us at <a href=\"tel:%store_phone\">%store_phone</a>\' store_phone=$store_phone |raw}}{{/depend}}.\n                {{depend store_hours}}\n                    {{trans \'Our hours are <span class=\"no-link\">%store_hours</span>.\' store_hours=$store_hours |raw}}\n                {{/depend}}\n            </p>\n        </td>\n    </tr>\n    <tr class=\"email-summary\">\n        <td>\n            <h1>{{trans \'Your Order <span class=\"no-link\">#%increment_id</span>\' increment_id=$order.increment_id |raw}}</h1>\n            <p>{{trans \'Placed on <span class=\"no-link\">%created_at</span>\' created_at=$order.getCreatedAtFormatted(2) |raw}}</p>\n        </td>\n    </tr>\n    <tr class=\"email-information\">\n        <td>\n            {{depend order.getEmailCustomerNote()}}\n            <table class=\"message-info\">\n                <tr>\n                    <td>\n                        {{var order.getEmailCustomerNote()|escape|nl2br}}\n                    </td>\n                </tr>\n            </table>\n            {{/depend}}\n            <table class=\"order-details\">\n                <tr>\n                    <td class=\"address-details\">\n                        <h3>{{trans \"Billing Info\"}}</h3>\n                        <p>{{var formattedBillingAddress|raw}}</p>\n                    </td>\n                    {{depend order.getIsNotVirtual()}}\n                    <td class=\"address-details\">\n                        <h3>{{trans \"Shipping Info\"}}</h3>\n                        {{if is_pickup_order}}\n                            <h4>{{trans \"Pickup Location\"}}</h4>\n                            <p>{{var pickupAddress|raw}}</p>\n                            <h4>{{trans \"Recipient Address\"}}</h4>\n                        {{/if}}\n                        <p>{{var formattedShippingAddress|raw}}</p>\n                    </td>\n                    {{/depend}}\n                </tr>\n                <tr>\n                    <td class=\"method-info\">\n                        <h3>{{trans \"Payment Method\"}}</h3>\n                        {{var payment_html|raw}}\n                    </td>\n                    {{depend order.getIsNotVirtual()}}\n                    <td class=\"method-info\">\n                        <h3>{{trans \"Shipping Method\"}}</h3>\n                        <p>{{var order.getShippingDescription()}}</p>\n                        {{if shipping_msg}}\n                        <p>{{var shipping_msg}}</p>\n                        {{/if}}\n                    </td>\n                    {{/depend}}\n                </tr>\n            </table>\n            {{layout handle=\"sales_email_order_items\" order=$order}}\n        </td>\n    </tr>\n</table>\n\n{{template config_path=\"design/email/footer_template\"}}\n',NULL,2,'{{trans \"Your %store_name order confirmation\" store_name=$store.getFrontendName()}}',NULL,NULL,'2020-07-27 09:27:55','2020-07-27 09:27:55','sales_email_order_guest_template','{\"var formattedBillingAddress|raw\":\"Billing Address\",\"var order.getEmailCustomerNote()\":\"Email Order Note\",\"var order.getBillingAddress().getName()\":\"Guest Customer Name\",\"var order.getCreatedAtFormatted(2)\":\"Order Created At (datetime)\",\"var order.increment_id\":\"Order Id\",\"layout handle=\\\"sales_email_order_items\\\" order=$order\":\"Order Items Grid\",\"var payment_html|raw\":\"Payment Details\",\"var formattedShippingAddress|raw\":\"Shipping Address\",\"var order.getShippingDescription()\":\"Shipping Description\",\"var shipping_msg\":\"Shipping message\"}',0),(3,'Contact Us Email','{{template config_path=\"design/email/header_template\"}}\r\n\r\n<table class=\"message-details\">\r\n    <tr>\r\n        <td><strong>{{trans \"Name\"}}</strong></td>\r\n        <td>{{var data.name}}</td>\r\n    </tr>\r\n    <tr>\r\n        <td><strong>{{trans \"Email\"}}</strong></td>\r\n        <td>{{var data.email}}</td>\r\n    </tr>\r\n    <tr>\r\n        <td><strong>{{trans \"Phone\"}}</strong></td>\r\n        <td>{{var data.telephone}}</td>\r\n    </tr>\r\n</table>\r\n<p><strong>{{trans \"Message\"}}</strong></p>\r\n<p>{{var data.comment}}</p>\r\n\r\n{{template config_path=\"design/email/footer_template\"}}',NULL,2,'{{trans \"Contact Form\"}}',NULL,NULL,'2020-11-05 16:46:35','2020-11-05 16:46:35','contact_email_email_template','{\"var data.comment\":\"Comment\",\"var data.email\":\"Sender Email\",\"var data.name\":\"Sender Name\",\"var data.telephone\":\"Sender Telephone\"}',0),(4,'Newsletter subscription success','{{template config_path=\"design/email/header_template\"}}\r\n\r\n{{trans \"You have been successfully subscribed to our newsletter.\"}}\r\n\r\n{{template config_path=\"design/email/footer_template\"}}',NULL,2,'{{trans \"Newsletter subscription success\"}}',NULL,NULL,'2020-11-05 16:52:04','2020-11-05 17:09:04','newsletter_subscription_success_email_template','{\"template config_path=\\\"design\\/email\\/footer_template\\\"\":\"Email Footer Template\",\"template config_path=\\\"design\\/email\\/header_template\\\"\":\"Email Header Template\"}',0),(5,'Newsletter subscription confirmation','{{template config_path=\"design/email/header_template\"}}\r\n\r\n<a href=\"maleface.com\">Home</a>\r\n <a href=\"https://www.maleface.com/shave.html\">Shave</a>\r\n <a href=\"https://www.maleface.com/face.html\">Face</a>\r\n <a href=\"https://www.maleface.com/body.html\">Body</a>\r\n <a href=\"https://www.maleface.com/head.html\">Head</a>\r\n <a href=\"https://www.maleface.com/tools.html\">Tools</a>\r\n <a href=\"https://www.maleface.com/grooming-accessories.html\">Accessories</a>\r\n <a href=\"https://www.maleface.com/bog\">Blog</a><br><br>\r\n\r\n<p class=\"greeting\">{{trans \"Thank you for subscribing to VarNasol Newsletter.\"}}</p>\r\n<p>{{trans \"To begin receiving the newsletter, you must first confirm your subscription by clicking on the following link:\"}}</p>\r\n<p><a href=\"{{var subscriber_data.confirmation_link}}\">{{var subscriber_data.confirmation_link}}</a></p>\r\n\r\n<div class=\"abtright\"><!--<input type=\"text\" placeholder=\"Search\">-->\r\n<h3>WHO WE ARE</h3>\r\n<p>The company founding values is based on our commitment to running a responsible, honest company, great customer service and trust. We strive to be a leader in the men\'s grooming and hair care categories.</p>\r\n<h3>OUR VISION</h3>\r\n<p>Our company is dedicated to improving the lives of every individual from millennials to baby boomers. We manufacture personal care products to satisfy the needs of our clients, skin & hair care specialist.</p>\r\n\r\n\r\n{{template config_path=\"design/email/footer_template\"}}\r\n\r\n\r\n',NULL,2,'{{trans \"Newsletter subscription confirmation\"}}',NULL,NULL,'2020-11-05 17:10:01','2021-08-10 19:15:09','newsletter_subscription_confirm_email_template','{\"var subscriber_data.confirmation_link\":\"Subscriber Confirmation URL\"}',0),(6,'Varnasol Order Email Template','{{template config_path=\"design/email/header_template\"}}\r\n\r\n<table>\r\n    <tr class=\"email-intro\">\r\n        <td>\r\n            <p class=\"greeting\">{{trans \"%customer_name,\" customer_name=$order_data.customer_name}}</p>\r\n            <p>\r\n                {{trans \"Thank you for your order from %store_name.\" store_name=$store.frontend_name}}\r\n                {{trans \"Once your package ships we will send you a tracking number.\"}}\r\n                {{trans \'You can check the status of your order by <a href=\"%account_url\">logging into your account</a>.\' account_url=$this.getUrl($store,\'customer/account/\',[_nosid:1]) |raw}}\r\n            </p>\r\n            <p>\r\n                {{trans \'If you have questions about your order, you can email us at <a href=\"mailto:%store_email\">%store_email</a>\' store_email=$store_email |raw}}{{depend store_phone}} {{trans \'or call us at <a href=\"tel:%store_phone\">%store_phone</a>\' store_phone=$store_phone |raw}}{{/depend}}.\r\n                {{depend store_hours}}\r\n                    {{trans \'Our hours are <span class=\"no-link\">%store_hours</span>.\' store_hours=$store_hours |raw}}\r\n                {{/depend}}\r\n            </p>\r\n        </td>\r\n    </tr>\r\n    <tr class=\"email-summary\">\r\n        <td>\r\n            <h1>{{trans \'Your Order <span class=\"no-link\">#%increment_id</span>\' increment_id=$order.increment_id |raw}}</h1>\r\n            <p>{{trans \'Placed on <span class=\"no-link\">%created_at</span>\' created_at=$created_at_formatted |raw}}</p>\r\n        </td>\r\n    </tr>\r\n    <tr class=\"email-information\">\r\n        <td>\r\n            {{depend order_data.email_customer_note}}\r\n            <table class=\"message-info\">\r\n                <tr>\r\n                    <td>\r\n                        {{var order_data.email_customer_note|escape|nl2br}}\r\n                    </td>\r\n                </tr>\r\n            </table>\r\n            {{/depend}}\r\n            <table class=\"order-details\">\r\n                <tr>\r\n                    <td class=\"address-details\">\r\n                        <h3>{{trans \"Billing Info\"}}</h3>\r\n                        <p>{{var formattedBillingAddress|raw}}</p>\r\n                    </td>\r\n                    {{depend order_data.is_not_virtual}}\r\n                    <td class=\"address-details\">\r\n                        <h3>{{trans \"Shipping Info\"}}</h3>\r\n                        <p>{{var formattedShippingAddress|raw}}</p>\r\n                    </td>\r\n                    {{/depend}}\r\n                </tr>\r\n                <tr>\r\n                    <td class=\"method-info\">\r\n                        <h3>{{trans \"Payment Method\"}}</h3>\r\n                        {{var payment_html|raw}}\r\n                    </td>\r\n                    {{depend order_data.is_not_virtual}}\r\n                    <td class=\"method-info\">\r\n                        <h3>{{trans \"Shipping Method\"}}</h3>\r\n                        <p>{{var order.shipping_description}}</p>\r\n                        {{if shipping_msg}}\r\n                        <p>{{var shipping_msg}}</p>\r\n                        {{/if}}\r\n                    </td>\r\n                    {{/depend}}\r\n                </tr>\r\n            </table>\r\n            {{layout handle=\"sales_email_order_items\" order=$order area=\"frontend\"}}\r\n        </td>\r\n    </tr>\r\n</table>\r\n\r\n\r\n\r\n<!-- Footer -->\r\n<table align=\"center\" role=\"presentation\" cellspacing=\"0\" cellpadding=\"0\" border=\"0\" width=\"100%\" style=\"margin: auto; background-color: #d8cca6;\">\r\n<tbody><tr>\r\n<td valign=\"middle\" class=\"bg_light footer email-section\" style=\"margin: auto; background-color: #d8cca6;>\r\n<table>\r\n<tbody><tr>\r\n<td valign=\"top\" width=\"30.333%\" style=\"padding-top: 20px;\">\r\n<table role=\"presentation\" cellspacing=\"0\" cellpadding=\"0\" border=\"0\" width=\"100%\">\r\n<tbody><tr>\r\n<td style=\"text-align: left; padding-right: 10px;\">\r\n<h3 class=\"heading\">About</h3>\r\n<p style=\"color: #9d2828;\">Imperial Touch Skin Care is a company designed to optimize healthy skin while redefining grooming techniques for men.</p>\r\n</td>\r\n</tr>\r\n</tbody></table>\r\n</td>\r\n<td valign=\"top\" width=\"50.333%\" style=\"padding-top: 20px;\">\r\n<table role=\"presentation\" cellspacing=\"0\" cellpadding=\"0\" border=\"0\" width=\"100%\">\r\n<tbody><tr>\r\n<td style=\"text-align: left; padding-left: 5px; padding-right: 5px;\">\r\n<h3 class=\"heading\">Contact Info</h3>\r\n<ul style=\"margin: 0;padding: 0;list-style: none;margin-bottom: 10px;\">\r\n<li><span class=\"text\" style=\"color: #9d2828;\">ImperialTouch.com, 2107 N. Decatur Rd., Suite 369, Decatur, GA  30033, United States</span></li><br>\r\n<li><span class=\"text\" style=\"font-size: 18px;\">Keep In Touch: <a href=\"\">800-504-8606</a></span></li>\r\n</ul>\r\n</td>\r\n</tr>\r\n</tbody></table>\r\n</td>\r\n<td valign=\"top\" width=\"20.333%\" style=\"padding-top: 20px;\">\r\n<table role=\"presentation\" cellspacing=\"0\" cellpadding=\"0\" border=\"0\" width=\"100%\">\r\n<tbody><tr>\r\n<td style=\"text-align: left; padding-left: 10px;\">\r\n<h3 class=\"heading\">Useful Links</h3>\r\n<a href=\"https://www.facebook.com/imperialtouch1/\" target=\"_blank\" rel=\"noopener\"> <img src=\"https://www.imperialtouch.com/pub/media/socialicon/facebook.jpg\"></a>\r\n<a href=\"https://www.instagram.com/imperialtouch1/\" target=\"_blank\" rel=\"noopener\"><img src=\"https://www.imperialtouch.com/pub/media/socialicon/instagram.jpg\"> </a>\r\n<a href=\"https://twitter.com/Imperialtouch\" target=\"_blank\" rel=\"noopener\"><img src=\"https://www.imperialtouch.com/pub/media/socialicon/twitter.jpg\"> </a>\r\n</td>\r\n</tr>\r\n</tbody></table>\r\n</td>\r\n</tr>\r\n</tbody></table>\r\n</td>\r\n</tr>\r\n\r\n</tbody></table>',NULL,2,'{{trans \"Your %store_name order confirmation\" store_name=$store.frontend_name}}',NULL,NULL,'2021-01-18 19:43:23','2023-03-03 02:56:40','sales_email_order_template','{\"var formattedBillingAddress|raw\":\"Billing Address\",\"var order_data.email_customer_note|escape|nl2br\":\"Email Order Note\",\"var order.increment_id\":\"Order Id\",\"layout handle=\\\"sales_email_order_items\\\" order=$order area=\\\"frontend\\\"\":\"Order Items Grid\",\"var payment_html|raw\":\"Payment Details\",\"var formattedShippingAddress|raw\":\"Shipping Address\",\"var order.shipping_description\":\"Shipping Description\",\"var shipping_msg\":\"Shipping message\",\"var created_at_formatted\":\"Order Created At (datetime)\",\"var store.frontend_name\":\"Store Frontend Name\",\"var store_phone\":\"Store Phone\",\"var store_email\":\"Store Email\",\"var store_hours\":\"Store Hours\",\"var this.getUrl($store,\'customer/account/\',[_nosid:1])\":\"Customer Account URL\",\"var order_data.is_not_virtual\":\"Order Type\",\"var order\":\"Order\",\"var order_data.customer_name\":\"Customer Name\"}',0),(7,'Email Template Footer','<!-- End Content -->\r\n                    </td>\r\n                </tr>\r\n                <tr>\r\n                    <td class=\"footer\">\r\n                        <table>\r\n                            <tr>\r\n                                <td>\r\n                                    {{depend url_about_us}}\r\n                                    <p>\r\n                                        {{trans \'<a href=%url_about_us>About Us</a>\' url_about_us=$url_about_us |raw}}\r\n                                    </p>\r\n                                    {{/depend}}\r\n                                    {{depend url_customer_service}}\r\n                                    <p>\r\n                                        {{trans \'<a href=url_customer_service>Customer Service</a>\' url_customer_service=$url_customer_service |raw}}\r\n                                    </p>\r\n                                    {{/depend}}\r\n                                </td>\r\n                                <td>\r\n                                    {{depend store_phone}}\r\n                                        <p class=\"phone\">\r\n                                            {{trans \'<a href=\"tel:%store_phone\">%store_phone</a>\' store_phone=$store_phone |raw}}\r\n                                        </p>\r\n                                    {{/depend}}\r\n                                    {{depend store_hours}}\r\n                                        <p class=\"hours\">\r\n                                            {{trans \'Hours of Operation:<br /><span class=\"no-link\">%store_hours</span>.\' store_hours=$store_hours |raw}}\r\n                                        </p>\r\n                                    {{/depend}}\r\n                                </td>\r\n                                <td>\r\n                                    <p class=\"address\">\r\n                                        {{var store.formatted_address|raw}}\r\n                                    </p>\r\n                                   <p><a href=\"{{config path=\"web/unsecure/base_url\"}}\">About-us</a></p>\r\n                                </td>\r\n                            </tr>\r\n                        </table>\r\n                    </td>\r\n                </tr>\r\n            </table>\r\n        </td>\r\n    </tr>\r\n</table>\r\n<!-- End wrapper table -->\r\n</body>',NULL,2,'{{trans \"Footer\"}}',NULL,NULL,'2021-01-18 19:49:46','2021-01-18 19:54:19','design_email_footer_template','{\"var store.frontend_name\":\"Store Name\",\"var url_about_us\":\"About Us URL\",\"var url_customer_service\":\"Customer Service URL\",\"var store_phone\":\"Store Phone\",\"var store_hours\":\"Store Hours\",\"var store.formatted_address|raw\":\"Store Address\"}',0),(8,'ImperialTouch New Order Email','{{template config_path=\"design/email/header_template\"}}\r\n\r\n<table>\r\n    <tr class=\"email-intro\">\r\n        <td>\r\n            <p class=\"greeting\">{{trans \"%customer_name,\" customer_name=$order_data.customer_name}}</p>\r\n            <p>\r\n                {{trans \"Thank you for your order from %store_name.\" store_name=$store.frontend_name}}\r\n                {{trans \"Once your package ships we will send you a tracking number.\"}}\r\n                {{trans \'You can check the status of your order by <a href=\"%account_url\">logging into your account</a>.\' account_url=$this.getUrl($store,\'customer/account/\',[_nosid:1]) |raw}}\r\n            </p>\r\n            <p>\r\n                {{trans \'If you have questions about your order, you can email us at <a href=\"mailto:%store_email\">%store_email</a>\' store_email=$store_email |raw}}{{depend store_phone}} {{trans \'or call us at <a href=\"tel:%store_phone\">%store_phone</a>\' store_phone=$store_phone |raw}}{{/depend}}.\r\n                {{depend store_hours}}\r\n                    {{trans \'Our hours are <span class=\"no-link\">%store_hours</span>.\' store_hours=$store_hours |raw}}\r\n                {{/depend}}\r\n            </p>\r\n        </td>\r\n    </tr>\r\n    <tr class=\"email-summary\">\r\n        <td>\r\n            <h1>{{trans \'Your Order <span class=\"no-link\">#%increment_id</span>\' increment_id=$order.increment_id |raw}}</h1>\r\n            <p>{{trans \'Placed on <span class=\"no-link\">%created_at</span>\' created_at=$created_at_formatted |raw}}</p>\r\n        </td>\r\n    </tr>\r\n    <tr class=\"email-information\">\r\n        <td>\r\n            {{depend order_data.email_customer_note}}\r\n            <table class=\"message-info\">\r\n                <tr>\r\n                    <td>\r\n                        {{var order_data.email_customer_note|escape|nl2br}}\r\n                    </td>\r\n                </tr>\r\n            </table>\r\n            {{/depend}}\r\n            <table class=\"order-details\">\r\n                <tr>\r\n                    <td class=\"address-details\">\r\n                        <h3>{{trans \"Billing Info\"}}</h3>\r\n                        <p>{{var formattedBillingAddress|raw}}</p>\r\n                    </td>\r\n                    {{depend order_data.is_not_virtual}}\r\n                    <td class=\"address-details\">\r\n                        <h3>{{trans \"Shipping Info\"}}</h3>\r\n                        <p>{{var formattedShippingAddress|raw}}</p>\r\n                    </td>\r\n                    {{/depend}}\r\n                </tr>\r\n                <tr>\r\n                    <td class=\"method-info\">\r\n                        <h3>{{trans \"Payment Method\"}}</h3>\r\n                        {{var payment_html|raw}}\r\n                    </td>\r\n                    {{depend order_data.is_not_virtual}}\r\n                    <td class=\"method-info\">\r\n                        <h3>{{trans \"Shipping Method\"}}</h3>\r\n                        <p>{{var order.shipping_description}}</p>\r\n                        {{if shipping_msg}}\r\n                        <p>{{var shipping_msg}}</p>\r\n                        {{/if}}\r\n                    </td>\r\n                    {{/depend}}\r\n                </tr>\r\n            </table>\r\n            {{layout handle=\"sales_email_order_items\" order=$order area=\"frontend\"}}\r\n        </td>\r\n    </tr>\r\n</table>\r\n\r\n<!-- Footer -->\r\n<table cellpadding=\"0\" cellspacing=\"0\" border=\"0\" style=\"mso-table-lspace: 0pt; mso-table-rspace: 0pt; border-collapse: collapse; padding: 0; margin: 0;\"><tbody><tr>\r\n<td class=\"email-heading\" style=\"font-family: Verdana, Arial; font-weight: normal; border-collapse: collapse; vertical-align: top; padding: 0 1%; margin: 0; background: #e1f0f8; border-right: 1px dashed #c3ced4; text-align: center; width: 58%;\">\r\n                       <p style=\"padding-left: 5px; font-family: Verdana, Arial; font-weight: normal; line-height: 20px; margin: 1em 0;\">By placing your order, you agree to Imperial Touch Skin Care\'s Privacy Policy and Legal Notice.</p>\r\n                        <p style=\"padding-left: 55px; font-family: Verdana, Arial; font-weight: normal; line-height: 20px; margin: 1em 0;\">2107 N. Decatur Rd. Suite 369 Decatur, GA  30033<br>Toll Free: 800-504-8606</p>\r\n                        <center>\r\n                        <p style=\"font-family: Verdana, Arial; font-weight: normal; line-height: 20px; margin: 1em 0;\"><a href=\"https://www.www.imperialtouch.com/face/razor-bumps-treatment.html\" style=\"color: #3696c2;\">Treat Razor Bumps</a> |  <a href=\"https://www.www.imperialtouch.com/customercare/\" style=\"color: #3696c2;\">Customer Care</a> |\r\n              <a href=\"https://www.www.imperialtouch.com/customer/account/\" style=\"color: #3696c2;\">My Account</a> | <a href=\"https://www.www.imperialtouch.com/shippingtracking/\" style=\"color: #3696c2;\">Track Order</a></p>\r\n</center>\r\n                    </td>\r\n                   \r\n                </tr></tbody></table>',NULL,2,'{{trans \"Your %store_name order confirmation\" store_name=$store.frontend_name}}',NULL,NULL,'2021-01-18 20:05:57','2023-12-18 05:32:46','sales_email_order_template','{\"var formattedBillingAddress|raw\":\"Billing Address\",\"var order_data.email_customer_note|escape|nl2br\":\"Email Order Note\",\"var order.increment_id\":\"Order Id\",\"layout handle=\\\"sales_email_order_items\\\" order=$order area=\\\"frontend\\\"\":\"Order Items Grid\",\"var payment_html|raw\":\"Payment Details\",\"var formattedShippingAddress|raw\":\"Shipping Address\",\"var order.shipping_description\":\"Shipping Description\",\"var shipping_msg\":\"Shipping message\",\"var created_at_formatted\":\"Order Created At (datetime)\",\"var store.frontend_name\":\"Store Frontend Name\",\"var store_phone\":\"Store Phone\",\"var store_email\":\"Store Email\",\"var store_hours\":\"Store Hours\",\"var this.getUrl($store,\'customer/account/\',[_nosid:1])\":\"Customer Account URL\",\"var order_data.is_not_virtual\":\"Order Type\",\"var order\":\"Order\",\"var order_data.customer_name\":\"Customer Name\"}',0),(9,'VarNasol Newsletter Template','<body class=\"body\" style=\"padding:0 !important; margin:0 !important; display:block !important; min-width:100% !important; width:100% !important; background:#ffffff; -webkit-text-size-adjust:none;\">\r\n\r\n\r\n<table width=\"100%\" border=\"0\" cellspacing=\"0\" cellpadding=\"0\" bgcolor=\"#f4f4f4 !important;\">\r\n					<tr>\r\n						<td align=\"center\" valign=\"top\">\r\n							<table width=\"650\" border=\"0\" cellspacing=\"0\" cellpadding=\"0\" class=\"mobile-shell\">\r\n								<tr>\r\n									<td class=\"img-center\" style=\"padding: 45px 15px; font-size:0pt; line-height:0pt; text-align:center;\"><a href=\"#\" target=\"_blank\"><img src=\"https://www.imperialtouch.com/pub/media/logo/stores/3/imperialtouch.jpg\" width=\"228\" height=\"158\" border=\"0\" alt=\"\" /></a></td>\r\n								</tr>\r\n							</table>\r\n						</td>\r\n					</tr>\r\n				</table>\r\n\r\n\r\n<table width=\"100%\" border=\"0\" cellspacing=\"0\" cellpadding=\"0\" bgcolor=\"#f4f4f4\">\r\n					<tr>\r\n						<td align=\"center\" valign=\"top\">\r\n							<table width=\"650\" border=\"0\" cellspacing=\"0\" cellpadding=\"0\" class=\"mobile-shell\" bgcolor=\"#ffffff\">\r\n								<tr>\r\n									<td class=\"text-nav fw-medium\" style=\"padding: 20px 15px; color:#4a4a4a; font-family:\'Poppins\', Arial,sans-serif; font-size:13px; line-height:21px; text-align:center; font-weight:500;\">\r\n										<a href=\"#\" target=\"_blank\" class=\"link-2\" style=\"color:#4a4a4a; text-decoration:none;\"><span class=\"link-2\" style=\"color:#4a4a4a; text-decoration:none;\">NEW IN</span></a>     <span class=\"m-hide\">   </span> <a href=\"#\" target=\"_blank\" class=\"link-2\" style=\"color:#4a4a4a; text-decoration:none;\"><span class=\"link-2\" style=\"color:#4a4a4a; text-decoration:none;\">APPAREL</span></a>     <span class=\"m-hide\">   </span> <a href=\"#\" target=\"_blank\" class=\"link-2\" style=\"color:#4a4a4a; text-decoration:none;\"><span class=\"link-2\" style=\"color:#4a4a4a; text-decoration:none;\">SHOES</span></a>     <span class=\"m-hide\">   </span> <a href=\"#\" target=\"_blank\" class=\"link-2\" style=\"color:#4a4a4a; text-decoration:none;\"><span class=\"link-2\" style=\"color:#4a4a4a; text-decoration:none;\">ACCESSORIES</span></a>     <span class=\"m-hide\">   </span> <a href=\"#\" target=\"_blank\" class=\"link-2\" style=\"color:#4a4a4a; text-decoration:none;\"><span class=\"link-2\" style=\"color:#4a4a4a; text-decoration:none;\">CURVE</span></a>     <span class=\"m-hide\">   </span> <a href=\"#\" target=\"_blank\" class=\"link-2\" style=\"color:#4a4a4a; text-decoration:none;\"><span class=\"link-2\" style=\"color:#4a4a4a; text-decoration:none;\">PETITE</span></a>     <span class=\"m-hide\">   </span> <a href=\"#\" target=\"_blank\" class=\"link-2\" style=\"color:#4a4a4a; text-decoration:none;\"><span class=\"link-2\" style=\"color:#4a4a4a; text-decoration:none;\">WEEKLY SALE</span></a>\r\n									</td>\r\n								</tr>\r\n							</table>\r\n						</td>\r\n					</tr>\r\n				</table>\r\n\r\n\r\n\r\n<!-- Footer -->\r\n				<table width=\"100%\" border=\"0\" cellspacing=\"0\" cellpadding=\"0\">\r\n					<tr>\r\n						<td align=\"center\" valign=\"top\">\r\n							<table width=\"650\" border=\"0\" cellspacing=\"0\" cellpadding=\"0\" class=\"mobile-shell\">\r\n								<tr>\r\n									<td class=\"plr-15\" style=\"padding: 40px 30px;\">\r\n										<table width=\"100%\" border=\"0\" cellspacing=\"0\" cellpadding=\"0\">\r\n											<tr>\r\n												<th class=\"column-top\" valign=\"top\" width=\"225\" style=\"font-size:0pt; line-height:0pt; padding:0; margin:0; font-weight:normal; vertical-align:top;\">\r\n													<div class=\"img-center\" style=\"font-size:0pt; line-height:0pt; text-align:center;\"><a href=\"#\" target=\"_blank\"><img src=\"https://www.imperialtouch.com/pub/media/logo/stores/3/imperialtouch.jpg\" border=\"0\" width=\"228\" height=\"158\" alt=\"\" /></a></div>\r\n												</th>\r\n												<th class=\"column-top\" valign=\"top\" width=\"15\" style=\"font-size:0pt; line-height:0pt; padding:0; margin:0; font-weight:normal; vertical-align:top;\"><div style=\"font-size:0pt; line-height:0pt;\" class=\"m-br-15\"></div>\r\n</th>\r\n												<th class=\"column-top\" valign=\"top\" style=\"font-size:0pt; line-height:0pt; padding:0; margin:0; font-weight:normal; vertical-align:top;\">\r\n													<table width=\"100%\" border=\"0\" cellspacing=\"0\" cellpadding=\"0\">\r\n														<tr>\r\n															<td align=\"right\" style=\"padding: 15px 0 25px 0;\">\r\n																<!-- Socials -->\r\n																<table border=\"0\" cellspacing=\"0\" cellpadding=\"0\" class=\"center\">\r\n																	<tr>\r\n																		<td class=\"img\"  style=\"font-size:0pt; line-height:0pt; text-align:left;\"><a href=\"https://www.facebook.com/imperialtouch1/\" target=\"_blank\"><img src=\"https://www.imperialtouch.com/pub/media/socialicon/facebook.jpg\" width=\"27\" height=\"38\" border=\"0\" alt=\"\" /></a></td>\r\n																		<td class=\"img\" width=\"40\" style=\"font-size:0pt; line-height:0pt; text-align:left;\"></td>\r\n																		<td class=\"img\" style=\"font-size:0pt; line-height:0pt; text-align:left;\"><a href=\"https://www.instagram.com/imperialtouch1/\" target=\"_blank\"><img src=\"https://www.imperialtouch.com/pub/media/socialicon/instagram.jpg\" width=\"27\" height=\"38\" border=\"0\" alt=\"\" /></a></td>\r\n																		<td class=\"img\" width=\"36\" style=\"font-size:0pt; line-height:0pt; text-align:left;\"></td>\r\n																		<td class=\"img\" width=\"22\" style=\"font-size:0pt; line-height:0pt; text-align:left;\"><a href=\"https://twitter.com/Imperialtouch\" target=\"_blank\"><img src=\"https://www.imperialtouch.com/pub/media/socialicon/twitter.jpg\" width=\"27\" height=\"38\" border=\"0\" alt=\"\" /></a></td>\r\n																		<td class=\"img\" width=\"36\" style=\"font-size:0pt; line-height:0pt; text-align:left;\"></td>\r\n																		<td class=\"img\" width=\"23\" style=\"font-size:0pt; line-height:0pt; text-align:left;\"><a href=\"https://www.youtube.com/channel/UCAmY4UVyGJjqT8AoshVVTXg\" target=\"_blank\"><img src=\"https://www.imperialtouch.com/pub/media/socialicon/youtube.jpg\" width=\"27\" height=\"38\" border=\"0\" alt=\"\" /></a></td>\r\n																		<td class=\"img\" width=\"36\" style=\"font-size:0pt; line-height:0pt; text-align:left;\"></td>\r\n																		\r\n																	</tr>\r\n																</table>\r\n																<!-- END Socials -->\r\n															</td>\r\n														</tr>\r\n														<tr>\r\n															<td class=\"text-footer-1 to-right m-center\" style=\"color:#a0a09a; font-family:\'Poppins\', Arial,sans-serif; font-size:11px; line-height:22px; text-align:right;\">\r\n																<span class=\"link-4\" style=\"color:#a0a09a; text-decoration:none;\">8415 Lila Crescent Dachchester, NU T7X 4A1</span><br />\r\n																Copyright © 0123 Shop Around\r\n															</td>\r\n														</tr>\r\n													</table>\r\n												</th>\r\n											</tr>\r\n										</table>\r\n									</td>\r\n								</tr>\r\n							</table>\r\n						</td>\r\n					</tr>\r\n				</table>\r\n				<!-- END Footer -->\r\n\r\n				<!-- Bottom -->\r\n				<table width=\"100%\" border=\"0\" cellspacing=\"0\" cellpadding=\"0\" bgcolor=\"#f4f4f4\">\r\n					<tr>\r\n						<td align=\"center\" valign=\"top\">\r\n							<table width=\"650\" border=\"0\" cellspacing=\"0\" cellpadding=\"0\" class=\"mobile-shell\">\r\n								<tr>\r\n									<td class=\"text-bottom\" style=\"padding: 35px 15px; color:#888888; font-family:\'Poppins\', Arial,sans-serif; font-size:11px; line-height:18px; text-align:center;\">\r\n										You are receiving this email because you have subscribed to receive updates from us.<br />\r\n										Should you wish to cancel your subscription, please <a href=\"#\" target=\"_blank\" class=\"link-3-u\" style=\"color:#a8a8a8; text-decoration:underline;\"><span class=\"link-3-u\" style=\"color:#a8a8a8; text-decoration:underline;\">click here to unsubscribe.</span></a>\r\n									</td>\r\n								</tr>\r\n							</table>\r\n						</td>\r\n					</tr>\r\n				</table>\r\n				<!-- END Bottom -->\r\n			</td>\r\n		</tr>\r\n	</table>\r\n</body>',NULL,2,'Successfully Subscribed to VarNasol newsletter',NULL,NULL,'2021-01-18 20:43:00','2021-05-10 19:20:12',NULL,NULL,0),(10,'ImperialTouch NewsLetter Subscription','<body leftmargin=\"0\" topmargin=\"0\" marginwidth=\"0\" marginheight=\"0\" bgcolor=\"#fff\" style=\" font-family: Arial; margin:0; padding:0; -webkit-text-size-adjust:none; -ms-text-size-adjust:none;\">\r\n<table id=\"Body\" style=\"border-collapse:collapse;background-color:#FFFFFF;border-spacing:0;\" cellspacing=\"0\" cellpadding=\"0\" align=\"center\" border=\"0\" width=\"600\">\r\n<tbody>\r\n<tr>\r\n<td colspan=\"9\">\r\n<table id=\"nav\" style=\"height:37px;border-collapse:collapse; text-align: center;\" cellspacing=\"0\" cellpadding=\"0\" border=\"0\" width=\"600\">\r\n<tbody>\r\n<tr>\r\n<td colspan=\"5\" style=\"background: #636363; color:#fff; font-size:40px; padding: 30px 0px\">\r\n<strong style=\"display: block; text-transform: uppercase;  font-family:Arial Black;\" >Imperial Touch</strong>\r\n<span style=\"display: block; font-size:22px;\" >There is a Solution </span>\r\n</td>\r\n</tr>\r\n<tr>\r\n<td bgcolor=\"#021444\" style=\"border:1px solid #fff;width: 100px; font-family:Verdana; \">\r\n<a href=\"https://www.www.imperialtouch.com/\" target=\"_blank\" style=\" text-decoration: none; color:#fff; padding: 10px;display: block; \">\r\nHome\r\n</a>\r\n</td>\r\n<td  bgcolor=\"#021444\" style=\"border:1px solid #fff;width: 100px;font-family:Verdana;  \">\r\n<a href=\"https://www.www.imperialtouch.com//face.html\" target=\"_blank\" style=\"text-decoration: none; color:#fff; padding: 10px;display: block;  \">\r\nFace\r\n</a>\r\n</td>\r\n                              <td  bgcolor=\"#021444\" style=\"border:1px solid #fff;width: 100px;font-family:Verdana;  \">\r\n<a href=\"https://www.www.imperialtouch.com//head.html\" target=\"_blank\" style=\"text-decoration: none; color:#fff; padding: 10px;display: block;  \">\r\nHead\r\n</a>\r\n</td>\r\n<td  bgcolor=\"#021444\" style=\"border:1px solid #fff;width: 100px; font-family:Verdana; \">\r\n<a href=\"https://www.www.imperialtouch.com//blog\" target=\"_blank\" style=\"text-decoration: none; color:#fff; padding: 10px;display: block;  \">\r\nBlog\r\n</a>\r\n</td>\r\n<td  bgcolor=\"#021444\" style=\"border:1px solid #fff;width: 100px;font-family:Verdana;  \">\r\n<a href=\"https://www.www.imperialtouch.com//quickorder\" target=\"_blank\" style=\"text-decoration: none; color:#fff; padding: 10px;display: block;  \">\r\nQuick Order\r\n</a>\r\n</td>\r\n</tr>\r\n</tbody></table>\r\n</td>\r\n</tr>\r\n<tr>\r\n<td colspan=\"9\" style=\"background:#f9fbfa; text-align: center;\">\r\n\r\n\r\n\r\n<table style=\"border-collapse:collapse; text-align:center; width: 100% \" cellspacing=\"0\" cellpadding=\"0\" border=\"0\">\r\n<tr>\r\n<td style=\"width: 30%;text-align: right; padding-right: 10px; font-weight: 600;\">\r\n<a href=\"https://www.www.imperialtouch.com/face/razor-bumps-treatment.html\" target=\"_blank\"><img alt=\"Image1\" src=\"https://www.www.imperialtouch.com/media/images/product.jpg\" style=\"margin: 0px auto;\" align=\"none\" ></a>\r\n</td>\r\n<td style=\"width: 50%; text-align: center;\" >\r\n<strong style=\" display:block; font-size:20px; color:#0933a3; padding-bottom: 10px;  font-family:Verdana; \" ><em  style=\"font-style: normal; text-transform: uppercase; display:block; font-size:40px;  font-family:Arial Black;color:#0933a3; font-family:Arial Black;\">welcome</em> to the best in men\'s skin care </strong>\r\n<hr>\r\n<strong style=\" display:block; font-size:40px; color:#030303; padding:10px 0px 0px; font-family:Arial Black;text-transform: uppercase; \">15% off</strong>\r\n<span style=\" display:block; font-size:24px; color:#030303; padding:0px 0px 10px; font-family:Verdana;  \">your first order</span>\r\n<hr>\r\n<strong style=\" display:block; font-size:20px; color:#030303; padding:0px 0px 15px \">use code : Imperial</strong>\r\n<a href=\"https://www.www.imperialtouch.com/\" style=\" display: inline-block; font-size: 22px; color:#fff; background:#0933a3; padding:10px; text-transform: uppercase; text-decoration: none; font-family:Verdana;  \" >shop now</span>\r\n</td>\r\n</tr>\r\n</table>\r\n\r\n</td>\r\n</tr>\r\n<tr>\r\n<td colspan=\"9\">\r\n<table id=\"social\" style=\"border-collapse:collapse; text-align:center; \" cellspacing=\"0\" cellpadding=\"0\" border=\"0\" width=\"600\">\r\n<tbody><tr>\r\n<td colspan=\"6\">\r\n<img src=\"https://www.www.imperialtouch.com/media/images/sep1.jpg\" alt=\"\" style=\"display:block;\" height=\"34\" width=\"600\">\r\n\r\n</td>\r\n</tr>\r\n<tr>\r\n<td style=\"padding: 17px 38px; \">\r\n<a href=\"https://www.www.imperialtouch.com/customercare/\" target=\"_blank\"  style=\"text-decoration:none; \">\r\n<img src=\"https://www.www.imperialtouch.com/media/images/freeshipping.jpg\" alt=\"Free Shipping\">\r\n<strong style=\"display: block; color: #033ca3; font-family:Arial Black;\">Free Shipping</strong>\r\n<span  style=\"display: block; color: #033ca3;font-size:13px;padding-top: 5px;font-family:Verdana; \">on $60 +</span>\r\n</a>\r\n</td>\r\n<td style=\"padding: 15px 28px; \">\r\n<a href=\"https://www.www.imperialtouch.com//contacts/\" target=\"_blank\"  style=\"text-decoration:none; \">\r\n<img src=\"https://www.www.imperialtouch.com/media/images/callus.jpg\" alt=\"Call us 1-800-504-8606\" style=\"display:block;\">\r\n<strong  style=\"display: block; font-family:Arial Black; color: #033ca3\">Call us</strong>\r\n<span  style=\"display: block; color: #033ca3;font-size:13px;padding-top: 5px;font-family:Verdana; \">800-504-8606</span>\r\n</a>\r\n</td>\r\n<!--<td colspan=\"3\" style=\"padding: 15px 0px; \">\r\n<a href=\"https://www.www.imperialtouch.com/\" target=\"_blank\"  style=\"text-decoration:none; \">\r\n<img src=\"https://www.www.imperialtouch.com/media/images/freesample.jpg\" alt=\"Free Samples with every order\" >\r\n<strong  style=\"display: block;  font-family:Arial Black;color: #033ca3\">Free Samples</strong>\r\n<span  style=\"display: block; color: #033ca3;font-size:13px;padding-top: 5px;font-family:Verdana; \">with every order</span>\r\n</a>\r\n</td> -->\r\n<td style=\"padding: 15px 30px; \">\r\n<a href=\"https://www.www.imperialtouch.com/auto-ship/\" target=\"_blank\"  style=\"text-decoration:none; \">\r\n<img src=\"https://www.www.imperialtouch.com/media/images/autoship.jpg\" alt=\"AutoShip - Enjoy 15% off\">\r\n<strong  style=\"display: block; font-family:Arial Black; color: #033ca3\">Autoship</strong>\r\n<span  style=\"display: block; color: #033ca3;font-size:13px;padding-top: 5px;font-family:Verdana; \">Enjoy 15% off</span>\r\n</a>\r\n</a>\r\n</td>\r\n</tr>\r\n<tr>\r\n<td colspan=\"6\">\r\n<img src=\"https://www.www.imperialtouch.com/media/images/sep1.jpg\" alt=\"\" style=\"display:block;\" height=\"34\" width=\"600\">\r\n</td>\r\n</tr>\r\n<tr>\r\n<td colspan=\"6\" style=\"text-align:center;color:#033ca3; vertical-align: middle; padding: 30px 0px;  \" >\r\n\r\n<table style=\"border-collapse:collapse; text-align:center; width: 100% \" cellspacing=\"0\" cellpadding=\"0\" border=\"0\">\r\n<tr>\r\n<td style=\"width: 50%;text-align: right; padding-right: 10px; font-weight: 600; font-family:Arial Black;\">STAY CONNECTED\r\n</td>\r\n<td style=\"width: 50%; text-align: left;\" ><a href=\"https://www.facebook.com/Imperial-Touch-Skin-Care-221873450413\" target=\"_blank\" style=\"color: #fff\">\r\n<img src=\"https://www.www.imperialtouch.com/media/images/facebook.jpg\" alt=\"Find us on Facebook\" >\r\n</a>\r\n                                                                    <a href=\"https://www.instagram.com/imperialtouch1/\" target=\"_blank\" style=\"color: #fff\">\r\n<img src=\"https://www.www.imperialtouch.com/media/images/instagram.jpg\" alt=\"Follow us on Instagram\" >\r\n</a>\r\n<a href=\"https://twitter.com/Imperialtouch\" target=\"_blank\" style=\"color: #fff\">\r\n<img src=\"https://www.www.imperialtouch.com/media/images/twitter.jpg\" alt=\"Follow us on Twitter\" >\r\n</a>\r\n\r\n</td>\r\n</tr>\r\n</table>\r\n</td>\r\n\r\n</tr>\r\n<tr>\r\n<td style=\"font-size:1px;\" width=\"168\">&nbsp;</td>\r\n<td style=\"font-size:1px;\" width=\"119\">&nbsp;</td>\r\n<td style=\"font-size:1px;\" width=\"78\">&nbsp;</td>\r\n<td style=\"font-size:1px;\" width=\"60\">&nbsp;</td>\r\n<td style=\"font-size:1px;\" width=\"13\">&nbsp;</td>\r\n<td style=\"font-size:1px;\" width=\"162\">&nbsp;</td>\r\n</tr>\r\n</tbody></table>\r\n</td>\r\n</tr>\r\n<tr>\r\n<td style=\"font-size:1px;\" width=\"59\">&nbsp;</td>\r\n<td style=\"font-size:1px;\" width=\"73\">&nbsp;</td>\r\n<td style=\"font-size:1px;\" width=\"116\">&nbsp;</td>\r\n<td style=\"font-size:1px;\" width=\"105\">&nbsp;</td>\r\n<td style=\"font-size:1px;\" width=\"19\">&nbsp;</td>\r\n<td style=\"font-size:1px;\" width=\"54\">&nbsp;</td>\r\n<td style=\"font-size:1px;\" width=\"43\">&nbsp;</td>\r\n<td style=\"font-size:1px;\" width=\"33\">&nbsp;</td>\r\n<td style=\"font-size:1px;\" width=\"98\">&nbsp;</td>\r\n</tr>\r\n<tr>\r\n<td colspan=\"9\">\r\n<p style=\"font-size:11px;text-align:center;padding:0px 15px 15px;font-family:helvetica;\">\r\n*You are receiving this email because you opted in to receive emails from Imperial Touch  regarding products and promotions.  Please add <a href=\"mailto:sales@imperialtouch.com \">sales@imperialtouch.com</a> to ensure that you continue to receive our emails.  <br>If you no longer wish to receive emails from Imperial Touch  please click below.<br>\r\nNote that you may continue to receive transactional and operational emails from us.  <br>We respect your right to privacy - <a href=\"https://www.www.imperialtouch.com/privacy-policy/\" target=\"_blank\">view our Privacy Policy</a>.<br>\r\n<a href=\"\" style=\"padding-right:10px;line-height:140%;\">unsubscribe from this list</a>     \r\n                                             <!--  <a href=\"#\" style=\"padding-left:10px;line-height:140%;\">update subscription preferences</a>-->\r\n</p>\r\n</td>\r\n</tr>\r\n</tbody></table>\r\n</body>',NULL,2,'Successfully Subscribed to ImperialTouch NewsLetter',NULL,NULL,'2021-01-18 20:58:36','2023-12-18 05:32:46',NULL,NULL,0),(11,'ImperialTouch Contact Us','<!DOCTYPE html PUBLIC \"-//W3C//DTD XHTML 1.0 Transitional//EN\" \"http://www.w3.org/TR/xhtml1/DTD/xhtml1-transitional.dtd\">\r\n<html xmlns=\"http://www.w3.org/1999/xhtml\" xmlns:v=\"urn:schemas-microsoft-com:vml\" xmlns:o=\"urn:schemas-microsoft-com:office:office\">\r\n    <head>\r\n        <!--[if gte mso 9]>\r\n        <xml>\r\n            <o:OfficeDocumentSettings>\r\n            <o:AllowPNG/>\r\n            <o:PixelsPerInch>96</o:PixelsPerInch>\r\n            </o:OfficeDocumentSettings>\r\n        </xml>\r\n        <![endif]-->\r\n        <meta http-equiv=\"Content-type\" content=\"text/html; charset=utf-8\" />\r\n        <meta name=\"viewport\" content=\"width=device-width, initial-scale=1, maximum-scale=1\" />\r\n        <meta http-equiv=\"X-UA-Compatible\" content=\"IE=edge\" />\r\n        <meta name=\"format-detection\" content=\"date=no\" />\r\n        <meta name=\"format-detection\" content=\"address=no\" />\r\n        <meta name=\"format-detection\" content=\"telephone=no\" />\r\n        <meta name=\"x-apple-disable-message-reformatting\" />\r\n<style type=\"text/css\">\r\n        {{var template_styles|raw}}\r\n\r\n        {{css file=\"css/email.css\"}}\r\n    </style>\r\n        <!--[if !mso]><!-->\r\n        <link href=\"https://fonts.googleapis.com/css?family=Poppins:300,300i,400,400i,500,500i,600,600i,700,700i\" rel=\"stylesheet\"/>\r\n        <!--<![endif]-->\r\n        <title>Email Template</title>\r\n\r\n    </head>\r\n    <body class=\"body\" style=\"padding:0 !important; margin:0 !important; display:block !important; min-width:100% !important; width:100% !important; background:#ffffff; -webkit-text-size-adjust:none;\">\r\n{{inlinecss file=\"css/email-inline.css\"}}\r\n        <table width=\"100%\" border=\"0\" cellspacing=\"0\" cellpadding=\"0\" bgcolor=\"#ffffff\">\r\n            <tr>\r\n                <td align=\"center\" valign=\"top\">\r\n                    <!-- Top -->\r\n                \r\n                <!-- END Top -->\r\n                <!-- Header -->\r\n                <table width=\"100%\" border=\"0\" cellspacing=\"0\" cellpadding=\"0\" bgcolor=\"#f4f4f4\">\r\n                    <tr>\r\n                        <td align=\"center\" valign=\"top\">\r\n                            <table width=\"650\" border=\"0\" cellspacing=\"0\" cellpadding=\"0\" class=\"mobile-shell\">\r\n                                <tr>\r\n                                    <td class=\"img-center\" style=\"padding: 45px 15px; font-size:0pt; line-height:0pt; text-align:center;\"><a href=\"#\" target=\"_blank\"><img src=\"https://www.imperialtouch.com/pub/media/logo/stores/3/imperialtouchemail.png\" width=\"228\" height=\"158\" border=\"0\" alt=\"\" /></a></td>\r\n                                </tr>\r\n                            </table>\r\n                        </td>\r\n                    </tr>\r\n                </table>\r\n                <!-- END Header -->\r\n                <!-- Nav -->\r\n                <table width=\"100%\" border=\"0\" cellspacing=\"0\" cellpadding=\"0\" bgcolor=\"#f4f4f4\">\r\n                    <tr>\r\n                        <td align=\"center\" valign=\"top\">\r\n                            <table width=\"650\" border=\"0\" cellspacing=\"0\" cellpadding=\"0\" class=\"mobile-shell\" bgcolor=\"#ffffff\">\r\n                                <tr>\r\n                                    <td class=\"text-nav fw-medium\" style=\"padding: 20px 15px; color:#4a4a4a; font-family:\'Poppins\', Arial,sans-serif; font-size:13px; line-height:21px; text-align:center; font-weight:500;\">\r\n                                        <a href=\"https://www.imperialtouch.com/\" target=\"_blank\" class=\"link-2\" style=\"color:#4a4a4a; text-decoration:none;\"><span class=\"link-2\" style=\"color:#4a4a4a; text-decoration:none;\">HOME </span></a>     <span class=\"m-hide\">   </span> \r\n                                        <a href=\"https://www.imperialtouch.com/face.html\" target=\"_blank\" class=\"link-2\" style=\"color:#4a4a4a; text-decoration:none;\"><span class=\"link-2\" style=\"color:#4a4a4a; text-decoration:none;\">FACE</span></a>     <span class=\"m-hide\">   </span> \r\n                                        <a href=\"https://www.imperialtouch.com/body.html\" target=\"_blank\" class=\"link-2\" style=\"color:#4a4a4a; text-decoration:none;\"><span class=\"link-2\" style=\"color:#4a4a4a; text-decoration:none;\">BODY</span></a>     <span class=\"m-hide\">   </span> \r\n                                        <a href=\"https://www.imperialtouch.com/head.html\" target=\"_blank\" class=\"link-2\" style=\"color:#4a4a4a; text-decoration:none;\"><span class=\"link-2\" style=\"color:#4a4a4a; text-decoration:none;\">HEAD</span></a>     <span class=\"m-hide\">   </span> \r\n                                        <a href=\"https://www.imperialtouch.com/accessories.html\" target=\"_blank\" class=\"link-2\" style=\"color:#4a4a4a; text-decoration:none;\"><span class=\"link-2\" style=\"color:#4a4a4a; text-decoration:none;\">ACCESSORIES</span></a>     <span class=\"m-hide\">   </span> \r\n                                        <a href=\"https://www.imperialtouch.com/blog\" target=\"_blank\" class=\"link-2\" style=\"color:#4a4a4a; text-decoration:none;\"><span class=\"link-2\" style=\"color:#4a4a4a; text-decoration:none;\">BLOG</span></a>     <span class=\"m-hide\">   </span> \r\n                                        <a href=\"https://www.imperialtouch.com/about-us\" target=\"_blank\" class=\"link-2\" style=\"color:#4a4a4a; text-decoration:none;\"><span class=\"link-2\" style=\"color:#4a4a4a; text-decoration:none;\">ABOUT US</span></a>\r\n                                    </td>\r\n                                </tr>\r\n                            </table>\r\n                        </td>\r\n                    </tr>\r\n                </table>\r\n                <!-- END Nav -->\r\n                <!-- Main -->\r\n    \r\n\r\n    <table width=\"100%\" border=\"0\" cellspacing=\"0\" cellpadding=\"0\">\r\n        \r\n\r\n\r\n        <tr>\r\n                        <td>\r\n                            <!-- Section - Intro -->\r\n                            <table width=\"100%\" border=\"0\" cellspacing=\"0\" cellpadding=\"0\">\r\n                                <tr>\r\n                                    <td valign=\"top\">\r\n                                        <table width=\"100%\" border=\"0\" cellspacing=\"0\" cellpadding=\"0\">\r\n                                            <tr>\r\n                                                <td class=\"img\" height=\"245\" bgcolor=\"#f4f4f4\" style=\"font-size:0pt; line-height:0pt; text-align:left;\"> </td>\r\n                                            </tr>\r\n                                        </table>\r\n                                    </td>\r\n                                    <td align=\"center\" valign=\"top\" width=\"650\" class=\"mobile-shell\">\r\n                                        <table width=\"650\" border=\"0\" cellspacing=\"0\" cellpadding=\"0\" class=\"mobile-shell\">\r\n                                            <tr>\r\n                                                <td>\r\n                                                    <table width=\"100%\" border=\"0\" cellspacing=\"0\" cellpadding=\"0\">\r\n                                                        <tr>\r\n                                                            <td class=\"fluid-img\" style=\"padding-bottom: 40px; font-size:0pt; line-height:0pt; text-align:left;\"><a href=\"#\" target=\"_blank\"><img src=\"http://amanady.com/product.jpg\" width=\"650\" height=\"487\" border=\"0\" alt=\"\" /></a></td>\r\n                                                        </tr>\r\n                                                        \r\n                                                    </table>\r\n                                                </td>\r\n                                            </tr>\r\n                                        </table>\r\n                                    </td>\r\n                                    <td valign=\"top\">\r\n                                        <table width=\"100%\" border=\"0\" cellspacing=\"0\" cellpadding=\"0\">\r\n                                            <tr>\r\n                                                <td class=\"img\" height=\"245\" bgcolor=\"#f4f4f4\" style=\"font-size:0pt; line-height:0pt; text-align:left;\"> </td>\r\n                                            </tr>\r\n                                        </table>\r\n                                    </td>\r\n                                </tr>\r\n                            </table>\r\n                            <!-- END Section - Intro -->\r\n                        </td>\r\n                    </tr>\r\n\r\n        <tr>\r\n            <td align=\"center\" valign=\"top\">\r\n                <table width=\"650\" border=\"0\" cellspacing=\"0\" cellpadding=\"0\" class=\"mobile-shell\">\r\n                    <tr>\r\n                        <td class=\"plr-15\" style=\"padding: 40px 30px;\">\r\n                            <table width=\"100%\" border=\"0\" cellspacing=\"0\" cellpadding=\"0\">\r\n                                \r\n                                <!-- main body above this header-->\r\n\r\n<table class=\"message-details\">\r\n    <tr>\r\n        <td><strong>{{trans \"Name\"}}</strong></td>\r\n        <td>{{var data.name}}</td>\r\n    </tr>\r\n    <tr>\r\n        <td><strong>{{trans \"Email\"}}</strong></td>\r\n        <td>{{var data.email}}</td>\r\n    </tr>\r\n    <tr>\r\n        <td><strong>{{trans \"Phone\"}}</strong></td>\r\n        <td>{{var data.telephone}}</td>\r\n    </tr>\r\n</table>\r\n<p><strong>{{trans \"Message\"}}</strong></p>\r\n<p>{{var data.comment}}</p>\r\n\r\n<!-- main body end -->\r\n\r\n                        </table>\r\n                    </td>\r\n                </tr>\r\n            </table>\r\n        </td>\r\n    </tr>\r\n</table>\r\n\r\n\r\n\r\n    <!-- END Main footer start-->\r\n    <!-- Footer -->\r\n    <!-- Footer -->\r\n                <table width=\"100%\" border=\"0\" cellspacing=\"0\" cellpadding=\"0\" bgcolor=\"#f4f4f4\">\r\n                    <tr>\r\n                        <td align=\"center\" valign=\"top\">\r\n                            <table width=\"650\" border=\"0\" cellspacing=\"0\" cellpadding=\"0\" class=\"mobile-shell\">\r\n                                <tr>\r\n                                    <td class=\"plr-15\" style=\"padding: 40px 30px;\">\r\n                                        <table width=\"100%\" border=\"0\" cellspacing=\"0\" cellpadding=\"0\">\r\n                                            <tr>\r\n                                                <th class=\"column-top\" valign=\"top\" width=\"225\" style=\"font-size:0pt; line-height:0pt; padding:0; margin:0; font-weight:normal; vertical-align:top;\">\r\n                                                    <div class=\"img-center\" style=\"font-size:0pt; line-height:0pt; text-align:center;\"><a href=\"#\" target=\"_blank\"><img src=\"https://www.imperialtouch.com/pub/media/logo/stores/3/imperialtouch-footer.png\" border=\"0\" width=\"228\" height=\"158\" alt=\"\" /></a></div>\r\n                                                </th>\r\n                                                <th class=\"column-top\" valign=\"top\" width=\"15\" style=\"font-size:0pt; line-height:0pt; padding:0; margin:0; font-weight:normal; vertical-align:top;\"><div style=\"font-size:0pt; line-height:0pt;\" class=\"m-br-15\"></div>\r\n</th>\r\n                                                <th class=\"column-top\" valign=\"top\" style=\"font-size:0pt; line-height:0pt; padding:0; margin:0; font-weight:normal; vertical-align:top;\">\r\n                                                    <table width=\"100%\" border=\"0\" cellspacing=\"0\" cellpadding=\"0\">\r\n                                                        <tr>\r\n                                                            <td align=\"right\" style=\"padding: 15px 0 25px 0;\">\r\n                                                                <!-- Socials -->\r\n                                                                <table border=\"0\" cellspacing=\"0\" cellpadding=\"0\" class=\"center\">\r\n                                                                    <tr>\r\n                                                                        <td class=\"img\"  style=\"font-size:0pt; line-height:0pt; text-align:left;\"><a href=\"https://www.facebook.com/imperialtouch1/\" target=\"_blank\"><img src=\"https://www.imperialtouch.com/pub/media/socialicon/facebook.jpg\" width=\"27\" height=\"38\" border=\"0\" alt=\"\" /></a></td>\r\n                                                                        <td class=\"img\" width=\"40\" style=\"font-size:0pt; line-height:0pt; text-align:left;\"></td>\r\n                                                                        <td class=\"img\" style=\"font-size:0pt; line-height:0pt; text-align:left;\"><a href=\"https://www.instagram.com/imperialtouch1/\" target=\"_blank\"><img src=\"https://www.imperialtouch.com/pub/media/socialicon/instagram.jpg\" width=\"27\" height=\"38\" border=\"0\" alt=\"\" /></a></td>\r\n                                                                        <td class=\"img\" width=\"36\" style=\"font-size:0pt; line-height:0pt; text-align:left;\"></td>\r\n                                                                        <td class=\"img\" width=\"22\" style=\"font-size:0pt; line-height:0pt; text-align:left;\"><a href=\"https://twitter.com/Imperialtouch\" target=\"_blank\"><img src=\"https://www.imperialtouch.com/pub/media/socialicon/twitter.jpg\" width=\"27\" height=\"38\" border=\"0\" alt=\"\" /></a></td>\r\n                                                                        <td class=\"img\" width=\"36\" style=\"font-size:0pt; line-height:0pt; text-align:left;\"></td>\r\n                                                                        <td class=\"img\" width=\"23\" style=\"font-size:0pt; line-height:0pt; text-align:left;\"><a href=\"https://www.youtube.com/channel/UCAmY4UVyGJjqT8AoshVVTXg\" target=\"_blank\"><img src=\"https://www.imperialtouch.com/pub/media/socialicon/youtube.jpg\" width=\"27\" height=\"38\" border=\"0\" alt=\"\" /></a></td>\r\n                                                                        <td class=\"img\" width=\"36\" style=\"font-size:0pt; line-height:0pt; text-align:left;\"></td>\r\n                                                                        \r\n                                                                    </tr>\r\n                                                                </table>\r\n                                                                <!-- END Socials -->\r\n                                                            </td>\r\n                                                        </tr>\r\n                                                        <tr>\r\n                                                            <td class=\"text-footer-1 to-right m-center\" style=\"color:#a0a09a; font-family:\'Poppins\', Arial,sans-serif; font-size:11px; line-height:22px; text-align:right;\">\r\n                                                                <span class=\"link-4\" style=\"color:#a0a09a; text-decoration:none;\">Imperial Touch Skin Care 2107 N. Decatur Rd.\r\nSuite 369\r\nDecatur, GA  30033,\r\nUnited States</span><br />\r\n                                                                Copyright © Imperial Touch Skin Care, LLC. 2023, All right reserved. Made In USA. Toll Free (800) 504-8606\r\n                                                            </td>\r\n                                                        </tr>\r\n                                                    </table>\r\n                                                </th>\r\n                                            </tr>\r\n                                        </table>\r\n                                    </td>\r\n                                </tr>\r\n                            </table>\r\n                        </td>\r\n                    </tr>\r\n                </table>\r\n                <!-- END Footer -->\r\n\r\n            \r\n<!-- END Footer -->\r\n\r\n</td>\r\n</tr>\r\n</table>\r\n</body>\r\n</html>',NULL,2,'{{trans \"Contact Form\"}}',NULL,NULL,'2021-05-10 19:46:10','2023-03-03 02:45:45','contact_email_email_template','{\"var data.comment\":\"Comment\",\"var data.email\":\"Sender Email\",\"var data.name\":\"Sender Name\",\"var data.telephone\":\"Sender Telephone\"}',0),(12,'Test Order Email Template Default','{{template config_path=\"design/email/header_template\"}}\r\n\r\n<table>\r\n    <tr class=\"email-intro\">\r\n        <td>\r\n            <p class=\"greeting\">{{trans \"%customer_name,\" customer_name=$order_data.customer_name}}</p>\r\n            <p>\r\n                {{trans \"Thank you for your order from %store_name.\" store_name=$store.frontend_name}}\r\n                {{trans \"Once your package ships we will send you a tracking number.\"}}\r\n                {{trans \'You can check the status of your order by <a href=\"%account_url\">logging into your account</a>.\' account_url=$this.getUrl($store,\'customer/account/\',[_nosid:1]) |raw}}\r\n            </p>\r\n            <p>\r\n                {{trans \'If you have questions about your order, you can email us at <a href=\"mailto:%store_email\">%store_email</a>\' store_email=$store_email |raw}}{{depend store_phone}} {{trans \'or call us at <a href=\"tel:%store_phone\">%store_phone</a>\' store_phone=$store_phone |raw}}{{/depend}}.\r\n                {{depend store_hours}}\r\n                    {{trans \'Our hours are <span class=\"no-link\">%store_hours</span>.\' store_hours=$store_hours |raw}}\r\n                {{/depend}}\r\n            </p>\r\n        </td>\r\n    </tr>\r\n    <tr class=\"email-summary\">\r\n        <td>\r\n            <h1>{{trans \'Your Order <span class=\"no-link\">#%increment_id</span>\' increment_id=$order.increment_id |raw}}</h1>\r\n            <p>{{trans \'Placed on <span class=\"no-link\">%created_at</span>\' created_at=$created_at_formatted |raw}}</p>\r\n        </td>\r\n    </tr>\r\n    <tr class=\"email-information\">\r\n        <td>\r\n            {{depend order_data.email_customer_note}}\r\n            <table class=\"message-info\">\r\n                <tr>\r\n                    <td>\r\n                        {{var order_data.email_customer_note|escape|nl2br}}\r\n                    </td>\r\n                </tr>\r\n            </table>\r\n            {{/depend}}\r\n            <table class=\"order-details\">\r\n                <tr>\r\n                    <td class=\"address-details\">\r\n                        <h3>{{trans \"Billing Info\"}}</h3>\r\n                        <p>{{var formattedBillingAddress|raw}}</p>\r\n                    </td>\r\n                    {{depend order_data.is_not_virtual}}\r\n                    <td class=\"address-details\">\r\n                        <h3>{{trans \"Shipping Info\"}}</h3>\r\n                        <p>{{var formattedShippingAddress|raw}}</p>\r\n                    </td>\r\n                    {{/depend}}\r\n                </tr>\r\n                <tr>\r\n                    <td class=\"method-info\">\r\n                        <h3>{{trans \"Payment Method\"}}</h3>\r\n                        {{var payment_html|raw}}\r\n                    </td>\r\n                    {{depend order_data.is_not_virtual}}\r\n                    <td class=\"method-info\">\r\n                        <h3>{{trans \"Shipping Method\"}}</h3>\r\n                        <p>{{var order.shipping_description}}</p>\r\n                        {{if shipping_msg}}\r\n                        <p>{{var shipping_msg}}</p>\r\n                        {{/if}}\r\n                    </td>\r\n                    {{/depend}}\r\n                </tr>\r\n            </table>\r\n            {{layout handle=\"sales_email_order_items\" order=$order area=\"frontend\"}}\r\n        </td>\r\n    </tr>\r\n</table>\r\n\r\n{{template config_path=\"design/email/footer_template\"}}',NULL,2,'{{trans \"Your %store_name order confirmation\" store_name=$store.frontend_name}}',NULL,NULL,'2021-06-05 18:50:38','2021-09-01 19:48:17','design_email_header_template','{\"var logo_url\":\"Email Logo Image URL\",\"var logo_alt\":\"Email Logo Alt Text\",\"var logo_height\":\"Email Logo Image Height\",\"var logo_width\":\"Email Logo Image Width\",\"var template_styles|raw\":\"Template CSS\"}',0),(13,'Imperialtouch New Order','<!DOCTYPE html PUBLIC \"-//W3C//DTD XHTML 1.0 Transitional//EN\" \"http://www.w3.org/TR/xhtml1/DTD/xhtml1-transitional.dtd\">\r\n<html xmlns=\"http://www.w3.org/1999/xhtml\" xmlns:v=\"urn:schemas-microsoft-com:vml\" xmlns:o=\"urn:schemas-microsoft-com:office:office\">\r\n	<head>\r\n		<!--[if gte mso 9]>\r\n		<xml>\r\n			<o:OfficeDocumentSettings>\r\n			<o:AllowPNG/>\r\n			<o:PixelsPerInch>96</o:PixelsPerInch>\r\n			</o:OfficeDocumentSettings>\r\n		</xml>\r\n		<![endif]-->\r\n		<meta http-equiv=\"Content-type\" content=\"text/html; charset=utf-8\" />\r\n		<meta name=\"viewport\" content=\"width=device-width, initial-scale=1, maximum-scale=1\" />\r\n		<meta http-equiv=\"X-UA-Compatible\" content=\"IE=edge\" />\r\n		<meta name=\"format-detection\" content=\"date=no\" />\r\n		<meta name=\"format-detection\" content=\"address=no\" />\r\n		<meta name=\"format-detection\" content=\"telephone=no\" />\r\n		<meta name=\"x-apple-disable-message-reformatting\" />\r\n<style type=\"text/css\">\r\n        {{var template_styles|raw}}\r\n\r\n        {{css file=\"css/email.css\"}}\r\n    </style>\r\n		<!--[if !mso]><!-->\r\n		<link href=\"https://fonts.googleapis.com/css?family=Poppins:300,300i,400,400i,500,500i,600,600i,700,700i\" rel=\"stylesheet\"/>\r\n		<!--<![endif]-->\r\n		<title>Email Template</title>\r\n\r\n	</head>\r\n	<body class=\"body\" style=\"padding:0 !important; margin:0 !important; display:block !important; min-width:100% !important; width:100% !important; background:#ffffff; -webkit-text-size-adjust:none;\">\r\n{{inlinecss file=\"css/email-inline.css\"}}\r\n		<table width=\"100%\" border=\"0\" cellspacing=\"0\" cellpadding=\"0\" bgcolor=\"#ffffff\">\r\n			<tr>\r\n				<td align=\"center\" valign=\"top\">\r\n					<!-- Top -->\r\n				\r\n				<!-- END Top -->\r\n				<!-- Header -->\r\n				<table width=\"100%\" border=\"0\" cellspacing=\"0\" cellpadding=\"0\" bgcolor=\"#f4f4f4\">\r\n					<tr>\r\n						<td align=\"center\" valign=\"top\">\r\n							<table width=\"650\" border=\"0\" cellspacing=\"0\" cellpadding=\"0\" class=\"mobile-shell\">\r\n								<tr>\r\n									<td class=\"img-center\" style=\"padding: 45px 15px; font-size:0pt; line-height:0pt; text-align:center;\"><a href=\"#\" target=\"_blank\"><img src=\"https://www.imperialtouch.com/pub/media/logo/stores/3/imperialtouchemail.png\" width=\"228\" height=\"158\" border=\"0\" alt=\"\" /></a></td>\r\n								</tr>\r\n							</table>\r\n						</td>\r\n					</tr>\r\n				</table>\r\n				<!-- END Header -->\r\n				<!-- Nav -->\r\n				<table width=\"100%\" border=\"0\" cellspacing=\"0\" cellpadding=\"0\" bgcolor=\"#f4f4f4\">\r\n					<tr>\r\n						<td align=\"center\" valign=\"top\">\r\n							<table width=\"650\" border=\"0\" cellspacing=\"0\" cellpadding=\"0\" class=\"mobile-shell\" bgcolor=\"#ffffff\">\r\n								<tr>\r\n									<td class=\"text-nav fw-medium\" style=\"padding: 20px 15px; color:#4a4a4a; font-family:\'Poppins\', Arial,sans-serif; font-size:13px; line-height:21px; text-align:center; font-weight:500;\">\r\n										<a href=\"https://www.imperialtouch.com/\" target=\"_blank\" class=\"link-2\" style=\"color:#4a4a4a; text-decoration:none;\"><span class=\"link-2\" style=\"color:#4a4a4a; text-decoration:none;\">HOME </span></a>     <span class=\"m-hide\">   </span> \r\n										<a href=\"https://www.imperialtouch.com/face.html\" target=\"_blank\" class=\"link-2\" style=\"color:#4a4a4a; text-decoration:none;\"><span class=\"link-2\" style=\"color:#4a4a4a; text-decoration:none;\">FACE</span></a>     <span class=\"m-hide\">   </span> \r\n										<a href=\"https://www.imperialtouch.com/body.html\" target=\"_blank\" class=\"link-2\" style=\"color:#4a4a4a; text-decoration:none;\"><span class=\"link-2\" style=\"color:#4a4a4a; text-decoration:none;\">BODY</span></a>     <span class=\"m-hide\">   </span> \r\n										<a href=\"https://www.imperialtouch.com/head.html\" target=\"_blank\" class=\"link-2\" style=\"color:#4a4a4a; text-decoration:none;\"><span class=\"link-2\" style=\"color:#4a4a4a; text-decoration:none;\">HEAD</span></a>     <span class=\"m-hide\">   </span> \r\n										<a href=\"https://www.imperialtouch.com/accessories.html\" target=\"_blank\" class=\"link-2\" style=\"color:#4a4a4a; text-decoration:none;\"><span class=\"link-2\" style=\"color:#4a4a4a; text-decoration:none;\">ACCESSORIES</span></a>     <span class=\"m-hide\">   </span> \r\n										<a href=\"https://www.imperialtouch.com/blog\" target=\"_blank\" class=\"link-2\" style=\"color:#4a4a4a; text-decoration:none;\"><span class=\"link-2\" style=\"color:#4a4a4a; text-decoration:none;\">BLOG</span></a>     <span class=\"m-hide\">   </span> \r\n										<a href=\"https://www.imperialtouch.com/about-us\" target=\"_blank\" class=\"link-2\" style=\"color:#4a4a4a; text-decoration:none;\"><span class=\"link-2\" style=\"color:#4a4a4a; text-decoration:none;\">ABOUT US</span></a>\r\n									</td>\r\n								</tr>\r\n							</table>\r\n						</td>\r\n					</tr>\r\n				</table>\r\n				<!-- END Nav -->\r\n				<!-- Main -->\r\n	\r\n\r\n	<table width=\"100%\" border=\"0\" cellspacing=\"0\" cellpadding=\"0\">\r\n		\r\n\r\n\r\n		<tr>\r\n						<td>\r\n							<!-- Section - Intro -->\r\n							<table width=\"100%\" border=\"0\" cellspacing=\"0\" cellpadding=\"0\">\r\n								<tr>\r\n									<td valign=\"top\">\r\n										<table width=\"100%\" border=\"0\" cellspacing=\"0\" cellpadding=\"0\">\r\n											<tr>\r\n												<td class=\"img\" height=\"245\" bgcolor=\"#f4f4f4\" style=\"font-size:0pt; line-height:0pt; text-align:left;\"> </td>\r\n											</tr>\r\n										</table>\r\n									</td>\r\n									<td align=\"center\" valign=\"top\" width=\"650\" class=\"mobile-shell\">\r\n										<table width=\"650\" border=\"0\" cellspacing=\"0\" cellpadding=\"0\" class=\"mobile-shell\">\r\n											<tr>\r\n												<td>\r\n													<table width=\"100%\" border=\"0\" cellspacing=\"0\" cellpadding=\"0\">\r\n														<tr>\r\n															<td class=\"fluid-img\" style=\"padding-bottom: 40px; font-size:0pt; line-height:0pt; text-align:left;\"><a href=\"#\" target=\"_blank\"><img src=\"http://amanady.com/product.jpg\" width=\"650\" height=\"487\" border=\"0\" alt=\"\" /></a></td>\r\n														</tr>\r\n														\r\n													</table>\r\n												</td>\r\n											</tr>\r\n										</table>\r\n									</td>\r\n									<td valign=\"top\">\r\n										<table width=\"100%\" border=\"0\" cellspacing=\"0\" cellpadding=\"0\">\r\n											<tr>\r\n												<td class=\"img\" height=\"245\" bgcolor=\"#f4f4f4\" style=\"font-size:0pt; line-height:0pt; text-align:left;\"> </td>\r\n											</tr>\r\n										</table>\r\n									</td>\r\n								</tr>\r\n							</table>\r\n							<!-- END Section - Intro -->\r\n						</td>\r\n					</tr>\r\n\r\n		<tr>\r\n			<td align=\"center\" valign=\"top\">\r\n				<table width=\"650\" border=\"0\" cellspacing=\"0\" cellpadding=\"0\" class=\"mobile-shell\">\r\n					<tr>\r\n						<td class=\"plr-15\" style=\"padding: 40px 30px;\">\r\n							<table width=\"100%\" border=\"0\" cellspacing=\"0\" cellpadding=\"0\">\r\n								\r\n								<!-- main body above this header-->\r\n\r\n<table>\r\n    <tr class=\"email-intro\">\r\n        <td>\r\n            <p class=\"greeting\">{{trans \"%customer_name,\" customer_name=$order_data.customer_name}}</p>\r\n            <p>\r\n                {{trans \"Thank you for shopping at %store_name.\" store_name=$store.frontend_name}}\r\n                {{trans \"Once the order has been processed and shipped, you will receive your tracking information.\"}}\r\n                {{trans \'You can check the status of your order by <a href=\"%account_url\">logging into your account</a>.\' account_url=$this.getUrl($store,\'customer/account/\',[_nosid:1]) |raw}}\r\n            </p>\r\n            <p>\r\n                {{trans \'If you have questions about your order, please email us at <a href=\"mailto:%store_email\">%store_email</a>\' store_email=sales@imperialtouch.com |raw}}{{depend store_phone}} {{trans \'or call us at <a href=\"tel:%store_phone\">%store_phone</a>\' store_phone=(800)504-8606 |raw}}{{/depend}}.\r\n                {{depend store_hours}}\r\n                    {{trans \'Our hours are <span class=\"no-link\">%store_hours</span>.\' store_hours=$store_hours |raw}}\r\n                {{/depend}}\r\n            </p>\r\n        </td>\r\n    </tr>\r\n    <tr class=\"email-summary\">\r\n        <td>\r\n            <h1>{{trans \'Your Order <span class=\"no-link\">#%increment_id</span>\' increment_id=$order.increment_id |raw}}</h1>\r\n            <p>{{trans \'Placed on <span class=\"no-link\">%created_at</span>\' created_at=$created_at_formatted |raw}}</p>\r\n        </td>\r\n    </tr>\r\n    <tr class=\"email-information\">\r\n        <td>\r\n            {{depend order_data.email_customer_note}}\r\n            <table class=\"message-info\">\r\n                <tr>\r\n                    <td>\r\n                        {{var order_data.email_customer_note|escape|nl2br}}\r\n                    </td>\r\n                </tr>\r\n            </table>\r\n            {{/depend}}\r\n            <table class=\"order-details\">\r\n                <tr>\r\n                    <td class=\"address-details\">\r\n                        <h3>{{trans \"Billing Info\"}}</h3>\r\n                        <p>{{var formattedBillingAddress|raw}}</p>\r\n                    </td>\r\n                    {{depend order_data.is_not_virtual}}\r\n                    <td class=\"address-details\">\r\n                        <h3>{{trans \"Shipping Info\"}}</h3>\r\n                        <p>{{var formattedShippingAddress|raw}}</p>\r\n                    </td>\r\n                    {{/depend}}\r\n                </tr>\r\n                <tr>\r\n                    <td class=\"method-info\">\r\n                        <h3>{{trans \"Payment Method\"}}</h3>\r\n                        {{var payment_html|raw}}\r\n                    </td>\r\n                    {{depend order_data.is_not_virtual}}\r\n                    <td class=\"method-info\">\r\n                        <h3>{{trans \"Shipping Method\"}}</h3>\r\n                        <p>{{var order.shipping_description}}</p>\r\n                        {{if shipping_msg}}\r\n                        <p>{{var shipping_msg}}</p>\r\n                        {{/if}}\r\n                    </td>\r\n                    {{/depend}}\r\n                </tr>\r\n            </table>\r\n            {{layout handle=\"sales_email_order_items\" order=$order area=\"frontend\"}}\r\n        </td>\r\n    </tr>\r\n</table>\r\n\r\n\r\n\r\n\r\n<!-- main body end -->\r\n\r\n						</table>\r\n					</td>\r\n				</tr>\r\n			</table>\r\n		</td>\r\n	</tr>\r\n</table>\r\n\r\n\r\n\r\n	<!-- END Main footer start-->\r\n	<!-- Footer -->\r\n	<!-- Footer -->\r\n				<table width=\"100%\" border=\"0\" cellspacing=\"0\" cellpadding=\"0\" bgcolor=\"#f4f4f4\">\r\n					<tr>\r\n						<td align=\"center\" valign=\"top\">\r\n							<table width=\"650\" border=\"0\" cellspacing=\"0\" cellpadding=\"0\" class=\"mobile-shell\">\r\n								<tr>\r\n									<td class=\"plr-15\" style=\"padding: 40px 30px;\">\r\n										<table width=\"100%\" border=\"0\" cellspacing=\"0\" cellpadding=\"0\">\r\n											<tr>\r\n												<th class=\"column-top\" valign=\"top\" width=\"225\" style=\"font-size:0pt; line-height:0pt; padding:0; margin:0; font-weight:normal; vertical-align:top;\">\r\n													<div class=\"img-center\" style=\"font-size:0pt; line-height:0pt; text-align:center;\"><a href=\"#\" target=\"_blank\"><img src=\"https://www.imperialtouch.com/pub/media/logo/stores/3/imperialtouch-footer.png\" border=\"0\" width=\"228\" height=\"158\" alt=\"\" /></a></div>\r\n												</th>\r\n												<th class=\"column-top\" valign=\"top\" width=\"15\" style=\"font-size:0pt; line-height:0pt; padding:0; margin:0; font-weight:normal; vertical-align:top;\"><div style=\"font-size:0pt; line-height:0pt;\" class=\"m-br-15\"></div>\r\n</th>\r\n												<th class=\"column-top\" valign=\"top\" style=\"font-size:0pt; line-height:0pt; padding:0; margin:0; font-weight:normal; vertical-align:top;\">\r\n													<table width=\"100%\" border=\"0\" cellspacing=\"0\" cellpadding=\"0\">\r\n														<tr>\r\n															<td align=\"right\" style=\"padding: 15px 0 25px 0;\">\r\n																<!-- Socials -->\r\n																<table border=\"0\" cellspacing=\"0\" cellpadding=\"0\" class=\"center\">\r\n																	<tr>\r\n																		<td class=\"img\"  style=\"font-size:0pt; line-height:0pt; text-align:left;\"><a href=\"https://www.facebook.com/imperialtouch1/\" target=\"_blank\"><img src=\"https://www.imperialtouch.com/pub/media/socialicon/facebook.jpg\" width=\"27\" height=\"38\" border=\"0\" alt=\"\" /></a></td>\r\n																		<td class=\"img\" width=\"40\" style=\"font-size:0pt; line-height:0pt; text-align:left;\"></td>\r\n																		<td class=\"img\" style=\"font-size:0pt; line-height:0pt; text-align:left;\"><a href=\"https://www.instagram.com/imperialtouch1/\" target=\"_blank\"><img src=\"https://www.imperialtouch.com/pub/media/socialicon/instagram.jpg\" width=\"27\" height=\"38\" border=\"0\" alt=\"\" /></a></td>\r\n																		<td class=\"img\" width=\"36\" style=\"font-size:0pt; line-height:0pt; text-align:left;\"></td>\r\n																		<td class=\"img\" width=\"22\" style=\"font-size:0pt; line-height:0pt; text-align:left;\"><a href=\"https://twitter.com/Imperialtouch\" target=\"_blank\"><img src=\"https://www.imperialtouch.com/pub/media/socialicon/twitter.jpg\" width=\"27\" height=\"38\" border=\"0\" alt=\"\" /></a></td>\r\n																		<td class=\"img\" width=\"36\" style=\"font-size:0pt; line-height:0pt; text-align:left;\"></td>\r\n																		<td class=\"img\" width=\"23\" style=\"font-size:0pt; line-height:0pt; text-align:left;\"><a href=\"https://www.youtube.com/channel/UCAmY4UVyGJjqT8AoshVVTXg\" target=\"_blank\"><img src=\"https://www.imperialtouch.com/pub/media/socialicon/youtube.jpg\" width=\"27\" height=\"38\" border=\"0\" alt=\"\" /></a></td>\r\n																		<td class=\"img\" width=\"36\" style=\"font-size:0pt; line-height:0pt; text-align:left;\"></td>\r\n																		\r\n																	</tr>\r\n																</table>\r\n																<!-- END Socials -->\r\n															</td>\r\n														</tr>\r\n														<tr>\r\n															<td class=\"text-footer-1 to-right m-center\" style=\"color:#a0a09a; font-family:\'Poppins\', Arial,sans-serif; font-size:11px; line-height:22px; text-align:right;\">\r\n																<span class=\"link-4\" style=\"color:#a0a09a; text-decoration:none;\">Imperial Touch Skin Care N. Decatur Rd.\r\nSuite 369\r\nDecatur, GA  30033,\r\nUnited States</span><br />\r\n																Copyright © Imperial Touch Skin Care, LLc. 2023, All right reserved. Made In USA. Toll Free (800) 504-8606\r\n															</td>\r\n														</tr>\r\n													</table>\r\n												</th>\r\n											</tr>\r\n										</table>\r\n									</td>\r\n								</tr>\r\n							</table>\r\n						</td>\r\n					</tr>\r\n				</table>\r\n				<!-- END Footer -->\r\n\r\n			\r\n<!-- END Footer -->\r\n\r\n</td>\r\n</tr>\r\n</table>\r\n</body>\r\n</html>',NULL,2,'{{trans \"Your %store_name order confirmation\" store_name=$store.frontend_name}}',NULL,NULL,'2021-06-05 18:59:57','2023-03-03 02:45:05','sales_email_order_template','{\"var formattedBillingAddress|raw\":\"Billing Address\",\"var order_data.email_customer_note|escape|nl2br\":\"Email Order Note\",\"var order.increment_id\":\"Order Id\",\"layout handle=\\\"sales_email_order_items\\\" order=$order area=\\\"frontend\\\"\":\"Order Items Grid\",\"var payment_html|raw\":\"Payment Details\",\"var formattedShippingAddress|raw\":\"Shipping Address\",\"var order.shipping_description\":\"Shipping Description\",\"var shipping_msg\":\"Shipping message\",\"var created_at_formatted\":\"Order Created At (datetime)\",\"var store.frontend_name\":\"Store Frontend Name\",\"var store_phone\":\"Store Phone\",\"var store_email\":\"Store Email\",\"var store_hours\":\"Store Hours\",\"var this.getUrl($store,\'customer/account/\',[_nosid:1])\":\"Customer Account URL\",\"var order_data.is_not_virtual\":\"Order Type\",\"var order\":\"Order\",\"var order_data.customer_name\":\"Customer Name\"}',1),(14,'ImperialTouch New Invoice','<!DOCTYPE html PUBLIC \"-//W3C//DTD XHTML 1.0 Transitional//EN\" \"http://www.w3.org/TR/xhtml1/DTD/xhtml1-transitional.dtd\">\r\n<html xmlns=\"http://www.w3.org/1999/xhtml\" xmlns:v=\"urn:schemas-microsoft-com:vml\" xmlns:o=\"urn:schemas-microsoft-com:office:office\">\r\n	<head>\r\n		<!--[if gte mso 9]>\r\n		<xml>\r\n			<o:OfficeDocumentSettings>\r\n			<o:AllowPNG/>\r\n			<o:PixelsPerInch>96</o:PixelsPerInch>\r\n			</o:OfficeDocumentSettings>\r\n		</xml>\r\n		<![endif]-->\r\n		<meta http-equiv=\"Content-type\" content=\"text/html; charset=utf-8\" />\r\n		<meta name=\"viewport\" content=\"width=device-width, initial-scale=1, maximum-scale=1\" />\r\n		<meta http-equiv=\"X-UA-Compatible\" content=\"IE=edge\" />\r\n		<meta name=\"format-detection\" content=\"date=no\" />\r\n		<meta name=\"format-detection\" content=\"address=no\" />\r\n		<meta name=\"format-detection\" content=\"telephone=no\" />\r\n		<meta name=\"x-apple-disable-message-reformatting\" />\r\n<style type=\"text/css\">\r\n        {{var template_styles|raw}}\r\n\r\n        {{css file=\"css/email.css\"}}\r\n    </style>\r\n		<!--[if !mso]><!-->\r\n		<link href=\"https://fonts.googleapis.com/css?family=Poppins:300,300i,400,400i,500,500i,600,600i,700,700i\" rel=\"stylesheet\"/>\r\n		<!--<![endif]-->\r\n		<title>Email Template</title>\r\n\r\n	</head>\r\n	<body class=\"body\" style=\"padding:0 !important; margin:0 !important; display:block !important; min-width:100% !important; width:100% !important; background:#ffffff; -webkit-text-size-adjust:none;\">\r\n{{inlinecss file=\"css/email-inline.css\"}}\r\n		<table width=\"100%\" border=\"0\" cellspacing=\"0\" cellpadding=\"0\" bgcolor=\"#ffffff\">\r\n			<tr>\r\n				<td align=\"center\" valign=\"top\">\r\n					<!-- Top -->\r\n				\r\n				<!-- END Top -->\r\n				<!-- Header -->\r\n				<table width=\"100%\" border=\"0\" cellspacing=\"0\" cellpadding=\"0\" bgcolor=\"#f4f4f4\">\r\n					<tr>\r\n						<td align=\"center\" valign=\"top\">\r\n							<table width=\"650\" border=\"0\" cellspacing=\"0\" cellpadding=\"0\" class=\"mobile-shell\">\r\n								<tr>\r\n									<td class=\"img-center\" style=\"padding: 45px 15px; font-size:0pt; line-height:0pt; text-align:center;\"><a href=\"#\" target=\"_blank\"><img src=\"https://www.imperialtouch.com/pub/media/logo/stores/3/imperialtouchemail.png\" width=\"228\" height=\"158\" border=\"0\" alt=\"\" /></a></td>\r\n								</tr>\r\n							</table>\r\n						</td>\r\n					</tr>\r\n				</table>\r\n				<!-- END Header -->\r\n				<!-- Nav -->\r\n				<table width=\"100%\" border=\"0\" cellspacing=\"0\" cellpadding=\"0\" bgcolor=\"#f4f4f4\">\r\n					<tr>\r\n						<td align=\"center\" valign=\"top\">\r\n							<table width=\"650\" border=\"0\" cellspacing=\"0\" cellpadding=\"0\" class=\"mobile-shell\" bgcolor=\"#ffffff\">\r\n								<tr>\r\n									<td class=\"text-nav fw-medium\" style=\"padding: 20px 15px; color:#4a4a4a; font-family:\'Poppins\', Arial,sans-serif; font-size:13px; line-height:21px; text-align:center; font-weight:500;\">\r\n										<a href=\"https://www.imperialtouch.com/\" target=\"_blank\" class=\"link-2\" style=\"color:#4a4a4a; text-decoration:none;\"><span class=\"link-2\" style=\"color:#4a4a4a; text-decoration:none;\">HOME </span></a>     <span class=\"m-hide\">   </span> \r\n										<a href=\"https://www.imperialtouch.com/face.html\" target=\"_blank\" class=\"link-2\" style=\"color:#4a4a4a; text-decoration:none;\"><span class=\"link-2\" style=\"color:#4a4a4a; text-decoration:none;\">FACE</span></a>     <span class=\"m-hide\">   </span> \r\n										<a href=\"https://www.imperialtouch.com/body.html\" target=\"_blank\" class=\"link-2\" style=\"color:#4a4a4a; text-decoration:none;\"><span class=\"link-2\" style=\"color:#4a4a4a; text-decoration:none;\">BODY</span></a>     <span class=\"m-hide\">   </span> \r\n										<a href=\"https://www.imperialtouch.com/head.html\" target=\"_blank\" class=\"link-2\" style=\"color:#4a4a4a; text-decoration:none;\"><span class=\"link-2\" style=\"color:#4a4a4a; text-decoration:none;\">HEAD</span></a>     <span class=\"m-hide\">   </span> \r\n										<a href=\"https://www.imperialtouch.com/accessories.html\" target=\"_blank\" class=\"link-2\" style=\"color:#4a4a4a; text-decoration:none;\"><span class=\"link-2\" style=\"color:#4a4a4a; text-decoration:none;\">ACCESSORIES</span></a>     <span class=\"m-hide\">   </span> \r\n										<a href=\"https://www.imperialtouch.com/blog\" target=\"_blank\" class=\"link-2\" style=\"color:#4a4a4a; text-decoration:none;\"><span class=\"link-2\" style=\"color:#4a4a4a; text-decoration:none;\">BLOG</span></a>     <span class=\"m-hide\">   </span> \r\n										<a href=\"https://www.imperialtouch.com/about-us\" target=\"_blank\" class=\"link-2\" style=\"color:#4a4a4a; text-decoration:none;\"><span class=\"link-2\" style=\"color:#4a4a4a; text-decoration:none;\">ABOUT US</span></a>\r\n									</td>\r\n								</tr>\r\n							</table>\r\n						</td>\r\n					</tr>\r\n				</table>\r\n				<!-- END Nav -->\r\n				<!-- Main -->\r\n	\r\n\r\n	<table width=\"100%\" border=\"0\" cellspacing=\"0\" cellpadding=\"0\">\r\n		\r\n\r\n\r\n		<tr>\r\n						<td>\r\n							<!-- Section - Intro -->\r\n							<table width=\"100%\" border=\"0\" cellspacing=\"0\" cellpadding=\"0\">\r\n								<tr>\r\n									<td valign=\"top\">\r\n										<table width=\"100%\" border=\"0\" cellspacing=\"0\" cellpadding=\"0\">\r\n											<tr>\r\n												<td class=\"img\" height=\"245\" bgcolor=\"#f4f4f4\" style=\"font-size:0pt; line-height:0pt; text-align:left;\"> </td>\r\n											</tr>\r\n										</table>\r\n									</td>\r\n									<td align=\"center\" valign=\"top\" width=\"650\" class=\"mobile-shell\">\r\n										<table width=\"650\" border=\"0\" cellspacing=\"0\" cellpadding=\"0\" class=\"mobile-shell\">\r\n											<tr>\r\n												<td>\r\n													<table width=\"100%\" border=\"0\" cellspacing=\"0\" cellpadding=\"0\">\r\n														<tr>\r\n															<td class=\"fluid-img\" style=\"padding-bottom: 40px; font-size:0pt; line-height:0pt; text-align:left;\"><a href=\"#\" target=\"_blank\"><img src=\"http://amanady.com/product.jpg\" width=\"650\" height=\"487\" border=\"0\" alt=\"\" /></a></td>\r\n														</tr>\r\n														\r\n													</table>\r\n												</td>\r\n											</tr>\r\n										</table>\r\n									</td>\r\n									<td valign=\"top\">\r\n										<table width=\"100%\" border=\"0\" cellspacing=\"0\" cellpadding=\"0\">\r\n											<tr>\r\n												<td class=\"img\" height=\"245\" bgcolor=\"#f4f4f4\" style=\"font-size:0pt; line-height:0pt; text-align:left;\"> </td>\r\n											</tr>\r\n										</table>\r\n									</td>\r\n								</tr>\r\n							</table>\r\n							<!-- END Section - Intro -->\r\n						</td>\r\n					</tr>\r\n\r\n		<tr>\r\n			<td align=\"center\" valign=\"top\">\r\n				<table width=\"650\" border=\"0\" cellspacing=\"0\" cellpadding=\"0\" class=\"mobile-shell\">\r\n					<tr>\r\n						<td class=\"plr-15\" style=\"padding: 40px 30px;\">\r\n							<table width=\"100%\" border=\"0\" cellspacing=\"0\" cellpadding=\"0\">\r\n								\r\n								<!-- main body above this header-->\r\n\r\n<table>\r\n    <tr class=\"email-intro\">\r\n        <td>\r\n            <p class=\"greeting\">{{trans \"%name,\" name=$order_data.customer_name}}</p>\r\n            <p>\r\n                {{trans \"Thank you for your order from %store_name.\" store_name=$store.frontend_name}}\r\n                {{trans \'You can check the status of your order by <a href=\"%account_url\">logging into your account</a>.\' account_url=$this.getUrl($store,\'customer/account/\',[_nosid:1]) |raw}}\r\n                {{trans \'If you have questions about your order, you can email us at <a href=\"mailto:%store_email\">%store_email</a>\' store_email=sales@imperialtouch.com |raw}}{{depend store_phone}} {{trans \'or call us at <a href=\"tel:%store_phone\">%store_phone</a>\' store_phone=(800)504-8606 |raw}}{{/depend}}.\r\n                {{depend store_hours}}\r\n                    {{trans \'Our hours are <span class=\"no-link\">%store_hours</span>.\' store_hours=$store_hours |raw}}\r\n                {{/depend}}\r\n            </p>\r\n        </td>\r\n    </tr>\r\n    <tr class=\"email-summary\">\r\n        <td>\r\n            <h1>{{trans \"Your Invoice #%invoice_id for Order #%order_id\" invoice_id=$invoice.increment_id order_id=$order.increment_id}}</h1>\r\n        </td>\r\n    </tr>\r\n    <tr class=\"email-information\">\r\n        <td>\r\n            {{depend comment}}\r\n            <table class=\"message-info\">\r\n                <tr>\r\n                    <td>\r\n                        {{var comment|escape|nl2br}}\r\n                    </td>\r\n                </tr>\r\n            </table>\r\n            {{/depend}}\r\n            <table class=\"order-details\">\r\n                <tr>\r\n                    <td class=\"address-details\">\r\n                        <h3>{{trans \"Billing Info\"}}</h3>\r\n                        <p>{{var formattedBillingAddress|raw}}</p>\r\n                    </td>\r\n                    {{depend order_data.is_not_virtual}}\r\n                    <td class=\"address-details\">\r\n                        <h3>{{trans \"Shipping Info\"}}</h3>\r\n                        <p>{{var formattedShippingAddress|raw}}</p>\r\n                    </td>\r\n                    {{/depend}}\r\n                </tr>\r\n                <tr>\r\n                    <td class=\"method-info\">\r\n                        <h3>{{trans \"Payment Method\"}}</h3>\r\n                        {{var payment_html|raw}}\r\n                    </td>\r\n                    {{depend order_data.is_not_virtual}}\r\n                    <td class=\"method-info\">\r\n                        <h3>{{trans \"Shipping Method\"}}</h3>\r\n                        <p>{{var order.shipping_description}}</p>\r\n                    </td>\r\n                    {{/depend}}\r\n                </tr>\r\n            </table>\r\n            {{layout area=\"frontend\" handle=\"sales_email_order_invoice_items\" invoice=$invoice order=$order}}\r\n        </td>\r\n    </tr>\r\n</table>\r\n\r\n\r\n<!-- main body end -->\r\n\r\n						</table>\r\n					</td>\r\n				</tr>\r\n			</table>\r\n		</td>\r\n	</tr>\r\n</table>\r\n\r\n\r\n\r\n	<!-- END Main footer start-->\r\n	<!-- Footer -->\r\n	<!-- Footer -->\r\n				<table width=\"100%\" border=\"0\" cellspacing=\"0\" cellpadding=\"0\" bgcolor=\"#f4f4f4\">\r\n					<tr>\r\n						<td align=\"center\" valign=\"top\">\r\n							<table width=\"650\" border=\"0\" cellspacing=\"0\" cellpadding=\"0\" class=\"mobile-shell\">\r\n								<tr>\r\n									<td class=\"plr-15\" style=\"padding: 40px 30px;\">\r\n										<table width=\"100%\" border=\"0\" cellspacing=\"0\" cellpadding=\"0\">\r\n											<tr>\r\n												<th class=\"column-top\" valign=\"top\" width=\"225\" style=\"font-size:0pt; line-height:0pt; padding:0; margin:0; font-weight:normal; vertical-align:top;\">\r\n													<div class=\"img-center\" style=\"font-size:0pt; line-height:0pt; text-align:center;\"><a href=\"#\" target=\"_blank\"><img src=\"https://www.imperialtouch.com/pub/media/logo/stores/3/imperialtouch-footer.png\" border=\"0\" width=\"228\" height=\"158\" alt=\"\" /></a></div>\r\n												</th>\r\n												<th class=\"column-top\" valign=\"top\" width=\"15\" style=\"font-size:0pt; line-height:0pt; padding:0; margin:0; font-weight:normal; vertical-align:top;\"><div style=\"font-size:0pt; line-height:0pt;\" class=\"m-br-15\"></div>\r\n</th>\r\n												<th class=\"column-top\" valign=\"top\" style=\"font-size:0pt; line-height:0pt; padding:0; margin:0; font-weight:normal; vertical-align:top;\">\r\n													<table width=\"100%\" border=\"0\" cellspacing=\"0\" cellpadding=\"0\">\r\n														<tr>\r\n															<td align=\"right\" style=\"padding: 15px 0 25px 0;\">\r\n																<!-- Socials -->\r\n																<table border=\"0\" cellspacing=\"0\" cellpadding=\"0\" class=\"center\">\r\n																	<tr>\r\n																		<td class=\"img\"  style=\"font-size:0pt; line-height:0pt; text-align:left;\"><a href=\"https://www.facebook.com/imperialtouch1/\" target=\"_blank\"><img src=\"https://www.imperialtouch.com/pub/media/socialicon/facebook.jpg\" width=\"27\" height=\"38\" border=\"0\" alt=\"\" /></a></td>\r\n																		<td class=\"img\" width=\"40\" style=\"font-size:0pt; line-height:0pt; text-align:left;\"></td>\r\n																		<td class=\"img\" style=\"font-size:0pt; line-height:0pt; text-align:left;\"><a href=\"https://www.instagram.com/imperialtouch1/\" target=\"_blank\"><img src=\"https://www.imperialtouch.com/pub/media/socialicon/instagram.jpg\" width=\"27\" height=\"38\" border=\"0\" alt=\"\" /></a></td>\r\n																		<td class=\"img\" width=\"36\" style=\"font-size:0pt; line-height:0pt; text-align:left;\"></td>\r\n																		<td class=\"img\" width=\"22\" style=\"font-size:0pt; line-height:0pt; text-align:left;\"><a href=\"https://twitter.com/Imperialtouch\" target=\"_blank\"><img src=\"https://www.imperialtouch.com/pub/media/socialicon/twitter.jpg\" width=\"27\" height=\"38\" border=\"0\" alt=\"\" /></a></td>\r\n																		<td class=\"img\" width=\"36\" style=\"font-size:0pt; line-height:0pt; text-align:left;\"></td>\r\n																		<td class=\"img\" width=\"23\" style=\"font-size:0pt; line-height:0pt; text-align:left;\"><a href=\"https://www.youtube.com/channel/UCAmY4UVyGJjqT8AoshVVTXg\" target=\"_blank\"><img src=\"https://www.imperialtouch.com/pub/media/socialicon/youtube.jpg\" width=\"27\" height=\"38\" border=\"0\" alt=\"\" /></a></td>\r\n																		<td class=\"img\" width=\"36\" style=\"font-size:0pt; line-height:0pt; text-align:left;\"></td>\r\n																		\r\n																	</tr>\r\n																</table>\r\n																<!-- END Socials -->\r\n															</td>\r\n														</tr>\r\n														<tr>\r\n															<td class=\"text-footer-1 to-right m-center\" style=\"color:#a0a09a; font-family:\'Poppins\', Arial,sans-serif; font-size:11px; line-height:22px; text-align:right;\">\r\n																<span class=\"link-4\" style=\"color:#a0a09a; text-decoration:none;\">Imperial Touch Skin Care 2107 N. Decatur Rd.\r\nSuite 369\r\nDecatur, GA  30033,\r\nUnited States</span><br />\r\n																Copyright © Imperial Touch Skin Care, LLC. 2023, All right reserved. Made In USA. Toll Free (800) 504-8606\r\n															</td>\r\n														</tr>\r\n													</table>\r\n												</th>\r\n											</tr>\r\n										</table>\r\n									</td>\r\n								</tr>\r\n							</table>\r\n						</td>\r\n					</tr>\r\n				</table>\r\n				<!-- END Footer -->\r\n\r\n			\r\n<!-- END Footer -->\r\n\r\n</td>\r\n</tr>\r\n</table>\r\n</body>\r\n</html>',NULL,2,'{{trans \"Invoice for your %store_name order\" store_name=$store.frontend_name}}',NULL,NULL,'2021-07-03 20:27:32','2023-03-03 02:50:33','sales_email_invoice_template','{\"var formattedBillingAddress|raw\":\"Billing Address\",\"var this.getUrl($store,\'customer/account/\',[_nosid:1])\":\"Customer Account URL\",\"var order_data.customer_name\":\"Customer Name\",\"var comment|escape|nl2br\":\"Invoice Comment\",\"var invoice.increment_id\":\"Invoice Id\",\"layout area=\\\"frontend\\\" handle=\\\"sales_email_order_invoice_items\\\" invoice=$invoice order=$order\":\"Invoice Items Grid\",\"var order.increment_id\":\"Order Id\",\"var payment_html|raw\":\"Payment Details\",\"var formattedShippingAddress|raw\":\"Shipping Address\",\"var order.shipping_description\":\"Shipping Description\",\"var store.frontend_name\":\"Store Frontend Name\",\"var store_phone\":\"Store Phone\",\"var store_email\":\"Store Email\",\"var store_hours\":\"Store Hours\",\"var invoice\": \"Invoice\",\"var order\": \"Order\",\"var order_data.is_not_virtual\": \"Order Type\"}',1),(15,'ImperialTouch New Invoice Guest','<!DOCTYPE html PUBLIC \"-//W3C//DTD XHTML 1.0 Transitional//EN\" \"http://www.w3.org/TR/xhtml1/DTD/xhtml1-transitional.dtd\">\r\n<html xmlns=\"http://www.w3.org/1999/xhtml\" xmlns:v=\"urn:schemas-microsoft-com:vml\" xmlns:o=\"urn:schemas-microsoft-com:office:office\">\r\n    <head>\r\n        <!--[if gte mso 9]>\r\n        <xml>\r\n            <o:OfficeDocumentSettings>\r\n            <o:AllowPNG/>\r\n            <o:PixelsPerInch>96</o:PixelsPerInch>\r\n            </o:OfficeDocumentSettings>\r\n        </xml>\r\n        <![endif]-->\r\n        <meta http-equiv=\"Content-type\" content=\"text/html; charset=utf-8\" />\r\n        <meta name=\"viewport\" content=\"width=device-width, initial-scale=1, maximum-scale=1\" />\r\n        <meta http-equiv=\"X-UA-Compatible\" content=\"IE=edge\" />\r\n        <meta name=\"format-detection\" content=\"date=no\" />\r\n        <meta name=\"format-detection\" content=\"address=no\" />\r\n        <meta name=\"format-detection\" content=\"telephone=no\" />\r\n        <meta name=\"x-apple-disable-message-reformatting\" />\r\n<style type=\"text/css\">\r\n        {{var template_styles|raw}}\r\n\r\n        {{css file=\"css/email.css\"}}\r\n    </style>\r\n        <!--[if !mso]><!-->\r\n        <link href=\"https://fonts.googleapis.com/css?family=Poppins:300,300i,400,400i,500,500i,600,600i,700,700i\" rel=\"stylesheet\"/>\r\n        <!--<![endif]-->\r\n        <title>Email Template</title>\r\n\r\n    </head>\r\n    <body class=\"body\" style=\"padding:0 !important; margin:0 !important; display:block !important; min-width:100% !important; width:100% !important; background:#ffffff; -webkit-text-size-adjust:none;\">\r\n{{inlinecss file=\"css/email-inline.css\"}}\r\n        <table width=\"100%\" border=\"0\" cellspacing=\"0\" cellpadding=\"0\" bgcolor=\"#ffffff\">\r\n            <tr>\r\n                <td align=\"center\" valign=\"top\">\r\n                    <!-- Top -->\r\n                \r\n                <!-- END Top -->\r\n                <!-- Header -->\r\n                <table width=\"100%\" border=\"0\" cellspacing=\"0\" cellpadding=\"0\" bgcolor=\"#f4f4f4\">\r\n                    <tr>\r\n                        <td align=\"center\" valign=\"top\">\r\n                            <table width=\"650\" border=\"0\" cellspacing=\"0\" cellpadding=\"0\" class=\"mobile-shell\">\r\n                                <tr>\r\n                                    <td class=\"img-center\" style=\"padding: 45px 15px; font-size:0pt; line-height:0pt; text-align:center;\"><a href=\"#\" target=\"_blank\"><img src=\"https://www.imperialtouch.com/pub/media/logo/stores/3/imperialtouchemail.png\" width=\"228\" height=\"158\" border=\"0\" alt=\"\" /></a></td>\r\n                                </tr>\r\n                            </table>\r\n                        </td>\r\n                    </tr>\r\n                </table>\r\n                <!-- END Header -->\r\n                <!-- Nav -->\r\n                <table width=\"100%\" border=\"0\" cellspacing=\"0\" cellpadding=\"0\" bgcolor=\"#f4f4f4\">\r\n                    <tr>\r\n                        <td align=\"center\" valign=\"top\">\r\n                            <table width=\"650\" border=\"0\" cellspacing=\"0\" cellpadding=\"0\" class=\"mobile-shell\" bgcolor=\"#ffffff\">\r\n                                <tr>\r\n                                    <td class=\"text-nav fw-medium\" style=\"padding: 20px 15px; color:#4a4a4a; font-family:\'Poppins\', Arial,sans-serif; font-size:13px; line-height:21px; text-align:center; font-weight:500;\">\r\n                                        <a href=\"https://www.imperialtouch.com/\" target=\"_blank\" class=\"link-2\" style=\"color:#4a4a4a; text-decoration:none;\"><span class=\"link-2\" style=\"color:#4a4a4a; text-decoration:none;\">HOME </span></a>     <span class=\"m-hide\">   </span> \r\n                                        <a href=\"https://www.imperialtouch.com/face.html\" target=\"_blank\" class=\"link-2\" style=\"color:#4a4a4a; text-decoration:none;\"><span class=\"link-2\" style=\"color:#4a4a4a; text-decoration:none;\">FACE</span></a>     <span class=\"m-hide\">   </span> \r\n                                        <a href=\"https://www.imperialtouch.com/body.html\" target=\"_blank\" class=\"link-2\" style=\"color:#4a4a4a; text-decoration:none;\"><span class=\"link-2\" style=\"color:#4a4a4a; text-decoration:none;\">BODY</span></a>     <span class=\"m-hide\">   </span> \r\n                                        <a href=\"https://www.imperialtouch.com/head.html\" target=\"_blank\" class=\"link-2\" style=\"color:#4a4a4a; text-decoration:none;\"><span class=\"link-2\" style=\"color:#4a4a4a; text-decoration:none;\">HEAD</span></a>     <span class=\"m-hide\">   </span> \r\n                                        <a href=\"https://www.imperialtouch.com/accessories.html\" target=\"_blank\" class=\"link-2\" style=\"color:#4a4a4a; text-decoration:none;\"><span class=\"link-2\" style=\"color:#4a4a4a; text-decoration:none;\">ACCESSORIES</span></a>     <span class=\"m-hide\">   </span> \r\n                                        <a href=\"https://www.imperialtouch.com/blog\" target=\"_blank\" class=\"link-2\" style=\"color:#4a4a4a; text-decoration:none;\"><span class=\"link-2\" style=\"color:#4a4a4a; text-decoration:none;\">BLOG</span></a>     <span class=\"m-hide\">   </span> \r\n                                        <a href=\"https://www.imperialtouch.com/about-us\" target=\"_blank\" class=\"link-2\" style=\"color:#4a4a4a; text-decoration:none;\"><span class=\"link-2\" style=\"color:#4a4a4a; text-decoration:none;\">ABOUT US</span></a>\r\n                                    </td>\r\n                                </tr>\r\n                            </table>\r\n                        </td>\r\n                    </tr>\r\n                </table>\r\n                <!-- END Nav -->\r\n                <!-- Main -->\r\n    \r\n\r\n    <table width=\"100%\" border=\"0\" cellspacing=\"0\" cellpadding=\"0\">\r\n        \r\n\r\n\r\n        <tr>\r\n                        <td>\r\n                            <!-- Section - Intro -->\r\n                            <table width=\"100%\" border=\"0\" cellspacing=\"0\" cellpadding=\"0\">\r\n                                <tr>\r\n                                    <td valign=\"top\">\r\n                                        <table width=\"100%\" border=\"0\" cellspacing=\"0\" cellpadding=\"0\">\r\n                                            <tr>\r\n                                                <td class=\"img\" height=\"245\" bgcolor=\"#f4f4f4\" style=\"font-size:0pt; line-height:0pt; text-align:left;\"> </td>\r\n                                            </tr>\r\n                                        </table>\r\n                                    </td>\r\n                                    <td align=\"center\" valign=\"top\" width=\"650\" class=\"mobile-shell\">\r\n                                        <table width=\"650\" border=\"0\" cellspacing=\"0\" cellpadding=\"0\" class=\"mobile-shell\">\r\n                                            <tr>\r\n                                                <td>\r\n                                                    <table width=\"100%\" border=\"0\" cellspacing=\"0\" cellpadding=\"0\">\r\n                                                        <tr>\r\n                                                            <td class=\"fluid-img\" style=\"padding-bottom: 40px; font-size:0pt; line-height:0pt; text-align:left;\"><a href=\"#\" target=\"_blank\"><img src=\"http://amanady.com/product.jpg\" width=\"650\" height=\"487\" border=\"0\" alt=\"\" /></a></td>\r\n                                                        </tr>\r\n                                                        \r\n                                                    </table>\r\n                                                </td>\r\n                                            </tr>\r\n                                        </table>\r\n                                    </td>\r\n                                    <td valign=\"top\">\r\n                                        <table width=\"100%\" border=\"0\" cellspacing=\"0\" cellpadding=\"0\">\r\n                                            <tr>\r\n                                                <td class=\"img\" height=\"245\" bgcolor=\"#f4f4f4\" style=\"font-size:0pt; line-height:0pt; text-align:left;\"> </td>\r\n                                            </tr>\r\n                                        </table>\r\n                                    </td>\r\n                                </tr>\r\n                            </table>\r\n                            <!-- END Section - Intro -->\r\n                        </td>\r\n                    </tr>\r\n\r\n        <tr>\r\n            <td align=\"center\" valign=\"top\">\r\n                <table width=\"650\" border=\"0\" cellspacing=\"0\" cellpadding=\"0\" class=\"mobile-shell\">\r\n                    <tr>\r\n                        <td class=\"plr-15\" style=\"padding: 40px 30px;\">\r\n                            <table width=\"100%\" border=\"0\" cellspacing=\"0\" cellpadding=\"0\">\r\n                                \r\n                                <!-- main body above this header-->\r\n\r\n<table>\r\n    <tr class=\"email-intro\">\r\n        <td>\r\n            <p class=\"greeting\">{{trans \"%name,\" name=$billing.name}}</p>\r\n            <p>\r\n                {{trans \"Thank you for your order from %store_name.\" store_name=$store.frontend_name}}\r\n                {{trans \'If you have questions about your order, you can email us at <a href=\"mailto:%store_email\">%store_email</a>\' store_email=sales@imperialtouch.com |raw}}{{depend store_phone}} {{trans \'or call us at <a href=\"tel:%store_phone\">%store_phone</a>\' store_phone=(800)504-8606 |raw}}{{/depend}}.\r\n                {{depend store_hours}}\r\n                    {{trans \'Our hours are <span class=\"no-link\">%store_hours</span>.\' store_hours=$store_hours |raw}}\r\n                {{/depend}}\r\n            </p>\r\n        </td>\r\n    </tr>\r\n    <tr class=\"email-summary\">\r\n        <td>\r\n            <h1>{{trans \"Your Invoice #%invoice_id for Order #%order_id\" invoice_id=$invoice.increment_id order_id=$order.increment_id}}</h1>\r\n        </td>\r\n    </tr>\r\n    <tr class=\"email-information\">\r\n        <td>\r\n            {{depend comment}}\r\n            <table class=\"message-info\">\r\n                <tr>\r\n                    <td>\r\n                        {{var comment|escape|nl2br}}\r\n                    </td>\r\n                </tr>\r\n            </table>\r\n            {{/depend}}\r\n            <table class=\"order-details\">\r\n                <tr>\r\n                    <td class=\"address-details\">\r\n                        <h3>{{trans \"Billing Info\"}}</h3>\r\n                        <p>{{var formattedBillingAddress|raw}}</p>\r\n                    </td>\r\n                    {{depend order_data.is_not_virtual}}\r\n                    <td class=\"address-details\">\r\n                        <h3>{{trans \"Shipping Info\"}}</h3>\r\n                        <p>{{var formattedShippingAddress|raw}}</p>\r\n                    </td>\r\n                    {{/depend}}\r\n                </tr>\r\n                <tr>\r\n                    <td class=\"method-info\">\r\n                        <h3>{{trans \"Payment Method\"}}</h3>\r\n                        {{var payment_html|raw}}\r\n                    </td>\r\n                    {{depend order_data.is_not_virtual}}\r\n                    <td class=\"method-info\">\r\n                        <h3>{{trans \"Shipping Method\"}}</h3>\r\n                        <p>{{var order.shipping_description}}</p>\r\n                    </td>\r\n                    {{/depend}}\r\n                </tr>\r\n            </table>\r\n            {{layout handle=\"sales_email_order_invoice_items\" invoice=$invoice order=$order}}\r\n        </td>\r\n    </tr>\r\n</table>\r\n\r\n\r\n<!-- main body end -->\r\n\r\n                        </table>\r\n                    </td>\r\n                </tr>\r\n            </table>\r\n        </td>\r\n    </tr>\r\n</table>\r\n\r\n\r\n\r\n    <!-- END Main footer start-->\r\n    <!-- Footer -->\r\n    <!-- Footer -->\r\n                <table width=\"100%\" border=\"0\" cellspacing=\"0\" cellpadding=\"0\" bgcolor=\"#f4f4f4\">\r\n                    <tr>\r\n                        <td align=\"center\" valign=\"top\">\r\n                            <table width=\"650\" border=\"0\" cellspacing=\"0\" cellpadding=\"0\" class=\"mobile-shell\">\r\n                                <tr>\r\n                                    <td class=\"plr-15\" style=\"padding: 40px 30px;\">\r\n                                        <table width=\"100%\" border=\"0\" cellspacing=\"0\" cellpadding=\"0\">\r\n                                            <tr>\r\n                                                <th class=\"column-top\" valign=\"top\" width=\"225\" style=\"font-size:0pt; line-height:0pt; padding:0; margin:0; font-weight:normal; vertical-align:top;\">\r\n                                                    <div class=\"img-center\" style=\"font-size:0pt; line-height:0pt; text-align:center;\"><a href=\"#\" target=\"_blank\"><img src=\"https://www.imperialtouch.com/pub/media/logo/stores/3/imperialtouch-footer.png\" border=\"0\" width=\"228\" height=\"158\" alt=\"\" /></a></div>\r\n                                                </th>\r\n                                                <th class=\"column-top\" valign=\"top\" width=\"15\" style=\"font-size:0pt; line-height:0pt; padding:0; margin:0; font-weight:normal; vertical-align:top;\"><div style=\"font-size:0pt; line-height:0pt;\" class=\"m-br-15\"></div>\r\n</th>\r\n                                                <th class=\"column-top\" valign=\"top\" style=\"font-size:0pt; line-height:0pt; padding:0; margin:0; font-weight:normal; vertical-align:top;\">\r\n                                                    <table width=\"100%\" border=\"0\" cellspacing=\"0\" cellpadding=\"0\">\r\n                                                        <tr>\r\n                                                            <td align=\"right\" style=\"padding: 15px 0 25px 0;\">\r\n                                                                <!-- Socials -->\r\n                                                                <table border=\"0\" cellspacing=\"0\" cellpadding=\"0\" class=\"center\">\r\n                                                                    <tr>\r\n                                                                        <td class=\"img\"  style=\"font-size:0pt; line-height:0pt; text-align:left;\"><a href=\"https://www.facebook.com/imperialtouch1/\" target=\"_blank\"><img src=\"https://www.imperialtouch.com/pub/media/socialicon/facebook.jpg\" width=\"27\" height=\"38\" border=\"0\" alt=\"\" /></a></td>\r\n                                                                        <td class=\"img\" width=\"40\" style=\"font-size:0pt; line-height:0pt; text-align:left;\"></td>\r\n                                                                        <td class=\"img\" style=\"font-size:0pt; line-height:0pt; text-align:left;\"><a href=\"https://www.instagram.com/imperialtouch1/\" target=\"_blank\"><img src=\"https://www.imperialtouch.com/pub/media/socialicon/instagram.jpg\" width=\"27\" height=\"38\" border=\"0\" alt=\"\" /></a></td>\r\n                                                                        <td class=\"img\" width=\"36\" style=\"font-size:0pt; line-height:0pt; text-align:left;\"></td>\r\n                                                                        <td class=\"img\" width=\"22\" style=\"font-size:0pt; line-height:0pt; text-align:left;\"><a href=\"https://twitter.com/Imperialtouch\" target=\"_blank\"><img src=\"https://www.imperialtouch.com/pub/media/socialicon/twitter.jpg\" width=\"27\" height=\"38\" border=\"0\" alt=\"\" /></a></td>\r\n                                                                        <td class=\"img\" width=\"36\" style=\"font-size:0pt; line-height:0pt; text-align:left;\"></td>\r\n                                                                        <td class=\"img\" width=\"23\" style=\"font-size:0pt; line-height:0pt; text-align:left;\"><a href=\"https://www.youtube.com/channel/UCAmY4UVyGJjqT8AoshVVTXg\" target=\"_blank\"><img src=\"https://www.imperialtouch.com/pub/media/socialicon/youtube.jpg\" width=\"27\" height=\"38\" border=\"0\" alt=\"\" /></a></td>\r\n                                                                        <td class=\"img\" width=\"36\" style=\"font-size:0pt; line-height:0pt; text-align:left;\"></td>\r\n                                                                        \r\n                                                                    </tr>\r\n                                                                </table>\r\n                                                                <!-- END Socials -->\r\n                                                            </td>\r\n                                                        </tr>\r\n                                                        <tr>\r\n                                                            <td class=\"text-footer-1 to-right m-center\" style=\"color:#a0a09a; font-family:\'Poppins\', Arial,sans-serif; font-size:11px; line-height:22px; text-align:right;\">\r\n                                                                <span class=\"link-4\" style=\"color:#a0a09a; text-decoration:none;\">Imperial Touch Skin Care 2107 N. Decatur Rd.\r\nSuite 369\r\nDecatur, GA  30033,\r\nUnited States</span><br />\r\n                                                                Copyright © Imperial Touch Skin Care, LLc. 2023, All right reserved. Made In USA. Toll Free (800) 504-8606\r\n                                                            </td>\r\n                                                        </tr>\r\n                                                    </table>\r\n                                                </th>\r\n                                            </tr>\r\n                                        </table>\r\n                                    </td>\r\n                                </tr>\r\n                            </table>\r\n                        </td>\r\n                    </tr>\r\n                </table>\r\n                <!-- END Footer -->\r\n\r\n            \r\n<!-- END Footer -->\r\n\r\n</td>\r\n</tr>\r\n</table>\r\n</body>\r\n</html>',NULL,2,'{{trans \"Invoice for your %store_name order\" store_name=$store.frontend_name}}',NULL,NULL,'2021-07-03 20:32:46','2023-03-03 02:49:20','sales_email_invoice_guest_template','{\"var formattedBillingAddress|raw\":\"Billing Address\",\"var billing.name\":\"Guest Customer Name\",\"var comment|escape|nl2br\":\"Invoice Comment\",\"var invoice.increment_id\":\"Invoice Id\",\"layout handle=\\\"sales_email_order_invoice_items\\\" invoice=$invoice order=$order\":\"Invoice Items Grid\",\"var order.increment_id\":\"Order Id\",\"var payment_html|raw\":\"Payment Details\",\"var formattedShippingAddress|raw\":\"Shipping Address\",\"var order.shipping_description\":\"Shipping Description\",\"var store.frontend_name\":\"Store Frontend Name\",\"var store_phone\":\"Store Phone\",\"var store_email\":\"Store Email\",\"var store_hours\":\"Store Hours\",\"var invoice\": \"Invoice\",\"var order\": \"Order\",\"var order_data.is_not_virtual\": \"Order Type\"}',1),(16,'ImperialTouch New Order Guest','<!DOCTYPE html PUBLIC \"-//W3C//DTD XHTML 1.0 Transitional//EN\" \"http://www.w3.org/TR/xhtml1/DTD/xhtml1-transitional.dtd\">\r\n<html xmlns=\"http://www.w3.org/1999/xhtml\" xmlns:v=\"urn:schemas-microsoft-com:vml\" xmlns:o=\"urn:schemas-microsoft-com:office:office\">\r\n    <head>\r\n        <!--[if gte mso 9]>\r\n        <xml>\r\n            <o:OfficeDocumentSettings>\r\n            <o:AllowPNG/>\r\n            <o:PixelsPerInch>96</o:PixelsPerInch>\r\n            </o:OfficeDocumentSettings>\r\n        </xml>\r\n        <![endif]-->\r\n        <meta http-equiv=\"Content-type\" content=\"text/html; charset=utf-8\" />\r\n        <meta name=\"viewport\" content=\"width=device-width, initial-scale=1, maximum-scale=1\" />\r\n        <meta http-equiv=\"X-UA-Compatible\" content=\"IE=edge\" />\r\n        <meta name=\"format-detection\" content=\"date=no\" />\r\n        <meta name=\"format-detection\" content=\"address=no\" />\r\n        <meta name=\"format-detection\" content=\"telephone=no\" />\r\n        <meta name=\"x-apple-disable-message-reformatting\" />\r\n<style type=\"text/css\">\r\n        {{var template_styles|raw}}\r\n\r\n        {{css file=\"css/email.css\"}}\r\n    </style>\r\n        <!--[if !mso]><!-->\r\n        <link href=\"https://fonts.googleapis.com/css?family=Poppins:300,300i,400,400i,500,500i,600,600i,700,700i\" rel=\"stylesheet\"/>\r\n        <!--<![endif]-->\r\n        <title>Email Template</title>\r\n\r\n    </head>\r\n    <body class=\"body\" style=\"padding:0 !important; margin:0 !important; display:block !important; min-width:100% !important; width:100% !important; background:#ffffff; -webkit-text-size-adjust:none;\">\r\n{{inlinecss file=\"css/email-inline.css\"}}\r\n        <table width=\"100%\" border=\"0\" cellspacing=\"0\" cellpadding=\"0\" bgcolor=\"#ffffff\">\r\n            <tr>\r\n                <td align=\"center\" valign=\"top\">\r\n                    <!-- Top -->\r\n                \r\n                <!-- END Top -->\r\n                <!-- Header -->\r\n                <table width=\"100%\" border=\"0\" cellspacing=\"0\" cellpadding=\"0\" bgcolor=\"#f4f4f4\">\r\n                    <tr>\r\n                        <td align=\"center\" valign=\"top\">\r\n                            <table width=\"650\" border=\"0\" cellspacing=\"0\" cellpadding=\"0\" class=\"mobile-shell\">\r\n                                <tr>\r\n                                    <td class=\"img-center\" style=\"padding: 45px 15px; font-size:0pt; line-height:0pt; text-align:center;\"><a href=\"#\" target=\"_blank\"><img src=\"https://www.imperialtouch.com/pub/media/logo/stores/3/imperialtouchemail.png\" width=\"228\" height=\"158\" border=\"0\" alt=\"\" /></a></td>\r\n                                </tr>\r\n                            </table>\r\n                        </td>\r\n                    </tr>\r\n                </table>\r\n                <!-- END Header -->\r\n                <!-- Nav -->\r\n                <table width=\"100%\" border=\"0\" cellspacing=\"0\" cellpadding=\"0\" bgcolor=\"#f4f4f4\">\r\n                    <tr>\r\n                        <td align=\"center\" valign=\"top\">\r\n                            <table width=\"650\" border=\"0\" cellspacing=\"0\" cellpadding=\"0\" class=\"mobile-shell\" bgcolor=\"#ffffff\">\r\n                                <tr>\r\n                                    <td class=\"text-nav fw-medium\" style=\"padding: 20px 15px; color:#4a4a4a; font-family:\'Poppins\', Arial,sans-serif; font-size:13px; line-height:21px; text-align:center; font-weight:500;\">\r\n                                        <a href=\"https://www.imperialtouch.com/\" target=\"_blank\" class=\"link-2\" style=\"color:#4a4a4a; text-decoration:none;\"><span class=\"link-2\" style=\"color:#4a4a4a; text-decoration:none;\">HOME </span></a>     <span class=\"m-hide\">   </span> \r\n                                        <a href=\"https://www.imperialtouch.com/face.html\" target=\"_blank\" class=\"link-2\" style=\"color:#4a4a4a; text-decoration:none;\"><span class=\"link-2\" style=\"color:#4a4a4a; text-decoration:none;\">FACE</span></a>     <span class=\"m-hide\">   </span> \r\n                                        <a href=\"https://www.imperialtouch.com/body.html\" target=\"_blank\" class=\"link-2\" style=\"color:#4a4a4a; text-decoration:none;\"><span class=\"link-2\" style=\"color:#4a4a4a; text-decoration:none;\">BODY</span></a>     <span class=\"m-hide\">   </span> \r\n                                        <a href=\"https://www.imperialtouch.com/head.html\" target=\"_blank\" class=\"link-2\" style=\"color:#4a4a4a; text-decoration:none;\"><span class=\"link-2\" style=\"color:#4a4a4a; text-decoration:none;\">HEAD</span></a>     <span class=\"m-hide\">   </span> \r\n                                        <a href=\"https://www.imperialtouch.com/accessories.html\" target=\"_blank\" class=\"link-2\" style=\"color:#4a4a4a; text-decoration:none;\"><span class=\"link-2\" style=\"color:#4a4a4a; text-decoration:none;\">ACCESSORIES</span></a>     <span class=\"m-hide\">   </span> \r\n                                        <a href=\"https://www.imperialtouch.com/blog\" target=\"_blank\" class=\"link-2\" style=\"color:#4a4a4a; text-decoration:none;\"><span class=\"link-2\" style=\"color:#4a4a4a; text-decoration:none;\">BLOG</span></a>     <span class=\"m-hide\">   </span> \r\n                                        <a href=\"https://www.imperialtouch.com/about-us\" target=\"_blank\" class=\"link-2\" style=\"color:#4a4a4a; text-decoration:none;\"><span class=\"link-2\" style=\"color:#4a4a4a; text-decoration:none;\">ABOUT US</span></a>\r\n                                    </td>\r\n                                </tr>\r\n                            </table>\r\n                        </td>\r\n                    </tr>\r\n                </table>\r\n                <!-- END Nav -->\r\n                <!-- Main -->\r\n    \r\n\r\n    <table width=\"100%\" border=\"0\" cellspacing=\"0\" cellpadding=\"0\">\r\n        \r\n\r\n\r\n        <tr>\r\n                        <td>\r\n                            <!-- Section - Intro -->\r\n                            <table width=\"100%\" border=\"0\" cellspacing=\"0\" cellpadding=\"0\">\r\n                                <tr>\r\n                                    <td valign=\"top\">\r\n                                        <table width=\"100%\" border=\"0\" cellspacing=\"0\" cellpadding=\"0\">\r\n                                            <tr>\r\n                                                <td class=\"img\" height=\"245\" bgcolor=\"#f4f4f4\" style=\"font-size:0pt; line-height:0pt; text-align:left;\"> </td>\r\n                                            </tr>\r\n                                        </table>\r\n                                    </td>\r\n                                    <td align=\"center\" valign=\"top\" width=\"650\" class=\"mobile-shell\">\r\n                                        <table width=\"650\" border=\"0\" cellspacing=\"0\" cellpadding=\"0\" class=\"mobile-shell\">\r\n                                            <tr>\r\n                                                <td>\r\n                                                    <table width=\"100%\" border=\"0\" cellspacing=\"0\" cellpadding=\"0\">\r\n                                                        <tr>\r\n                                                            <td class=\"fluid-img\" style=\"padding-bottom: 40px; font-size:0pt; line-height:0pt; text-align:left;\"><a href=\"#\" target=\"_blank\"><img src=\"http://amanady.com/product.jpg\" width=\"650\" height=\"487\" border=\"0\" alt=\"\" /></a></td>\r\n                                                        </tr>\r\n                                                        \r\n                                                    </table>\r\n                                                </td>\r\n                                            </tr>\r\n                                        </table>\r\n                                    </td>\r\n                                    <td valign=\"top\">\r\n                                        <table width=\"100%\" border=\"0\" cellspacing=\"0\" cellpadding=\"0\">\r\n                                            <tr>\r\n                                                <td class=\"img\" height=\"245\" bgcolor=\"#f4f4f4\" style=\"font-size:0pt; line-height:0pt; text-align:left;\"> </td>\r\n                                            </tr>\r\n                                        </table>\r\n                                    </td>\r\n                                </tr>\r\n                            </table>\r\n                            <!-- END Section - Intro -->\r\n                        </td>\r\n                    </tr>\r\n\r\n        <tr>\r\n            <td align=\"center\" valign=\"top\">\r\n                <table width=\"650\" border=\"0\" cellspacing=\"0\" cellpadding=\"0\" class=\"mobile-shell\">\r\n                    <tr>\r\n                        <td class=\"plr-15\" style=\"padding: 40px 30px;\">\r\n                            <table width=\"100%\" border=\"0\" cellspacing=\"0\" cellpadding=\"0\">\r\n                                \r\n                                <!-- main body above this header-->\r\n\r\n\r\n<table>\r\n    <tr class=\"email-intro\">\r\n        <td>\r\n            <p class=\"greeting\">{{trans \"%name,\" name=$order.billing_address.name}}</p>\r\n            <p>\r\n                {{trans \"Thank you for your order from %store_name.\" store_name=$store.frontend_name}}\r\n                {{trans \"Once your package ships we will send an email with a link to track your order.\"}}\r\n                {{trans \'If you have questions about your order, you can email us at <a href=\"mailto:%store_email\">%store_email</a>\' store_email=sales@imperialtouch.com |raw}}{{depend store_phone}} {{trans \'or call us at <a href=\"tel:%store_phone\">%store_phone</a>\' store_phone=(800)504-8606 |raw}}{{/depend}}.\r\n                {{depend store_hours}}\r\n                    {{trans \'Our hours are <span class=\"no-link\">%store_hours</span>.\' store_hours=$store_hours |raw}}\r\n                {{/depend}}\r\n            </p>\r\n        </td>\r\n    </tr>\r\n    <tr class=\"email-summary\">\r\n        <td>\r\n            <h1>{{trans \'Your Order <span class=\"no-link\">#%increment_id</span>\' increment_id=$order.increment_id |raw}}</h1>\r\n            <p>{{trans \'Placed on <span class=\"no-link\">%created_at</span>\' created_at=$created_at_formatted |raw}}</p>\r\n        </td>\r\n    </tr>\r\n    <tr class=\"email-information\">\r\n        <td>\r\n            {{depend order_data.email_customer_note}}\r\n            <table class=\"message-info\">\r\n                <tr>\r\n                    <td>\r\n                        {{var order_data.email_customer_note|escape|nl2br}}\r\n                    </td>\r\n                </tr>\r\n            </table>\r\n            {{/depend}}\r\n            <table class=\"order-details\">\r\n                <tr>\r\n                    <td class=\"address-details\">\r\n                        <h3>{{trans \"Billing Info\"}}</h3>\r\n                        <p>{{var formattedBillingAddress|raw}}</p>\r\n                    </td>\r\n                    {{depend order_data.is_not_virtual}}\r\n                    <td class=\"address-details\">\r\n                        <h3>{{trans \"Shipping Info\"}}</h3>\r\n                        <p>{{var formattedShippingAddress|raw}}</p>\r\n                    </td>\r\n                    {{/depend}}\r\n                </tr>\r\n                <tr>\r\n                    <td class=\"method-info\">\r\n                        <h3>{{trans \"Payment Method\"}}</h3>\r\n                        {{var payment_html|raw}}\r\n                    </td>\r\n                    {{depend order_data.is_not_virtual}}\r\n                    <td class=\"method-info\">\r\n                        <h3>{{trans \"Shipping Method\"}}</h3>\r\n                        <p>{{var order.shipping_description}}</p>\r\n                        {{if shipping_msg}}\r\n                        <p>{{var shipping_msg}}</p>\r\n                        {{/if}}\r\n                    </td>\r\n                    {{/depend}}\r\n                </tr>\r\n            </table>\r\n            {{layout handle=\"sales_email_order_items\" order=$order}}\r\n        </td>\r\n    </tr>\r\n</table>\r\n\r\n\r\n<!-- main body end -->\r\n\r\n                        </table>\r\n                    </td>\r\n                </tr>\r\n            </table>\r\n        </td>\r\n    </tr>\r\n</table>\r\n\r\n\r\n\r\n    <!-- END Main footer start-->\r\n    <!-- Footer -->\r\n    <!-- Footer -->\r\n                <table width=\"100%\" border=\"0\" cellspacing=\"0\" cellpadding=\"0\" bgcolor=\"#f4f4f4\">\r\n                    <tr>\r\n                        <td align=\"center\" valign=\"top\">\r\n                            <table width=\"650\" border=\"0\" cellspacing=\"0\" cellpadding=\"0\" class=\"mobile-shell\">\r\n                                <tr>\r\n                                    <td class=\"plr-15\" style=\"padding: 40px 30px;\">\r\n                                        <table width=\"100%\" border=\"0\" cellspacing=\"0\" cellpadding=\"0\">\r\n                                            <tr>\r\n                                                <th class=\"column-top\" valign=\"top\" width=\"225\" style=\"font-size:0pt; line-height:0pt; padding:0; margin:0; font-weight:normal; vertical-align:top;\">\r\n                                                    <div class=\"img-center\" style=\"font-size:0pt; line-height:0pt; text-align:center;\"><a href=\"#\" target=\"_blank\"><img src=\"https://www.imperialtouch.com/pub/media/logo/stores/3/imperialtouch-footer.png\" border=\"0\" width=\"228\" height=\"158\" alt=\"\" /></a></div>\r\n                                                </th>\r\n                                                <th class=\"column-top\" valign=\"top\" width=\"15\" style=\"font-size:0pt; line-height:0pt; padding:0; margin:0; font-weight:normal; vertical-align:top;\"><div style=\"font-size:0pt; line-height:0pt;\" class=\"m-br-15\"></div>\r\n</th>\r\n                                                <th class=\"column-top\" valign=\"top\" style=\"font-size:0pt; line-height:0pt; padding:0; margin:0; font-weight:normal; vertical-align:top;\">\r\n                                                    <table width=\"100%\" border=\"0\" cellspacing=\"0\" cellpadding=\"0\">\r\n                                                        <tr>\r\n                                                            <td align=\"right\" style=\"padding: 15px 0 25px 0;\">\r\n                                                                <!-- Socials -->\r\n                                                                <table border=\"0\" cellspacing=\"0\" cellpadding=\"0\" class=\"center\">\r\n                                                                    <tr>\r\n                                                                        <td class=\"img\"  style=\"font-size:0pt; line-height:0pt; text-align:left;\"><a href=\"https://www.facebook.com/imperialtouch1/\" target=\"_blank\"><img src=\"https://www.imperialtouch.com/pub/media/socialicon/facebook.jpg\" width=\"27\" height=\"38\" border=\"0\" alt=\"\" /></a></td>\r\n                                                                        <td class=\"img\" width=\"40\" style=\"font-size:0pt; line-height:0pt; text-align:left;\"></td>\r\n                                                                        <td class=\"img\" style=\"font-size:0pt; line-height:0pt; text-align:left;\"><a href=\"https://www.instagram.com/imperialtouch1/\" target=\"_blank\"><img src=\"https://www.imperialtouch.com/pub/media/socialicon/instagram.jpg\" width=\"27\" height=\"38\" border=\"0\" alt=\"\" /></a></td>\r\n                                                                        <td class=\"img\" width=\"36\" style=\"font-size:0pt; line-height:0pt; text-align:left;\"></td>\r\n                                                                        <td class=\"img\" width=\"22\" style=\"font-size:0pt; line-height:0pt; text-align:left;\"><a href=\"https://twitter.com/Imperialtouch\" target=\"_blank\"><img src=\"https://www.imperialtouch.com/pub/media/socialicon/twitter.jpg\" width=\"27\" height=\"38\" border=\"0\" alt=\"\" /></a></td>\r\n                                                                        <td class=\"img\" width=\"36\" style=\"font-size:0pt; line-height:0pt; text-align:left;\"></td>\r\n                                                                        <td class=\"img\" width=\"23\" style=\"font-size:0pt; line-height:0pt; text-align:left;\"><a href=\"https://www.youtube.com/channel/UCAmY4UVyGJjqT8AoshVVTXg\" target=\"_blank\"><img src=\"https://www.imperialtouch.com/pub/media/socialicon/youtube.jpg\" width=\"27\" height=\"38\" border=\"0\" alt=\"\" /></a></td>\r\n                                                                        <td class=\"img\" width=\"36\" style=\"font-size:0pt; line-height:0pt; text-align:left;\"></td>\r\n                                                                        \r\n                                                                    </tr>\r\n                                                                </table>\r\n                                                                <!-- END Socials -->\r\n                                                            </td>\r\n                                                        </tr>\r\n                                                        <tr>\r\n                                                            <td class=\"text-footer-1 to-right m-center\" style=\"color:#a0a09a; font-family:\'Poppins\', Arial,sans-serif; font-size:11px; line-height:22px; text-align:right;\">\r\n                                                                <span class=\"link-4\" style=\"color:#a0a09a; text-decoration:none;\">Imperial Touch Skin Care 2107 N. Decatur Rd.\r\nSuite 369\r\nDecatur,  GA 30033\r\nUnited States</span><br />\r\n                                                                Copyright © Imperial Touch Skin Care, LLc. 2023, All right reserved. Made In USA. Toll Free (800) 504-8606\r\n                                                            </td>\r\n                                                        </tr>\r\n                                                    </table>\r\n                                                </th>\r\n                                            </tr>\r\n                                        </table>\r\n                                    </td>\r\n                                </tr>\r\n                            </table>\r\n                        </td>\r\n                    </tr>\r\n                </table>\r\n                <!-- END Footer -->\r\n\r\n            \r\n<!-- END Footer -->\r\n\r\n</td>\r\n</tr>\r\n</table>\r\n</body>\r\n</html>',NULL,2,'{{trans \"Your %store_name order confirmation\" store_name=$store.frontend_name}}',NULL,NULL,'2021-07-03 20:35:37','2023-03-03 02:52:29','sales_email_order_guest_template','{\"var formattedBillingAddress|raw\":\"Billing Address\",\"var order_data.email_customer_note|escape|nl2br\":\"Email Order Note\",\"var order.billing_address.name\":\"Guest Customer Name\",\"var created_at_formatted\":\"Order Created At (datetime)\",\"var order.increment_id\":\"Order Id\",\"layout handle=\\\"sales_email_order_items\\\" order=$order\":\"Order Items Grid\",\"var payment_html|raw\":\"Payment Details\",\"var formattedShippingAddress|raw\":\"Shipping Address\",\"var order.shipping_description\":\"Shipping Description\",\"var shipping_msg\":\"Shipping message\",\"var store.frontend_name\":\"Store Frontend Name\",\"var store_phone\":\"Store Phone\",\"var store_email\":\"Store Email\",\"var store_hours\":\"Store Hours\",\"var order_data.is_not_virtual\":\"Order Type\",\"var order\":\"Order\"}',1),(17,'ImperialTouch New Shipment','<!DOCTYPE html PUBLIC \"-//W3C//DTD XHTML 1.0 Transitional//EN\" \"http://www.w3.org/TR/xhtml1/DTD/xhtml1-transitional.dtd\">\r\n<html xmlns=\"http://www.w3.org/1999/xhtml\" xmlns:v=\"urn:schemas-microsoft-com:vml\" xmlns:o=\"urn:schemas-microsoft-com:office:office\">\r\n    <head>\r\n        <!--[if gte mso 9]>\r\n        <xml>\r\n            <o:OfficeDocumentSettings>\r\n            <o:AllowPNG/>\r\n            <o:PixelsPerInch>96</o:PixelsPerInch>\r\n            </o:OfficeDocumentSettings>\r\n        </xml>\r\n        <![endif]-->\r\n        <meta http-equiv=\"Content-type\" content=\"text/html; charset=utf-8\" />\r\n        <meta name=\"viewport\" content=\"width=device-width, initial-scale=1, maximum-scale=1\" />\r\n        <meta http-equiv=\"X-UA-Compatible\" content=\"IE=edge\" />\r\n        <meta name=\"format-detection\" content=\"date=no\" />\r\n        <meta name=\"format-detection\" content=\"address=no\" />\r\n        <meta name=\"format-detection\" content=\"telephone=no\" />\r\n        <meta name=\"x-apple-disable-message-reformatting\" />\r\n<style type=\"text/css\">\r\n        {{var template_styles|raw}}\r\n\r\n        {{css file=\"css/email.css\"}}\r\n    </style>\r\n        <!--[if !mso]><!-->\r\n        <link href=\"https://fonts.googleapis.com/css?family=Poppins:300,300i,400,400i,500,500i,600,600i,700,700i\" rel=\"stylesheet\"/>\r\n        <!--<![endif]-->\r\n        <title>Email Template</title>\r\n\r\n    </head>\r\n    <body class=\"body\" style=\"padding:0 !important; margin:0 !important; display:block !important; min-width:100% !important; width:100% !important; background:#ffffff; -webkit-text-size-adjust:none;\">\r\n{{inlinecss file=\"css/email-inline.css\"}}\r\n        <table width=\"100%\" border=\"0\" cellspacing=\"0\" cellpadding=\"0\" bgcolor=\"#ffffff\">\r\n            <tr>\r\n                <td align=\"center\" valign=\"top\">\r\n                    <!-- Top -->\r\n                \r\n                <!-- END Top -->\r\n                <!-- Header -->\r\n                <table width=\"100%\" border=\"0\" cellspacing=\"0\" cellpadding=\"0\" bgcolor=\"#f4f4f4\">\r\n                    <tr>\r\n                        <td align=\"center\" valign=\"top\">\r\n                            <table width=\"650\" border=\"0\" cellspacing=\"0\" cellpadding=\"0\" class=\"mobile-shell\">\r\n                                <tr>\r\n                                    <td class=\"img-center\" style=\"padding: 45px 15px; font-size:0pt; line-height:0pt; text-align:center;\"><a href=\"#\" target=\"_blank\"><img src=\"https://www.imperialtouch.com/pub/media/logo/stores/3/imperialtouchemail.png\" width=\"228\" height=\"158\" border=\"0\" alt=\"\" /></a></td>\r\n                                </tr>\r\n                            </table>\r\n                        </td>\r\n                    </tr>\r\n                </table>\r\n                <!-- END Header -->\r\n                <!-- Nav -->\r\n                <table width=\"100%\" border=\"0\" cellspacing=\"0\" cellpadding=\"0\" bgcolor=\"#f4f4f4\">\r\n                    <tr>\r\n                        <td align=\"center\" valign=\"top\">\r\n                            <table width=\"650\" border=\"0\" cellspacing=\"0\" cellpadding=\"0\" class=\"mobile-shell\" bgcolor=\"#ffffff\">\r\n                                <tr>\r\n                                    <td class=\"text-nav fw-medium\" style=\"padding: 20px 15px; color:#4a4a4a; font-family:\'Poppins\', Arial,sans-serif; font-size:13px; line-height:21px; text-align:center; font-weight:500;\">\r\n                                        <a href=\"https://www.imperialtouch.com/\" target=\"_blank\" class=\"link-2\" style=\"color:#4a4a4a; text-decoration:none;\"><span class=\"link-2\" style=\"color:#4a4a4a; text-decoration:none;\">HOME </span></a>     <span class=\"m-hide\">   </span> \r\n                                        <a href=\"https://www.imperialtouch.com/face.html\" target=\"_blank\" class=\"link-2\" style=\"color:#4a4a4a; text-decoration:none;\"><span class=\"link-2\" style=\"color:#4a4a4a; text-decoration:none;\">FACE</span></a>     <span class=\"m-hide\">   </span> \r\n                                        <a href=\"https://www.imperialtouch.com/body.html\" target=\"_blank\" class=\"link-2\" style=\"color:#4a4a4a; text-decoration:none;\"><span class=\"link-2\" style=\"color:#4a4a4a; text-decoration:none;\">BODY</span></a>     <span class=\"m-hide\">   </span> \r\n                                        <a href=\"https://www.imperialtouch.com/head.html\" target=\"_blank\" class=\"link-2\" style=\"color:#4a4a4a; text-decoration:none;\"><span class=\"link-2\" style=\"color:#4a4a4a; text-decoration:none;\">HEAD</span></a>     <span class=\"m-hide\">   </span> \r\n                                        <a href=\"https://www.imperialtouch.com/accessories.html\" target=\"_blank\" class=\"link-2\" style=\"color:#4a4a4a; text-decoration:none;\"><span class=\"link-2\" style=\"color:#4a4a4a; text-decoration:none;\">ACCESSORIES</span></a>     <span class=\"m-hide\">   </span> \r\n                                        <a href=\"https://www.imperialtouch.com/blog\" target=\"_blank\" class=\"link-2\" style=\"color:#4a4a4a; text-decoration:none;\"><span class=\"link-2\" style=\"color:#4a4a4a; text-decoration:none;\">BLOG</span></a>     <span class=\"m-hide\">   </span> \r\n                                        <a href=\"https://www.imperialtouch.com/about-us\" target=\"_blank\" class=\"link-2\" style=\"color:#4a4a4a; text-decoration:none;\"><span class=\"link-2\" style=\"color:#4a4a4a; text-decoration:none;\">ABOUT US</span></a>\r\n                                    </td>\r\n                                </tr>\r\n                            </table>\r\n                        </td>\r\n                    </tr>\r\n                </table>\r\n                <!-- END Nav -->\r\n                <!-- Main -->\r\n    \r\n\r\n    <table width=\"100%\" border=\"0\" cellspacing=\"0\" cellpadding=\"0\">\r\n        \r\n\r\n\r\n        <tr>\r\n                        <td>\r\n                            <!-- Section - Intro -->\r\n                            <table width=\"100%\" border=\"0\" cellspacing=\"0\" cellpadding=\"0\">\r\n                                <tr>\r\n                                    <td valign=\"top\">\r\n                                        <table width=\"100%\" border=\"0\" cellspacing=\"0\" cellpadding=\"0\">\r\n                                            <tr>\r\n                                                <td class=\"img\" height=\"245\" bgcolor=\"#f4f4f4\" style=\"font-size:0pt; line-height:0pt; text-align:left;\"> </td>\r\n                                            </tr>\r\n                                        </table>\r\n                                    </td>\r\n                                    <td align=\"center\" valign=\"top\" width=\"650\" class=\"mobile-shell\">\r\n                                        <table width=\"650\" border=\"0\" cellspacing=\"0\" cellpadding=\"0\" class=\"mobile-shell\">\r\n                                            <tr>\r\n                                                <td>\r\n                                                    <table width=\"100%\" border=\"0\" cellspacing=\"0\" cellpadding=\"0\">\r\n                                                        <tr>\r\n                                                            <td class=\"fluid-img\" style=\"padding-bottom: 40px; font-size:0pt; line-height:0pt; text-align:left;\"><a href=\"#\" target=\"_blank\"><img src=\"http://amanady.com/product.jpg\" width=\"650\" height=\"487\" border=\"0\" alt=\"\" /></a></td>\r\n                                                        </tr>\r\n                                                        \r\n                                                    </table>\r\n                                                </td>\r\n                                            </tr>\r\n                                        </table>\r\n                                    </td>\r\n                                    <td valign=\"top\">\r\n                                        <table width=\"100%\" border=\"0\" cellspacing=\"0\" cellpadding=\"0\">\r\n                                            <tr>\r\n                                                <td class=\"img\" height=\"245\" bgcolor=\"#f4f4f4\" style=\"font-size:0pt; line-height:0pt; text-align:left;\"> </td>\r\n                                            </tr>\r\n                                        </table>\r\n                                    </td>\r\n                                </tr>\r\n                            </table>\r\n                            <!-- END Section - Intro -->\r\n                        </td>\r\n                    </tr>\r\n\r\n        <tr>\r\n            <td align=\"center\" valign=\"top\">\r\n                <table width=\"650\" border=\"0\" cellspacing=\"0\" cellpadding=\"0\" class=\"mobile-shell\">\r\n                    <tr>\r\n                        <td class=\"plr-15\" style=\"padding: 40px 30px;\">\r\n                            <table width=\"100%\" border=\"0\" cellspacing=\"0\" cellpadding=\"0\">\r\n                                \r\n                                <!-- main body above this header-->\r\n\r\n\r\n<table>\r\n    <tr class=\"email-intro\">\r\n        <td>\r\n            <p class=\"greeting\">{{trans \"%name,\" name=$order_data.customer_name}}</p>\r\n            <p>\r\n                {{trans \"Thank you for your order from %store_name.\" store_name=$store.frontend_name}}\r\n                {{trans \'You can check the status of your order by <a href=\"%account_url\">logging into your account</a>.\' account_url=$this.getUrl($store,\'customer/account/\',[_nosid:1]) |raw}}\r\n                {{trans \'If you have questions about your order, you can email us at <a href=\"mailto:%store_email\">%store_email</a>\' store_email=sales@imperialtouch.com |raw}}{{depend store_phone}} {{trans \'or call us at <a href=\"tel:%store_phone\">%store_phone</a>\' store_phone=(800)504-8606 |raw}}{{/depend}}.\r\n                {{depend store_hours}}\r\n                    {{trans \'Our hours are <span class=\"no-link\">%store_hours</span>.\' store_hours=$store_hours |raw}}\r\n                {{/depend}}\r\n            </p>\r\n        </td>\r\n    </tr>\r\n    <tr class=\"email-summary\">\r\n        <td>\r\n            <p>{{trans \"Your shipping confirmation is below. Thank you again for your business.\"}}</p>\r\n\r\n            <h1>{{trans \"Your Shipment #%shipment_id for Order #%order_id\" shipment_id=$shipment.increment_id order_id=$order.increment_id}}</h1>\r\n        </td>\r\n    </tr>\r\n    <tr class=\"email-information\">\r\n        <td>\r\n            {{depend comment}}\r\n            <table class=\"message-info\">\r\n                <tr>\r\n                    <td>\r\n                        {{var comment|escape|nl2br}}\r\n                    </td>\r\n                </tr>\r\n            </table>\r\n            {{/depend}}\r\n            {{layout handle=\"sales_email_order_shipment_track\" shipment=$shipment order=$order}}\r\n            <table class=\"order-details\">\r\n                <tr>\r\n                    <td class=\"address-details\">\r\n                        <h3>{{trans \"Billing Info\"}}</h3>\r\n                        <p>{{var formattedBillingAddress|raw}}</p>\r\n                    </td>\r\n                    {{depend order_data.is_not_virtual}}\r\n                    <td class=\"address-details\">\r\n                        <h3>{{trans \"Shipping Info\"}}</h3>\r\n                        <p>{{var formattedShippingAddress|raw}}</p>\r\n                    </td>\r\n                    {{/depend}}\r\n                </tr>\r\n                <tr>\r\n                    <td class=\"method-info\">\r\n                        <h3>{{trans \"Payment Method\"}}</h3>\r\n                        {{var payment_html|raw}}\r\n                    </td>\r\n                    {{depend order_data.is_not_virtual}}\r\n                    <td class=\"method-info\">\r\n                        <h3>{{trans \"Shipping Method\"}}</h3>\r\n                        <p>{{var order.shipping_description}}</p>\r\n                    </td>\r\n                    {{/depend}}\r\n                </tr>\r\n            </table>\r\n            {{layout handle=\"sales_email_order_shipment_items\" shipment=$shipment order=$order}}\r\n        </td>\r\n    </tr>\r\n</table>\r\n\r\n<!-- main body end -->\r\n\r\n                        </table>\r\n                    </td>\r\n                </tr>\r\n            </table>\r\n        </td>\r\n    </tr>\r\n</table>\r\n\r\n\r\n\r\n    <!-- END Main footer start-->\r\n    <!-- Footer -->\r\n    <!-- Footer -->\r\n                <table width=\"100%\" border=\"0\" cellspacing=\"0\" cellpadding=\"0\" bgcolor=\"#f4f4f4\">\r\n                    <tr>\r\n                        <td align=\"center\" valign=\"top\">\r\n                            <table width=\"650\" border=\"0\" cellspacing=\"0\" cellpadding=\"0\" class=\"mobile-shell\">\r\n                                <tr>\r\n                                    <td class=\"plr-15\" style=\"padding: 40px 30px;\">\r\n                                        <table width=\"100%\" border=\"0\" cellspacing=\"0\" cellpadding=\"0\">\r\n                                            <tr>\r\n                                                <th class=\"column-top\" valign=\"top\" width=\"225\" style=\"font-size:0pt; line-height:0pt; padding:0; margin:0; font-weight:normal; vertical-align:top;\">\r\n                                                    <div class=\"img-center\" style=\"font-size:0pt; line-height:0pt; text-align:center;\"><a href=\"#\" target=\"_blank\"><img src=\"https://www.imperialtouch.com/pub/media/logo/stores/3/imperialtouch-footer.png\" border=\"0\" width=\"228\" height=\"158\" alt=\"\" /></a></div>\r\n                                                </th>\r\n                                                <th class=\"column-top\" valign=\"top\" width=\"15\" style=\"font-size:0pt; line-height:0pt; padding:0; margin:0; font-weight:normal; vertical-align:top;\"><div style=\"font-size:0pt; line-height:0pt;\" class=\"m-br-15\"></div>\r\n</th>\r\n                                                <th class=\"column-top\" valign=\"top\" style=\"font-size:0pt; line-height:0pt; padding:0; margin:0; font-weight:normal; vertical-align:top;\">\r\n                                                    <table width=\"100%\" border=\"0\" cellspacing=\"0\" cellpadding=\"0\">\r\n                                                        <tr>\r\n                                                            <td align=\"right\" style=\"padding: 15px 0 25px 0;\">\r\n                                                                <!-- Socials -->\r\n                                                                <table border=\"0\" cellspacing=\"0\" cellpadding=\"0\" class=\"center\">\r\n                                                                    <tr>\r\n                                                                        <td class=\"img\"  style=\"font-size:0pt; line-height:0pt; text-align:left;\"><a href=\"https://www.facebook.com/imperialtouch1/\" target=\"_blank\"><img src=\"https://www.imperialtouch.com/pub/media/socialicon/facebook.jpg\" width=\"27\" height=\"38\" border=\"0\" alt=\"\" /></a></td>\r\n                                                                        <td class=\"img\" width=\"40\" style=\"font-size:0pt; line-height:0pt; text-align:left;\"></td>\r\n                                                                        <td class=\"img\" style=\"font-size:0pt; line-height:0pt; text-align:left;\"><a href=\"https://www.instagram.com/imperialtouch1/\" target=\"_blank\"><img src=\"https://www.imperialtouch.com/pub/media/socialicon/instagram.jpg\" width=\"27\" height=\"38\" border=\"0\" alt=\"\" /></a></td>\r\n                                                                        <td class=\"img\" width=\"36\" style=\"font-size:0pt; line-height:0pt; text-align:left;\"></td>\r\n                                                                        <td class=\"img\" width=\"22\" style=\"font-size:0pt; line-height:0pt; text-align:left;\"><a href=\"https://twitter.com/Imperialtouch\" target=\"_blank\"><img src=\"https://www.imperialtouch.com/pub/media/socialicon/twitter.jpg\" width=\"27\" height=\"38\" border=\"0\" alt=\"\" /></a></td>\r\n                                                                        <td class=\"img\" width=\"36\" style=\"font-size:0pt; line-height:0pt; text-align:left;\"></td>\r\n                                                                        <td class=\"img\" width=\"23\" style=\"font-size:0pt; line-height:0pt; text-align:left;\"><a href=\"https://www.youtube.com/channel/UCAmY4UVyGJjqT8AoshVVTXg\" target=\"_blank\"><img src=\"https://www.imperialtouch.com/pub/media/socialicon/youtube.jpg\" width=\"27\" height=\"38\" border=\"0\" alt=\"\" /></a></td>\r\n                                                                        <td class=\"img\" width=\"36\" style=\"font-size:0pt; line-height:0pt; text-align:left;\"></td>\r\n                                                                        \r\n                                                                    </tr>\r\n                                                                </table>\r\n                                                                <!-- END Socials -->\r\n                                                            </td>\r\n                                                        </tr>\r\n                                                        <tr>\r\n                                                            <td class=\"text-footer-1 to-right m-center\" style=\"color:#a0a09a; font-family:\'Poppins\', Arial,sans-serif; font-size:11px; line-height:22px; text-align:right;\">\r\n                                                                <span class=\"link-4\" style=\"color:#a0a09a; text-decoration:none;\">Imperial Touch Skin Care 2107 N. Decatur Rd.\r\nSuite 369\r\nDecatur, GA  30033,\r\nUnited States</span><br />\r\n                                                                Copyright © Imperial Touch Skin Care, LLC. 2023, All right reserved. Made In USA. Toll Free (800) 504-8606\r\n                                                            </td>\r\n                                                        </tr>\r\n                                                    </table>\r\n                                                </th>\r\n                                            </tr>\r\n                                        </table>\r\n                                    </td>\r\n                                </tr>\r\n                            </table>\r\n                        </td>\r\n                    </tr>\r\n                </table>\r\n                <!-- END Footer -->\r\n\r\n            \r\n<!-- END Footer -->\r\n\r\n</td>\r\n</tr>\r\n</table>\r\n</body>\r\n</html>',NULL,2,'{{trans \"Your %store_name order has shipped\" store_name=$store.frontend_name}}',NULL,NULL,'2021-07-03 20:40:05','2023-03-03 02:48:21','sales_email_shipment_template','{\"var formattedBillingAddress|raw\":\"Billing Address\",\"var this.getUrl($store,\'customer/account/\',[_nosid:1])\":\"Customer Account URL\",\"var order_data.customer_name\":\"Customer Name\",\"var order.increment_id\":\"Order Id\",\"var payment_html|raw\":\"Payment Details\",\"var comment|escape|nl2br\":\"Shipment Comment\",\"var shipment.increment_id\":\"Shipment Id\",\"layout handle=\\\"sales_email_order_shipment_items\\\" shipment=$shipment order=$order\":\"Shipment Items Grid\",\"block class=\'Magento\\\\\\\\Framework\\\\\\\\View\\\\\\\\Element\\\\\\\\Template\' area=\'frontend\' template=\'Magento_Sales::email\\/shipment\\/track.phtml\' shipment=$shipment order=$order\":\"Shipment Track Details\",\"var formattedShippingAddress|raw\":\"Shipping Address\",\"var order.shipping_description\":\"Shipping Description\",\"var store.frontend_name\":\"Store Frontend Name\",\"var store_phone\":\"Store Phone\",\"var store_email\":\"Store Email\",\"var store_hours\":\"Store Hours\",\"var order_data.is_not_virtual\": \"Order Type\",\"var shipment\": \"Shipment\",\"var order\": \"Order\"}',1),(18,'ImperialTouch New Shipment for Guest','<!DOCTYPE html PUBLIC \"-//W3C//DTD XHTML 1.0 Transitional//EN\" \"http://www.w3.org/TR/xhtml1/DTD/xhtml1-transitional.dtd\">\r\n<html xmlns=\"http://www.w3.org/1999/xhtml\" xmlns:v=\"urn:schemas-microsoft-com:vml\" xmlns:o=\"urn:schemas-microsoft-com:office:office\">\r\n    <head>\r\n        <!--[if gte mso 9]>\r\n        <xml>\r\n            <o:OfficeDocumentSettings>\r\n            <o:AllowPNG/>\r\n            <o:PixelsPerInch>96</o:PixelsPerInch>\r\n            </o:OfficeDocumentSettings>\r\n        </xml>\r\n        <![endif]-->\r\n        <meta http-equiv=\"Content-type\" content=\"text/html; charset=utf-8\" />\r\n        <meta name=\"viewport\" content=\"width=device-width, initial-scale=1, maximum-scale=1\" />\r\n        <meta http-equiv=\"X-UA-Compatible\" content=\"IE=edge\" />\r\n        <meta name=\"format-detection\" content=\"date=no\" />\r\n        <meta name=\"format-detection\" content=\"address=no\" />\r\n        <meta name=\"format-detection\" content=\"telephone=no\" />\r\n        <meta name=\"x-apple-disable-message-reformatting\" />\r\n<style type=\"text/css\">\r\n        {{var template_styles|raw}}\r\n\r\n        {{css file=\"css/email.css\"}}\r\n    </style>\r\n        <!--[if !mso]><!-->\r\n        <link href=\"https://fonts.googleapis.com/css?family=Poppins:300,300i,400,400i,500,500i,600,600i,700,700i\" rel=\"stylesheet\"/>\r\n        <!--<![endif]-->\r\n        <title>Email Template</title>\r\n\r\n    </head>\r\n    <body class=\"body\" style=\"padding:0 !important; margin:0 !important; display:block !important; min-width:100% !important; width:100% !important; background:#ffffff; -webkit-text-size-adjust:none;\">\r\n{{inlinecss file=\"css/email-inline.css\"}}\r\n        <table width=\"100%\" border=\"0\" cellspacing=\"0\" cellpadding=\"0\" bgcolor=\"#ffffff\">\r\n            <tr>\r\n                <td align=\"center\" valign=\"top\">\r\n                    <!-- Top -->\r\n                \r\n                <!-- END Top -->\r\n                <!-- Header -->\r\n                <table width=\"100%\" border=\"0\" cellspacing=\"0\" cellpadding=\"0\" bgcolor=\"#f4f4f4\">\r\n                    <tr>\r\n                        <td align=\"center\" valign=\"top\">\r\n                            <table width=\"650\" border=\"0\" cellspacing=\"0\" cellpadding=\"0\" class=\"mobile-shell\">\r\n                                <tr>\r\n                                    <td class=\"img-center\" style=\"padding: 45px 15px; font-size:0pt; line-height:0pt; text-align:center;\"><a href=\"#\" target=\"_blank\"><img src=\"https://www.imperialtouch.com/pub/media/logo/stores/3/imperialtouchemail.png\" width=\"228\" height=\"158\" border=\"0\" alt=\"\" /></a></td>\r\n                                </tr>\r\n                            </table>\r\n                        </td>\r\n                    </tr>\r\n                </table>\r\n                <!-- END Header -->\r\n                <!-- Nav -->\r\n                <table width=\"100%\" border=\"0\" cellspacing=\"0\" cellpadding=\"0\" bgcolor=\"#f4f4f4\">\r\n                    <tr>\r\n                        <td align=\"center\" valign=\"top\">\r\n                            <table width=\"650\" border=\"0\" cellspacing=\"0\" cellpadding=\"0\" class=\"mobile-shell\" bgcolor=\"#ffffff\">\r\n                                <tr>\r\n                                    <td class=\"text-nav fw-medium\" style=\"padding: 20px 15px; color:#4a4a4a; font-family:\'Poppins\', Arial,sans-serif; font-size:13px; line-height:21px; text-align:center; font-weight:500;\">\r\n                                        <a href=\"https://www.imperialtouch.com/\" target=\"_blank\" class=\"link-2\" style=\"color:#4a4a4a; text-decoration:none;\"><span class=\"link-2\" style=\"color:#4a4a4a; text-decoration:none;\">HOME </span></a>     <span class=\"m-hide\">   </span> \r\n                                        <a href=\"https://www.imperialtouch.com/face.html\" target=\"_blank\" class=\"link-2\" style=\"color:#4a4a4a; text-decoration:none;\"><span class=\"link-2\" style=\"color:#4a4a4a; text-decoration:none;\">FACE</span></a>     <span class=\"m-hide\">   </span> \r\n                                        <a href=\"https://www.imperialtouch.com/body.html\" target=\"_blank\" class=\"link-2\" style=\"color:#4a4a4a; text-decoration:none;\"><span class=\"link-2\" style=\"color:#4a4a4a; text-decoration:none;\">BODY</span></a>     <span class=\"m-hide\">   </span> \r\n                                        <a href=\"https://www.imperialtouch.com/head.html\" target=\"_blank\" class=\"link-2\" style=\"color:#4a4a4a; text-decoration:none;\"><span class=\"link-2\" style=\"color:#4a4a4a; text-decoration:none;\">HEAD</span></a>     <span class=\"m-hide\">   </span> \r\n                                        <a href=\"https://www.imperialtouch.com/accessories.html\" target=\"_blank\" class=\"link-2\" style=\"color:#4a4a4a; text-decoration:none;\"><span class=\"link-2\" style=\"color:#4a4a4a; text-decoration:none;\">ACCESSORIES</span></a>     <span class=\"m-hide\">   </span> \r\n                                        <a href=\"https://www.imperialtouch.com/blog\" target=\"_blank\" class=\"link-2\" style=\"color:#4a4a4a; text-decoration:none;\"><span class=\"link-2\" style=\"color:#4a4a4a; text-decoration:none;\">BLOG</span></a>     <span class=\"m-hide\">   </span> \r\n                                        <a href=\"https://www.imperialtouch.com/about-us\" target=\"_blank\" class=\"link-2\" style=\"color:#4a4a4a; text-decoration:none;\"><span class=\"link-2\" style=\"color:#4a4a4a; text-decoration:none;\">ABOUT US</span></a>\r\n                                    </td>\r\n                                </tr>\r\n                            </table>\r\n                        </td>\r\n                    </tr>\r\n                </table>\r\n                <!-- END Nav -->\r\n                <!-- Main -->\r\n    \r\n\r\n    <table width=\"100%\" border=\"0\" cellspacing=\"0\" cellpadding=\"0\">\r\n        \r\n\r\n\r\n        <tr>\r\n                        <td>\r\n                            <!-- Section - Intro -->\r\n                            <table width=\"100%\" border=\"0\" cellspacing=\"0\" cellpadding=\"0\">\r\n                                <tr>\r\n                                    <td valign=\"top\">\r\n                                        <table width=\"100%\" border=\"0\" cellspacing=\"0\" cellpadding=\"0\">\r\n                                            <tr>\r\n                                                <td class=\"img\" height=\"245\" bgcolor=\"#f4f4f4\" style=\"font-size:0pt; line-height:0pt; text-align:left;\"> </td>\r\n                                            </tr>\r\n                                        </table>\r\n                                    </td>\r\n                                    <td align=\"center\" valign=\"top\" width=\"650\" class=\"mobile-shell\">\r\n                                        <table width=\"650\" border=\"0\" cellspacing=\"0\" cellpadding=\"0\" class=\"mobile-shell\">\r\n                                            <tr>\r\n                                                <td>\r\n                                                    <table width=\"100%\" border=\"0\" cellspacing=\"0\" cellpadding=\"0\">\r\n                                                        <tr>\r\n                                                            <td class=\"fluid-img\" style=\"padding-bottom: 40px; font-size:0pt; line-height:0pt; text-align:left;\"><a href=\"#\" target=\"_blank\"><img src=\"http://amanady.com/product.jpg\" width=\"650\" height=\"487\" border=\"0\" alt=\"\" /></a></td>\r\n                                                        </tr>\r\n                                                        \r\n                                                    </table>\r\n                                                </td>\r\n                                            </tr>\r\n                                        </table>\r\n                                    </td>\r\n                                    <td valign=\"top\">\r\n                                        <table width=\"100%\" border=\"0\" cellspacing=\"0\" cellpadding=\"0\">\r\n                                            <tr>\r\n                                                <td class=\"img\" height=\"245\" bgcolor=\"#f4f4f4\" style=\"font-size:0pt; line-height:0pt; text-align:left;\"> </td>\r\n                                            </tr>\r\n                                        </table>\r\n                                    </td>\r\n                                </tr>\r\n                            </table>\r\n                            <!-- END Section - Intro -->\r\n                        </td>\r\n                    </tr>\r\n\r\n        <tr>\r\n            <td align=\"center\" valign=\"top\">\r\n                <table width=\"650\" border=\"0\" cellspacing=\"0\" cellpadding=\"0\" class=\"mobile-shell\">\r\n                    <tr>\r\n                        <td class=\"plr-15\" style=\"padding: 40px 30px;\">\r\n                            <table width=\"100%\" border=\"0\" cellspacing=\"0\" cellpadding=\"0\">\r\n                                \r\n                                <!-- main body above this header-->\r\n\r\n<table>\r\n    <tr class=\"email-intro\">\r\n        <td>\r\n            <p class=\"greeting\">{{trans \"%name,\" name=$billing.name}}</p>\r\n            <p>\r\n                {{trans \"Thank you for your order from %store_name.\" store_name=$store.frontend_name}}\r\n                {{trans \'If you have questions about your order, you can email us at <a href=\"mailto:%store_email\">%store_email</a>\' store_email=sales@imperialtouch.com |raw}}{{depend store_phone}} {{trans \'or call us at <a href=\"tel:%store_phone\">%store_phone</a>\' store_phone=(800)504-8606 |raw}}{{/depend}}.\r\n                {{depend store_hours}}\r\n                    {{trans \'Our hours are <span class=\"no-link\">%store_hours</span>.\' store_hours=$store_hours |raw}}\r\n                {{/depend}}\r\n            </p>\r\n        </td>\r\n    </tr>\r\n    <tr class=\"email-summary\">\r\n        <td>\r\n            <p>{{trans \"Your shipping confirmation is below. Thank you again for your business.\"}}</p>\r\n\r\n            <h1>{{trans \"Your Shipment #%shipment_id for Order #%order_id\" shipment_id=$shipment.increment_id order_id=$order.increment_id}}</h1>\r\n        </td>\r\n    </tr>\r\n    <tr class=\"email-information\">\r\n        <td>\r\n            {{depend comment}}\r\n            <table class=\"message-info\">\r\n                <tr>\r\n                    <td>\r\n                        {{var comment|escape|nl2br}}\r\n                    </td>\r\n                </tr>\r\n            </table>\r\n            {{/depend}}\r\n            {{layout handle=\"sales_email_order_shipment_track\" shipment=$shipment order=$order}}\r\n            <table class=\"order-details\">\r\n                <tr>\r\n                    <td class=\"address-details\">\r\n                        <h3>{{trans \"Billing Info\"}}</h3>\r\n                        <p>{{var formattedBillingAddress|raw}}</p>\r\n                    </td>\r\n                    {{depend order_data.is_not_virtual}}\r\n                    <td class=\"address-details\">\r\n                        <h3>{{trans \"Shipping Info\"}}</h3>\r\n                        <p>{{var formattedShippingAddress|raw}}</p>\r\n                    </td>\r\n                    {{/depend}}\r\n                </tr>\r\n                <tr>\r\n                    <td class=\"method-info\">\r\n                        <h3>{{trans \"Payment Method\"}}</h3>\r\n                        {{var payment_html|raw}}\r\n                    </td>\r\n                    {{depend order_data.is_not_virtual}}\r\n                    <td class=\"method-info\">\r\n                        <h3>{{trans \"Shipping Method\"}}</h3>\r\n                        <p>{{var order.shipping_description}}</p>\r\n                    </td>\r\n                    {{/depend}}\r\n                </tr>\r\n            </table>\r\n            {{layout handle=\"sales_email_order_shipment_items\" shipment=$shipment order=$order}}\r\n        </td>\r\n    </tr>\r\n</table>\r\n\r\n<!-- main body end -->\r\n\r\n                        </table>\r\n                    </td>\r\n                </tr>\r\n            </table>\r\n        </td>\r\n    </tr>\r\n</table>\r\n\r\n\r\n\r\n    <!-- END Main footer start-->\r\n    <!-- Footer -->\r\n    <!-- Footer -->\r\n                <table width=\"100%\" border=\"0\" cellspacing=\"0\" cellpadding=\"0\" bgcolor=\"#f4f4f4\">\r\n                    <tr>\r\n                        <td align=\"center\" valign=\"top\">\r\n                            <table width=\"650\" border=\"0\" cellspacing=\"0\" cellpadding=\"0\" class=\"mobile-shell\">\r\n                                <tr>\r\n                                    <td class=\"plr-15\" style=\"padding: 40px 30px;\">\r\n                                        <table width=\"100%\" border=\"0\" cellspacing=\"0\" cellpadding=\"0\">\r\n                                            <tr>\r\n                                                <th class=\"column-top\" valign=\"top\" width=\"225\" style=\"font-size:0pt; line-height:0pt; padding:0; margin:0; font-weight:normal; vertical-align:top;\">\r\n                                                    <div class=\"img-center\" style=\"font-size:0pt; line-height:0pt; text-align:center;\"><a href=\"#\" target=\"_blank\"><img src=\"https://www.imperialtouch.com/pub/media/logo/stores/3/imperialtouch-footer.png\" border=\"0\" width=\"228\" height=\"158\" alt=\"\" /></a></div>\r\n                                                </th>\r\n                                                <th class=\"column-top\" valign=\"top\" width=\"15\" style=\"font-size:0pt; line-height:0pt; padding:0; margin:0; font-weight:normal; vertical-align:top;\"><div style=\"font-size:0pt; line-height:0pt;\" class=\"m-br-15\"></div>\r\n</th>\r\n                                                <th class=\"column-top\" valign=\"top\" style=\"font-size:0pt; line-height:0pt; padding:0; margin:0; font-weight:normal; vertical-align:top;\">\r\n                                                    <table width=\"100%\" border=\"0\" cellspacing=\"0\" cellpadding=\"0\">\r\n                                                        <tr>\r\n                                                            <td align=\"right\" style=\"padding: 15px 0 25px 0;\">\r\n                                                                <!-- Socials -->\r\n                                                                <table border=\"0\" cellspacing=\"0\" cellpadding=\"0\" class=\"center\">\r\n                                                                    <tr>\r\n                                                                        <td class=\"img\"  style=\"font-size:0pt; line-height:0pt; text-align:left;\"><a href=\"https://www.facebook.com/imperialtouch1/\" target=\"_blank\"><img src=\"https://www.imperialtouch.com/pub/media/socialicon/facebook.jpg\" width=\"27\" height=\"38\" border=\"0\" alt=\"\" /></a></td>\r\n                                                                        <td class=\"img\" width=\"40\" style=\"font-size:0pt; line-height:0pt; text-align:left;\"></td>\r\n                                                                        <td class=\"img\" style=\"font-size:0pt; line-height:0pt; text-align:left;\"><a href=\"https://www.instagram.com/imperialtouch1/\" target=\"_blank\"><img src=\"https://www.imperialtouch.com/pub/media/socialicon/instagram.jpg\" width=\"27\" height=\"38\" border=\"0\" alt=\"\" /></a></td>\r\n                                                                        <td class=\"img\" width=\"36\" style=\"font-size:0pt; line-height:0pt; text-align:left;\"></td>\r\n                                                                        <td class=\"img\" width=\"22\" style=\"font-size:0pt; line-height:0pt; text-align:left;\"><a href=\"https://twitter.com/Imperialtouch\" target=\"_blank\"><img src=\"https://www.imperialtouch.com/pub/media/socialicon/twitter.jpg\" width=\"27\" height=\"38\" border=\"0\" alt=\"\" /></a></td>\r\n                                                                        <td class=\"img\" width=\"36\" style=\"font-size:0pt; line-height:0pt; text-align:left;\"></td>\r\n                                                                        <td class=\"img\" width=\"23\" style=\"font-size:0pt; line-height:0pt; text-align:left;\"><a href=\"https://www.youtube.com/channel/UCAmY4UVyGJjqT8AoshVVTXg\" target=\"_blank\"><img src=\"https://www.imperialtouch.com/pub/media/socialicon/youtube.jpg\" width=\"27\" height=\"38\" border=\"0\" alt=\"\" /></a></td>\r\n                                                                        <td class=\"img\" width=\"36\" style=\"font-size:0pt; line-height:0pt; text-align:left;\"></td>\r\n                                                                        \r\n                                                                    </tr>\r\n                                                                </table>\r\n                                                                <!-- END Socials -->\r\n                                                            </td>\r\n                                                        </tr>\r\n                                                        <tr>\r\n                                                            <td class=\"text-footer-1 to-right m-center\" style=\"color:#a0a09a; font-family:\'Poppins\', Arial,sans-serif; font-size:11px; line-height:22px; text-align:right;\">\r\n                                                                <span class=\"link-4\" style=\"color:#a0a09a; text-decoration:none;\">Imperial Touch Skin Care 2107 N. Decatur Rd.\r\nSuite 369\r\nDecatur, GA  30033,\r\nUnited States</span><br />\r\n                                                                Copyright © Imperial Touch Skin Care, LLC. 2023, All right reserved. Made In USA. Toll Free (800) 504-8606\r\n                                                            </td>\r\n                                                        </tr>\r\n                                                    </table>\r\n                                                </th>\r\n                                            </tr>\r\n                                        </table>\r\n                                    </td>\r\n                                </tr>\r\n                            </table>\r\n                        </td>\r\n                    </tr>\r\n                </table>\r\n                <!-- END Footer -->\r\n\r\n            \r\n<!-- END Footer -->\r\n\r\n</td>\r\n</tr>\r\n</table>\r\n</body>\r\n</html>',NULL,2,'{{trans \"Your %store_name order has shipped\" store_name=$store.frontend_name}}',NULL,NULL,'2021-07-03 20:41:21','2023-03-03 02:47:16','sales_email_shipment_guest_template','{\"var formattedBillingAddress|raw\":\"Billing Address\",\"var billing.name\":\"Guest Customer Name\",\"var order.increment_id\":\"Order Id\",\"var payment_html|raw\":\"Payment Details\",\"var comment|escape|nl2br\":\"Shipment Comment\",\"var shipment.increment_id\":\"Shipment Id\",\"layout handle=\\\"sales_email_order_shipment_items\\\" shipment=$shipment order=$order\":\"Shipment Items Grid\",\"block class=\'Magento\\\\\\\\Framework\\\\\\\\View\\\\\\\\Element\\\\\\\\Template\' area=\'frontend\' template=\'Magento_Sales::email\\/shipment\\/track.phtml\' shipment=$shipment order=$order\":\"Shipment Track Details\",\"var formattedShippingAddress|raw\":\"Shipping Address\",\"var order.shipping_description\":\"Shipping Description\",\"var store.frontend_name\":\"Store Frontend Name\",\"var store_phone\":\"Store Phone\",\"var store_email\":\"Store Email\",\"var store_hours\":\"Store Hours\",\"var order_data.is_not_virtual\": \"Order Type\",\"var shipment\": \"Shipment\",\"var order\": \"Order\"}',1);

--
